590
CXUS54 KMEG 020144
CLMTUP


CLIMATE REPORT
NATIONAL WEATHER SERVICE MEMPHIS TN
742 PM CST SUN NOV 1 2020

...................................

...THE TUPELO CLIMATE SUMMARY FOR THE MONTH OF OCTOBER 2020...

CLIMATE NORMAL PERIOD 1981 TO 2010
CLIMATE RECORD PERIOD 1930 TO 2020

WEATHER         OBSERVED          NORMAL  DEPART  LAST YEAR`S
                 VALUE   DATE(S)  VALUE   FROM    VALUE  DATE(S)
                                          NORMAL
................................................................
TEMPERATURE (F)
RECORD
 HIGH              99   10/03/2019
                        10/02/2019
                        09/07/1925
 LOW               24   10/31/1980
HIGHEST            86   10/23        75      11       99  10/03
                        10/12                             10/02
LOWEST             39   10/17        50     -11       34  10/31
AVG. MAXIMUM     76.3              75.3     1.0     75.5
AVG. MINIMUM     54.3              50.8     3.5     55.0
MEAN             65.3              63.0     2.3     65.2
DAYS MAX >= 90      0               0.5    -0.5        6
DAYS MAX <= 32      0               0.0     0.0        0
DAYS MIN <= 32      0               0.7    -0.7        0
DAYS MIN <= 0       0               0.0     0.0        0

PRECIPITATION (INCHES)
RECORD
 MAXIMUM        10.98   2009
 MINIMUM         0.00   1963
TOTALS           5.84              4.12    1.72     6.84
DAILY AVG.       0.19              0.13    0.06     0.22
DAYS >= .01        10               7.6     2.4       10
DAYS >= .10         7               5.4     1.6        8
DAYS >= .50         5               2.6     2.4        5
DAYS >= 1.00        2               1.3     0.7        3
GREATEST
 24 HR. TOTAL    1.88   10/28 TO 10/28

SNOWFALL (INCHES)
RECORDS
 TOTAL            0.0   2002
                        2001
                        1993
TOTALS            0.0               0.0     0.0      0.0
SINCE 7/1         0.0               0.0     0.0      0.0
SNOWDEPTH AVG.      0                MM      MM        0
DAYS >= 1.0         0               0.0     0.0        0
GREATEST
 SNOW DEPTH         0   MM                             0  MM
 24 HR TOTAL      0.0   10/31 TO 10/31

DEGREE_DAYS
HEATING TOTAL      78               136     -58      123
 SINCE 7/1         82               148     -66      123
COOLING TOTAL      92                75      17      139
 SINCE 1/1       2187              2033     154     2487
.................................................................

WIND (MPH)
AVERAGE WIND SPEED              5.9
HIGHEST WIND SPEED/DIRECTION    28/010    DATE  10/15
HIGHEST GUST SPEED/DIRECTION    34/010    DATE  10/15

SKY COVER
POSSIBLE SUNSHINE (PERCENT)   MM
AVERAGE SKY COVER           0.40
NUMBER OF DAYS FAIR           19
NUMBER OF DAYS PC              4
NUMBER OF DAYS CLOUDY          8

AVERAGE RH (PERCENT)     73

WEATHER CONDITIONS. NUMBER OF DAYS WITH
  0
  7
  0
  0
  0
  0
  1
HAZE                      3

-  INDICATES NEGATIVE NUMBERS.
R  INDICATES RECORD WAS SET OR TIED.
MM INDICATES DATA IS MISSING.
T  INDICATES TRACE AMOUNT.

$$
