000
CXUS55 KTWC 020256
CLMTUS

CLIMATE REPORT
NATIONAL WEATHER SERVICE TUCSON AZ
756 PM MST SUN NOV 01 2020

...................................

...THE TUCSON AZ CLIMATE SUMMARY FOR THE MONTH OF OCTOBER 2020...

CLIMATE NORMAL PERIOD 1981 TO 2010
CLIMATE RECORD PERIOD 1895 TO 2020

WEATHER         OBSERVED          NORMAL  DEPART   LAST YEAR`S
                VALUE   DATE(S)   VALUE   FROM     VALUE
                                          NORMAL
..............................................................
TEMPERATURE (F)
RECORD
 HIGH            103   10/01/2020
 LOW              26   10/30/1971
HIGHEST          103R  10/01         96       7
                       10/02
LOWEST            32   10/27         44     -12
AVG. MAXIMUM    92.5               84.8     7.7
AVG. MINIMUM    59.6               57.3     2.3
MEAN            76.1               71.0     5.1
DAYS MAX >= 90    25                8.3    16.7        9
DAYS MAX >= 100    8                                   0
DAYS MIN <= 32     1                0.0     1.0        1
DAYS MIN >= 80     0                                   0

PRECIPITATION (INCHES)
RECORD
 MAXIMUM        4.98   2000
 MINIMUM        0.00   2017
TOTALS             T               0.89   -0.89     0.01
DAILY AVG.         T               0.03   -0.03     0.00
DAYS >= .01        0                3.2    -3.2        1
DAYS >= .10        0                1.8    -1.8        0
DAYS >= .50        0                0.6    -0.6        0
DAYS >= 1.00       0                0.2    -0.2        0
GREATEST
 24 HR. TOTAL      T   10/26 TO 10/26               0.01
                       10/25 TO 10/25
                       10/26 TO 10/26


DEGREE DAYS
HEATING TOTAL     43                 24      19
 SINCE 7/1        43                 23      20
COOLING TOTAL    394                212     182
 SINCE 1/1      4015               3119     896
..............................................................

WIND (MPH)
AVERAGE WIND SPEED              7.0
HIGHEST WIND SPEED/DIRECTION    29/220    DATE  10/25
HIGHEST GUST SPEED/DIRECTION    40/220    DATE  10/25

SKY COVER
POSSIBLE SUNSHINE (PERCENT)   MM
AVERAGE SKY COVER           0.03
NUMBER OF DAYS FAIR           23
NUMBER OF DAYS PC              1
NUMBER OF DAYS CLOUDY          0

AVERAGE RH (PERCENT)     19

WEATHER CONDITIONS. NUMBER OF DAYS WITH
THUNDERSTORM              0     MIXED PRECIP               0
HEAVY RAIN                0     RAIN                       0
LIGHT RAIN                0     FREEZING RAIN              0
LT FREEZING RAIN          0     HAIL                       0
HEAVY SNOW                0     SLEET                      0
FOG                       0     FOG W/VIS <= 1/4 MILE      0
HAZE                      2

-  INDICATES NEGATIVE NUMBERS.
R  INDICATES RECORD WAS SET OR TIED.
MM INDICATES DATA IS MISSING.
T  INDICATES TRACE AMOUNT.

$$
