120
CXUS53 KAPX 010556
CLMTVC


CLIMATE REPORT
NATIONAL WEATHER SERVICE GAYLORD MI
155 AM EDT SUN NOV 1 2020

...................................

...THE TRAVERSE CITY MI CLIMATE SUMMARY FOR THE MONTH OF OCTOBER 2020...

CLIMATE NORMAL PERIOD 1981 TO 2010
CLIMATE RECORD PERIOD 1896 TO 2020

WEATHER         OBSERVED          NORMAL  DEPART  LAST YEAR`S
                 VALUE   DATE(S)  VALUE   FROM    VALUE  DATE(S)
                                          NORMAL
................................................................
TEMPERATURE (F)
RECORD
 HIGH              89   10/02/1922
 LOW               20   10/28/1965
                        10/26/1950
HIGHEST            78   10/09        MM      MM       80  10/01
LOWEST             26   10/31        MM      MM       29  10/26
AVG. MAXIMUM     54.4              57.2    -2.8     56.6
AVG. MINIMUM     37.0              39.2    -2.2     41.0
MEAN             45.7              48.2    -2.5     48.8
DAYS MAX >= 90      0               0.0     0.0        0
DAYS MAX <= 32      0               0.0     0.0        0
DAYS MIN <= 32      6               6.4    -0.4        3
DAYS MIN <= 0       0               0.0     0.0        0

PRECIPITATION (INCHES)
RECORD
 MAXIMUM           MM   MM
 MINIMUM           MM   MM
TOTALS           6.57              3.22    3.35     3.79
DAILY AVG.       0.21              0.10    0.11     0.12
DAYS >= .01        23              13.2     9.8       17
DAYS >= .10        11               7.0     4.0       13
DAYS >= .50         2               1.8     0.2        1
DAYS >= 1.00        2               0.6     1.4        0
GREATEST
 24 HR. TOTAL    3.07   10/22 TO 10/22
 STORM TOTAL       MM
 (MM/DD(HH))            MM

SNOWFALL (INCHES)
RECORDS
 TOTAL             MM   MM
TOTALS             MM               0.2      MM       MM
SINCE 7/1          MM               0.2      MM      0.0
SNOWDEPTH AVG.     MM                MM      MM        0
DAYS >= TRACE       0               0.5    -0.5       MM
DAYS >= 1.0         0               0.1    -0.1       MM
GREATEST
 SNOW DEPTH        MM                                  0  MM
 24 HR TOTAL       MM                                0.0

DEGREE_DAYS
HEATING TOTAL     593               525      68
 SINCE 7/1        754               787     -33
COOLING TOTAL       0                 4      -4
 SINCE 1/1        708               411     297

FREEZE DATES
RECORD
 EARLIEST     MM
 LATEST       MM
EARLIEST      10/16             MM
LATEST                          MM
.................................................................

WIND (MPH)
AVERAGE WIND SPEED              6.9
HIGHEST WIND SPEED/DIRECTION    31/220    DATE  10/13
HIGHEST GUST SPEED/DIRECTION    45/220    DATE  10/13

SKY COVER
POSSIBLE SUNSHINE (PERCENT)   MM
AVERAGE SKY COVER           0.70
NUMBER OF DAYS FAIR            3
NUMBER OF DAYS PC             14
NUMBER OF DAYS CLOUDY         14

AVERAGE RH (PERCENT)     70

WEATHER CONDITIONS. NUMBER OF DAYS WITH
  0
  9
  0
  1
  1
  0
  0
HAZE                      3

-  INDICATES NEGATIVE NUMBERS.
R  INDICATES RECORD WAS SET OR TIED.
MM INDICATES DATA IS MISSING.
T  INDICATES TRACE AMOUNT.

$$
