000
CXUS55 KREV 020906 CCA
CLMTVL

CLIMATE REPORT
NATIONAL WEATHER SERVICE RENO NV
751 AM PST TUE DEC 01 2020

...................................

...THE SOUTH LAKE TAHOE CA CLIMATE SUMMARY FOR THE MONTH OF NOVEMBER 2020...

THE AVERAGE TEMPERATURE FOR NOVEMBER 2020 AT THE SOUTH LAKE TAHOE
AIRPORT WAS 35.5 DEGREES WHICH IS 0.8 DEGREES BELOW NORMAL. THE
HIGHEST TEMPERATURE FOR NOVEMBER WAS 71 DEGREES WHICH OCCURRED ON THE
5TH, WHICH ALSO SET A RECORD FOR THE WARMEST TEMPERATURE REPORTED IN
ANY DAY OF NOVEMBER. THE LOWEST TEMPERATURE FOR THE MONTH WAS -1 DEGREE
WHICH OCCURRED ON THE 9TH.

FOR NOVEMBER 2020, 2.38 INCHES OF PRECIPITATION WAS RECORDED AT THE
SOUTH LAKE TAHOE AIRPORT. THIS IS 0.86 INCHES BELOW NORMAL.

THE AVERAGE WIND SPEED FOR NOVEMBER 2020 WAS 5.3 MPH. THE PEAK WIND GUST
FOR THE MONTH WAS 57 MPH FROM THE SOUTH ON THE 17TH.

CLIMATE NORMAL PERIOD 1981 TO 2010
CLIMATE RECORD PERIOD 1968 TO 2020

WEATHER         OBSERVED          NORMAL  DEPART   LAST YEAR`S
                VALUE   DATE(S)   VALUE   FROM     VALUE
                                          NORMAL
..............................................................
TEMPERATURE (F)
RECORD
 HIGH             71   11/05/2020
 LOW              -6   11/29/1975
HIGHEST           71R  11/05         70       1
LOWEST            -1   11/09         -6       5
AVG. MAXIMUM    50.3               50.5    -0.2
AVG. MINIMUM    20.6               22.1    -1.5
MEAN            35.5               36.3    -0.8
DAYS MAX >= 90     0                0.0     0.0
DAYS MAX <= 32     1                1.0     0.0
DAYS MIN <= 32    27               26.9     0.1
DAYS MIN <= 0      1                0.4     0.6

PRECIPITATION (INCHES)
RECORD
 MAXIMUM        6.22   2017
 MINIMUM        0.37   2013
TOTALS          2.38               3.24   -0.86
DAILY AVG.      0.08               0.11   -0.03
DAYS >= .01        6                 MM      MM
DAYS >= .10        4                 MM      MM
DAYS >= .50        2                 MM      MM
DAYS >= 1.00       1                 MM      MM
GREATEST
 24 HR. TOTAL   1.23   11/17 TO 11/18
 STORM TOTAL    1.12
 (MM/DD(HH))


DEGREE DAYS
HEATING TOTAL    881                861      20
 SINCE 7/1      1738               2093    -355
COOLING TOTAL      0                  0       0
 SINCE 1/1        70                 31      39
..............................................................

WIND (MPH)
AVERAGE WIND SPEED              5.3
HIGHEST WIND SPEED/DIRECTION    45/190    DATE  11/17
HIGHEST GUST SPEED/DIRECTION    57/190    DATE  11/17

AVERAGE RH (PERCENT)     58

WEATHER CONDITIONS. NUMBER OF DAYS WITH
THUNDERSTORM              0     MIXED PRECIP               0
HEAVY RAIN                1     RAIN                       4
LIGHT RAIN                5     FREEZING RAIN              0
LT FREEZING RAIN          1     HAIL                       0
HEAVY SNOW                1     SNOW                       1
LIGHT SNOW                8     SLEET                      0
FOG                       8     FOG W/VIS <= 1/4 MILE      1
HAZE                      2

-  INDICATES NEGATIVE NUMBERS.
R  INDICATES RECORD WAS SET OR TIED.
MM INDICATES DATA IS MISSING.
T  INDICATES TRACE AMOUNT.

$$
