000
CXUS54 KMRX 011641
CLMTYS

CLIMATE REPORT
NATIONAL WEATHER SERVICE MORRISTOWN, TN
1141 AM EST SUN NOV 01 2020

...................................

...THE KNOXVILLE MCGHEE TYSON AIRPORT CLIMATE SUMMARY FOR THE MONTH OF OCTOBER 2020...

CLIMATE NORMAL PERIOD: 1981 TO 2010
CLIMATE RECORD PERIOD: 1871 TO 2020

WEATHER         OBSERVED          NORMAL  DEPART
                VALUE   DATE(S)   VALUE   FROM
                                          NORMAL
................................................
TEMPERATURE (F)
HIGHEST           82   10/22
LOWEST            35   10/17
AVG. MAXIMUM    72.9               71.2     1.7
AVG. MINIMUM    51.5               48.5     3.0
MEAN            62.2               59.9     2.3
DAYS MAX >= 90     0
DAYS MAX <= 32     0
DAYS MIN <= 32     0
DAYS MIN <= 0      0

PRECIPITATION (INCHES)
RECORD
 MAXIMUM        9.51   1925
 MINIMUM        0.00   2000
TOTALS          5.45               2.51    2.94
DAYS >= .01        7
DAYS >= .10        5
DAYS >= .50        4
DAYS >= 1.00       3
GREATEST
 24 HR. TOTAL   2.09   10/10 TO 10/11

SNOWFALL (INCHES)
TOTALS           0.0                0.0     0.0
SINCE 7/1        0.0
SNOWDEPTH AVG.     0
DAYS >= TRACE      0
GREATEST
 SNOW DEPTH        0

DEGREE DAYS
HEATING TOTAL    112                196     -84
 SINCE 7/1       142                217     -75
COOLING TOTAL     31                 36      -5
 SINCE 1/1      1628               1523     105
................................................


WEATHER CONDITIONS. NUMBER OF DAYS WITH
THUNDERSTORM              0     RAIN                       5
SNOW                      0     FOG                       20
FOG W/VIS <= 1/4 MILE     8

-  INDICATES NEGATIVE NUMBERS.
R  INDICATES RECORD WAS SET OR TIED.
MM INDICATES DATA IS MISSING.
T  INDICATES TRACE AMOUNT.

$$
