150
CXUS56 KPQR 022252
CLMUAO


CLIMATE REPORT
NATIONAL WEATHER SERVICE PORTLAND OREGON
251 PM PST MON NOV 2 2020

...................................

...THE AURORA STATE OR CLIMATE SUMMARY FOR THE MONTH OF OCTOBER 2020...

CLIMATE NORMAL PERIOD 1981 TO 2010
CLIMATE RECORD PERIOD 9999 TO 9999

WEATHER         OBSERVED          NORMAL  DEPART  LAST YEAR`S
                 VALUE   DATE(S)  VALUE   FROM    VALUE  DATE(S)
                                          NORMAL
................................................................
TEMPERATURE (F)
HIGHEST            80                                 71  10/06
LOWEST             26R                                27  10/31
AVG. MAXIMUM     65.5              63.0     2.5     61.5
AVG. MINIMUM     45.3              44.4     0.9     40.5
MEAN             55.4              53.7     1.7     51.0
DAYS MAX >= 90      0               0.0     0.0        0
DAYS MAX <= 32      0               0.0     0.0        0
DAYS MIN <= 32      2               0.3     1.7        4
DAYS MIN <= 0       0               0.0     0.0        0

PRECIPITATION (INCHES)
RECORD
 MAXIMUM           MM   MM
 MINIMUM           MM   MM
TOTALS           1.69              3.23   -1.54     2.23
DAYS >= .01         8                MM      MM       13
DAYS >= .10         3                MM      MM        6
DAYS >= .50         1                MM      MM        1
DAYS >= 1.00        0                MM      MM        0
GREATEST
 24 HR. TOTAL    0.80   10/10 TO 10/10

DEGREE_DAYS
HEATING TOTAL     295               352     -57      429
 SINCE 7/1        361               498    -137      526
COOLING TOTAL       2                 2       0        0
 SINCE 1/1        519               336     183      442
.................................................................

WIND (MPH)
AVERAGE WIND SPEED              4.5
RESULTANT WIND SPEED/DIRECTION   0/111
HIGHEST WIND SPEED/DIRECTION    28/190    DATE  10/11
HIGHEST GUST SPEED/DIRECTION    38/180    DATE  10/11

SKY COVER
POSSIBLE SUNSHINE (PERCENT)    0
AVERAGE SKY COVER           0.40

AVERAGE RH (PERCENT)     69

WEATHER CONDITIONS. NUMBER OF DAYS WITH
  0
  3
  0
  0
  0
  0
  7
HAZE                      5

-  INDICATES NEGATIVE NUMBERS.
R  INDICATES RECORD WAS SET OR TIED.
MM INDICATES DATA IS MISSING.
T  INDICATES TRACE AMOUNT.

$$
