000
CXUS53 KLOT 021640
CLMUGN

CLIMATE REPORT
NATIONAL WEATHER SERVICE CHICAGO IL
1040 AM CST WED DEC 02 2020

...................................

...THE WAUKEGAN   CLIMATE SUMMARY FOR THE MONTH OF NOVEMBER 2020...

CLIMATE NORMAL PERIOD: 1981 TO 2010
CLIMATE RECORD PERIOD: 2000 TO 2020

WEATHER         OBSERVED          NORMAL  DEPART   LAST YEAR`S
                VALUE   DATE(S)   VALUE   FROM     VALUE
                                          NORMAL
..............................................................
TEMPERATURE (F)
RECORD
 HIGH             76   11/09/2020
                       11/01/2016
                       07/06/2012
 LOW               5   11/12/2019
HIGHEST           76R  11/09         MM      MM       55
LOWEST            22   11/14         MM      MM        5
AVG. MAXIMUM    54.9               46.7     8.2     40.9
AVG. MINIMUM    36.1               31.4     4.7     26.7
MEAN            45.5               39.1     6.4     33.8

PRECIPITATION (INCHES)
RECORD
 MAXIMUM        5.24   2003
 MINIMUM        0.26   1999
TOTALS          1.60               2.76   -1.16     1.57


DEGREE DAYS
HEATING TOTAL    579                779    -200      929
 SINCE 7/1      1189               1386    -197     1453
COOLING TOTAL      3                  0       3        0
 SINCE 1/1       773                564     209      597
..............................................................

WIND (MPH)
AVERAGE WIND SPEED              10.2
HIGHEST WIND SPEED/DIRECTION    44/210    DATE  11/10
HIGHEST GUST SPEED/DIRECTION    61/210    DATE  11/10

AVERAGE RH (PERCENT)     64


-  INDICATES NEGATIVE NUMBERS.
R  INDICATES RECORD WAS SET OR TIED.
MM INDICATES DATA IS MISSING.
T  INDICATES TRACE AMOUNT.

$$
