909
CXUS53 KLSX 070050 CCB
CLMUIN

CLIMATE REPORT
NATIONAL WEATHER SERVICE ST LOUIS MO
1019 AM CST SUN NOV 01 2020

...................................

...THE QUINCY IL CLIMATE SUMMARY FOR THE MONTH OF OCTOBER 2020...

CLIMATE NORMAL PERIOD 1981 TO 2010
CLIMATE RECORD PERIOD 1901 TO 2020

WEATHER         OBSERVED          NORMAL  DEPART   LAST YEAR`S
                VALUE   DATE(S)   VALUE   FROM     VALUE
                                          NORMAL
..............................................................
TEMPERATURE (F)
RECORD
 HIGH             96   10/07/1939
 LOW              10   10/30/1925
HIGHEST           84   10/22                          87
LOWEST            27   10/30                          26
AVG. MAXIMUM    63.1               65.0    -1.9     61.8
AVG. MINIMUM    41.6               44.4    -2.8     42.5
MEAN            52.3               54.7    -2.4     52.2
DAYS MAX >= 90     0                0.1    -0.1        0
DAYS MAX <= 32     0                0.0     0.0        0
DAYS MIN <= 32     5                2.5     2.5        4
DAYS MIN <= 0      0                0.0     0.0        0

PRECIPITATION (INCHES)
RECORD
 MAXIMUM       10.84   1969
 MINIMUM        0.16   1904
TOTALS          1.45               3.01   -1.56     3.30
DAILY AVG.      0.05               0.10   -0.05     0.11
DAYS >= .01        6                8.7    -2.7       11
DAYS >= .10        4                5.7    -1.7        7
DAYS >= .50        1                1.9    -0.9        2
DAYS >= 1.00       1                0.8     0.2        0
GREATEST
 24 HR. TOTAL   1.00   10/23


DEGREE DAYS
HEATING TOTAL    410                337      73      417
 SINCE 7/1       463                422      41        M
COOLING TOTAL     26                 17       9       28
 SINCE 1/1      1171               1093      78        M
..............................................................

WIND (MPH)
HIGHEST WIND SPEED/DIRECTION    29/280    DATE  10/16
                                29/210          10/17
HIGHEST GUST SPEED/DIRECTION    45/330    DATE  10/01

SKY COVER
NUMBER OF DAYS FAIR           17
NUMBER OF DAYS PC              5
NUMBER OF DAYS CLOUDY          9


WEATHER CONDITIONS. NUMBER OF DAYS WITH
THUNDERSTORM              3     MIXED PRECIP               0
HEAVY RAIN                2     RAIN                       3
LIGHT RAIN               12     FREEZING RAIN              0
LT FREEZING RAIN          0     HAIL                       0
HEAVY SNOW                0     SNOW                       0
LIGHT SNOW                0     SLEET                      0
FOG                      11     FOG W/VIS <= 1/4 MILE      2
HAZE                      6

-  INDICATES NEGATIVE NUMBERS.
R  INDICATES RECORD WAS SET OR TIED.
MM INDICATES DATA IS MISSING.
T  INDICATES TRACE AMOUNT.


...MONTLY...

14TH COLDEST OCTOBER ON RECORD (52.3 DEGREES).


...DAILY...

RECORD LOW MAXIMUM TEMPERATURE OF 37 DEGREES TIED ON 10/26.
PREVIOUSLY SET IN 1957.


$$
