000
CXUS56 KEKA 061239
CLMUKI

CLIMATE REPORT
NATIONAL WEATHER SERVICE
540 AM PDT SUN SEP 06 2020

...................................

...THE UKIAH CA CLIMATE SUMMARY FOR THE MONTH OF AUGUST 2020...

CLIMATE NORMAL PERIOD: 1981 TO 2010
CLIMATE RECORD PERIOD: 1903 TO 2020

WEATHER         OBSERVED          NORMAL  DEPART   LAST YEAR`S
                VALUE   DATE(S)   VALUE   FROM     VALUE
                                          NORMAL
..............................................................
TEMPERATURE (F)
HIGHEST          107   08/14         MM      MM      106
                       08/15
LOWEST            53   08/01         MM      MM       53
                       08/20
                       08/27
AVG. MAXIMUM    96.8               91.8     5.0     94.6
AVG. MINIMUM    59.5               53.6     5.9     58.5
MEAN            78.2               72.7     5.5     76.5
DAYS MAX >= 90    27
DAYS MIN <= 32     0

PRECIPITATION (INCHES)
RECORD
 MAXIMUM          MM   MM
TOTALS          0.08               0.10   -0.02     0.07
DAYS >= .01        1
DAYS >= .10        0
DAYS >= .50        0
DAYS >= 1.00       0
GREATEST
 24 HR. TOTAL   0.08   08/17 TO 08/17


DEGREE DAYS
HEATING TOTAL      0                  2      -2        0
 SINCE 7/1         0
COOLING TOTAL    418                240     178      365
 SINCE 1/1      1077
..............................................................

WIND (MPH)
AVERAGE WIND SPEED              4.0
HIGHEST WIND SPEED/DIRECTION    22/310    DATE  08/18
HIGHEST GUST SPEED/DIRECTION    32/300    DATE  08/18

SKY COVER
AVERAGE SKY COVER           0.15

AVERAGE RH (PERCENT)     48

WEATHER CONDITIONS. NUMBER OF DAYS WITH
THUNDERSTORM              2     HEAVY RAIN                 0
RAIN                      0     LIGHT RAIN                 2
HAIL                      0     HEAVY SNOW                 0
SNOW                      0     LIGHT SNOW                 0
FOG                       1     FOG W/VIS <= 1/4 MILE      0
HAZE                      9

-  INDICATES NEGATIVE NUMBERS.
R  INDICATES RECORD WAS SET OR TIED.
MM INDICATES DATA IS MISSING.
T  INDICATES TRACE AMOUNT.

$$
