022
CXUS53 KSGF 010636
CLMUNO

CLIMATE REPORT
NATIONAL WEATHER SERVICE
136 AM CDT SAT MAY 01 2021

...................................

...THE WEST PLAINS MO CLIMATE SUMMARY FOR THE MONTH OF APRIL 2021...

CLIMATE NORMAL PERIOD: 1981 TO 2010
CLIMATE RECORD PERIOD: 1947 TO 2021

WEATHER         OBSERVED          NORMAL  DEPART   LAST YEAR`S
                VALUE   DATE(S)   VALUE   FROM     VALUE
                                          NORMAL
..............................................................
TEMPERATURE (F)
RECORD
 HIGH             91   04/20/1987
                       04/21/1963
                       04/22/1955
 LOW              19   04/03/1992
                       04/11/1989
HIGHEST           83   04/09         MM      MM       88
LOWEST            26   04/02         MM      MM       28
                       04/21
AVG. MAXIMUM    67.3               69.7    -2.4     66.3
AVG. MINIMUM    43.8               45.1    -1.3
MEAN            55.5               57.4    -1.9
DAYS MAX >= 90     0                0.1    -0.1
DAYS MAX <= 32     0                0.0     0.0
DAYS MIN <= 32     5                2.3     2.7
DAYS MIN <= 0      0                0.0     0.0

PRECIPITATION (INCHES)
RECORD
 MAXIMUM       17.93   2017
 MINIMUM        0.57   2000
TOTALS          4.87               4.48    0.39     3.87
DAILY AVG.      0.16               0.15    0.01
DAYS >= .01       14                 MM      MM
DAYS >= .10       11                 MM      MM
DAYS >= .50        4                 MM      MM
DAYS >= 1.00       1                 MM      MM
GREATEST
 24 HR. TOTAL   1.67   04/28 TO 04/29               0.98


DEGREE DAYS
HEATING TOTAL    287                252      35      310
 SINCE 7/1      4093               4262    -169       MM
COOLING TOTAL     11                 24     -13       18
 SINCE 1/1        11                 28     -17       MM

FREEZE DATES
RECORD
 EARLIEST     MM
 LATEST       MM
EARLIEST                        10/16
LATEST                          04/18
..............................................................

WIND (MPH)
AVERAGE WIND SPEED              7.3
RESULTANT WIND SPEED/DIRECTION   1/220
HIGHEST WIND SPEED/DIRECTION    30/210    DATE  04/09
HIGHEST GUST SPEED/DIRECTION    45/210    DATE  04/09

SKY COVER
POSSIBLE SUNSHINE (PERCENT)   MM
AVERAGE SKY COVER           0.38
NUMBER OF DAYS FAIR           16
NUMBER OF DAYS PC              7
NUMBER OF DAYS CLOUDY          7

AVERAGE RH (PERCENT)     63

WEATHER CONDITIONS. NUMBER OF DAYS WITH
THUNDERSTORM              4     MIXED PRECIP               0
HEAVY RAIN                5     RAIN                       7
LIGHT RAIN               13     FREEZING RAIN              0
LT FREEZING RAIN          0     HAIL                       0
HEAVY SNOW                0     SNOW                       0
LIGHT SNOW                1     SLEET                      0
FOG                      11     FOG W/VIS <= 1/4 MILE      1
HAZE                      3

-  INDICATES NEGATIVE NUMBERS.
R  INDICATES RECORD WAS SET OR TIED.
MM INDICATES DATA IS MISSING.
T  INDICATES TRACE AMOUNT.

$$
