000
CXUS53 KSGF 011708
CLMUNO

CLIMATE REPORT
NATIONAL WEATHER SERVICE
1108 AM CST SUN NOV 01 2020

...................................

...THE WEST PLAINS MO CLIMATE SUMMARY FOR THE MONTH OF OCTOBER 2020...

CLIMATE NORMAL PERIOD: 1981 TO 2010
CLIMATE RECORD PERIOD: 1947 TO 2020

WEATHER         OBSERVED          NORMAL  DEPART   LAST YEAR`S
                VALUE   DATE(S)   VALUE   FROM     VALUE
                                          NORMAL
..............................................................
TEMPERATURE (F)
RECORD
 HIGH             94   10/02/1953
                       10/01/1952
 LOW              19   10/29/1952
HIGHEST           84   10/07         MM      MM       MM
                       10/11
LOWEST            31   10/30         MM      MM       MM
AVG. MAXIMUM    67.2               69.6    -2.4       MM
AVG. MINIMUM    44.3               45.1    -0.8
MEAN            55.7               57.4    -1.7
DAYS MAX >= 90     0                0.0     0.0
DAYS MAX <= 32     0                0.0     0.0
DAYS MIN <= 32     2                2.6    -0.6
DAYS MIN <= 0      0                0.0     0.0

PRECIPITATION (INCHES)
RECORD
 MAXIMUM       12.02   1984
 MINIMUM        0.01   1964
TOTALS          9.33               3.84    5.49       MM
DAILY AVG.      0.30               0.12    0.18
DAYS >= .01        8                 MM      MM
DAYS >= .10        6                 MM      MM
DAYS >= .50        6                 MM      MM
DAYS >= 1.00       3                 MM      MM
GREATEST
 24 HR. TOTAL   3.25   10/18 TO 10/19                 MM


DEGREE DAYS
HEATING TOTAL    309                261      48       MM
 SINCE 7/1       337                305      32       MM
COOLING TOTAL     28                 24       4       MM
 SINCE 1/1      1412               1352      60       MM

FREEZE DATES
RECORD
 EARLIEST     MM
 LATEST       MM
EARLIEST      10/16             10/16
LATEST                          04/18
..............................................................

WIND (MPH)
AVERAGE WIND SPEED              6.0
RESULTANT WIND SPEED/DIRECTION   1/050
HIGHEST WIND SPEED/DIRECTION    25/320    DATE  10/12
HIGHEST GUST SPEED/DIRECTION    37/310    DATE  10/12

SKY COVER
POSSIBLE SUNSHINE (PERCENT)   MM
AVERAGE SKY COVER           0.44
NUMBER OF DAYS FAIR           15
NUMBER OF DAYS PC              7
NUMBER OF DAYS CLOUDY          9

AVERAGE RH (PERCENT)     71

WEATHER CONDITIONS. NUMBER OF DAYS WITH
THUNDERSTORM              2     MIXED PRECIP               0
HEAVY RAIN                6     RAIN                       6
LIGHT RAIN                9     FREEZING RAIN              0
LT FREEZING RAIN          0     HAIL                       0
HEAVY SNOW                0     SNOW                       0
LIGHT SNOW                0     SLEET                      0
FOG                      16     FOG W/VIS <= 1/4 MILE      6
HAZE                      2

-  INDICATES NEGATIVE NUMBERS.
R  INDICATES RECORD WAS SET OR TIED.
MM INDICATES DATA IS MISSING.
T  INDICATES TRACE AMOUNT.

$$
