155
CXUS54 KCRP 140245 CCA
CLMVCT

CLIMATE REPORT...CORRECTION
NATIONAL WEATHER SERVICE CORPUS CHRISTI TX
845 PM CST FRI NOV 13 2020

...................................

...THE VICTORIA CLIMATE SUMMARY FOR THE MONTH OF OCTOBER 2020...

CLIMATE NORMAL PERIOD 1981 TO 2010
CLIMATE RECORD PERIOD 1893 TO 2020

WEATHER         OBSERVED          NORMAL  DEPART  LAST YEAR`S
                 VALUE   DATE(S)  VALUE   FROM    VALUE  DATE(S)
                                          NORMAL
................................................................
TEMPERATURE (F)
RECORD
 HIGH             109   10/11/1926
 LOW               31   10/31/1993
HIGHEST            96   10/10        83      13       95  10/15
                                                          10/14
                                                          10/05
LOWEST             39   10/31        62     -23       38  10/31
AVG. MAXIMUM     85.1              83.5     1.6     84.9
AVG. MINIMUM     59.5              60.9    -1.4     61.1
MEAN             72.3              72.2     0.1     73.0
DAYS MAX >= 90     14               4.3     9.7       14
DAYS MAX <= 32      0               0.0     0.0        0
DAYS MIN <= 32      0               0.0     0.0        0
DAYS MIN <= 0       0               0.0     0.0        0

PRECIPITATION (INCHES)
RECORD
 MAXIMUM        17.25   1960
 MINIMUM         0.00   1921
                        1917
                        1893
TOTALS           0.49              4.64   -4.15     4.50
DAILY AVG.       0.02              0.15   -0.13     0.15
DAYS >= .01         4               7.6    -3.6        9
DAYS >= .10         2               5.0    -3.0        6
DAYS >= .50         0               2.9    -2.9        3
DAYS >= 1.00        0               1.5    -1.5        2
GREATEST
 24 HR. TOTAL    0.29   10/28 TO 10/28           10/16 TO 10/16

SNOWFALL (INCHES)
RECORDS
 TOTAL            0.0   MM
 24 HR TOTAL      0.0   MM
TOTALS            0.0               0.0     0.0      0.0
SINCE 7/1         0.0               0.0     0.0      0.0
SNOWDEPTH AVG.      0                MM      MM        0
DAYS >= 1.0         0               0.0     0.0        0
GREATEST
 SNOW DEPTH         0   MM                             0
 24 HR TOTAL      0.0   10/31 TO 10/31               0.0

DEGREE_DAYS
HEATING TOTAL      47                22      25       40
 SINCE 7/1         47                23      24       40
COOLING TOTAL     281               245      36      296
 SINCE 1/1       3714              3043     671     3561
.................................................................

WIND (MPH)
AVERAGE WIND SPEED              7.7
HIGHEST WIND SPEED/DIRECTION    28/010    DATE  10/23
HIGHEST GUST SPEED/DIRECTION    36/020    DATE  10/23

SKY COVER
AVERAGE SKY COVER           0.40

AVERAGE RH (PERCENT)     70

WEATHER CONDITIONS. NUMBER OF DAYS WITH
THUNDERSTORM              1     MIXED PRECIP                0
HEAVY RAIN                1     RAIN                        2
LIGHT RAIN                5     FREEZING RAIN               0
LT FREEZING RAIN          0     HAIL                        0
HEAVY SNOW                0     SNOW                        0
LIGHT SNOW                0     SLEET                       0
FOG                      18     FOG W/VIS <= 1/4 MILE      10
HAZE                      2


-  INDICATES NEGATIVE NUMBERS.
R  INDICATES RECORD WAS SET OR TIED.
MM INDICATES DATA IS MISSING.
T  INDICATES TRACE AMOUNT.

$$

ANM...CORRECTED TO ADD RECORD MINIMUM PRECIP.
