000
CXUS55 KGJT 011150
CLMVEL

CLIMATE REPORT
NATIONAL WEATHER SERVICE GRAND JUNCTION CO
450 AM MST TUE DEC 01 2020

...................................

...THE VERNAL UT CLIMATE SUMMARY FOR THE MONTH OF NOVEMBER 2020...

CLIMATE NORMAL PERIOD 1981 TO 2010
CLIMATE RECORD PERIOD 9999 TO 9999

WEATHER         OBSERVED          NORMAL  DEPART   LAST YEAR`S
                VALUE   DATE(S)   VALUE   FROM     VALUE DATE(S)
                                          NORMAL
................................................................
TEMPERATURE (F)
HIGHEST           67   11/04         MM      MM       58  11/16
                                                          11/09
LOWEST             9   11/30         MM      MM        9  11/01
AVG. MAXIMUM    47.4               44.5     2.9     48.9
AVG. MINIMUM    22.3               23.7    -1.4     21.9
MEAN            34.8               34.1     0.8     35.4
DAYS MAX >= 90     0                0.0     0.0        0
DAYS MAX <= 32     1                3.0    -2.0        0
DAYS MIN <= 32    27               25.6     1.4       29
DAYS MIN <= 0      0                0.0     0.0        0

PRECIPITATION (INCHES)
TOTALS          0.65               0.59    0.06     0.57
DAILY AVG.      0.02               0.02    0.00     0.02
DAYS >= .01        3                4.5    -1.5        3
DAYS >= .10        3                2.0     1.0        2
DAYS >= .50        0                0.1    -0.1        0
DAYS >= 1.00       0                0.0     0.0        0
GREATEST
 24 HR. TOTAL   0.54   11/07 TO 11/08               0.38

SNOWFALL (INCHES)
TOTALS            MM                 MM      MM       MM
SINCE 7/1         MM                 MM      MM       MM
SNOWDEPTH AVG.    MM                                  MM
DAYS >= 1.0       MM                 MM      MM       MM
GREATEST
 SNOW DEPTH       MM                                  MM  MM
 24 HR TOTAL      MM                                  MM

DEGREE DAYS
HEATING TOTAL    897                927     -30      880
 SINCE 7/1      1554               1628     -74     1757
COOLING TOTAL      0                  0       0        0
 SINCE 1/1       874                511     363      671
................................................................

WIND (MPH)
AVERAGE WIND SPEED              3.9
HIGHEST WIND SPEED/DIRECTION    38/260    DATE  11/07
HIGHEST GUST SPEED/DIRECTION    56/260    DATE  11/07

SKY COVER
POSSIBLE SUNSHINE (PERCENT)   MM
AVERAGE SKY COVER           0.20
NUMBER OF DAYS FAIR           24
NUMBER OF DAYS PC              3
NUMBER OF DAYS CLOUDY          3

AVERAGE RH (PERCENT)     58

WEATHER CONDITIONS. NUMBER OF DAYS WITH
THUNDERSTORM              1     MIXED PRECIP               0
HEAVY RAIN                0     RAIN                       1
LIGHT RAIN                1     FREEZING RAIN              0
LT FREEZING RAIN          0     HAIL                       0
HEAVY SNOW                1     SNOW                       1
LIGHT SNOW                4     SLEET                      0
FOG                       4     FOG W/VIS <= 1/4 MILE      1
HAZE                      1

-  INDICATES NEGATIVE NUMBERS.
R  INDICATES RECORD WAS SET OR TIED.
MM INDICATES DATA IS MISSING.
T  INDICATES TRACE AMOUNT.

$$
