000
CXUS53 KSGF 011708
CLMVIH

CLIMATE REPORT
NATIONAL WEATHER SERVICE
1108 AM CST SUN NOV 01 2020

...................................

...THE VICHY-ROLLA MO CLIMATE SUMMARY FOR THE MONTH OF OCTOBER 2020...

CLIMATE NORMAL PERIOD: 1981 TO 2010
CLIMATE RECORD PERIOD: 1888 TO 2020

WEATHER         OBSERVED          NORMAL  DEPART   LAST YEAR`S
                VALUE   DATE(S)   VALUE   FROM     VALUE
                                          NORMAL
..............................................................
TEMPERATURE (F)
RECORD
 HIGH             95   10/04/1899
 LOW              21   10/29/2017
                       10/28/2017
HIGHEST           86   10/07         MM      MM       MM
LOWEST            28   10/16         MM      MM       MM
                       10/30
AVG. MAXIMUM    65.1               67.4    -2.3       MM
AVG. MINIMUM    42.5               45.8    -3.3
MEAN            53.8               56.6    -2.8
DAYS MAX >= 90     0                0.0     0.0
DAYS MAX <= 32     0                0.0     0.0
DAYS MIN <= 32     4                2.3     1.7
DAYS MIN <= 0      0                0.0     0.0

PRECIPITATION (INCHES)
RECORD
 MAXIMUM       12.56   2009
 MINIMUM        0.21   1975
TOTALS          4.84               3.51    1.33       MM
DAILY AVG.      0.16               0.11    0.04
DAYS >= .01        9                8.6     0.4
DAYS >= .10        6                5.5     0.5
DAYS >= .50        3                2.2     0.8
DAYS >= 1.00       2                0.7     1.3
GREATEST
 24 HR. TOTAL   2.02   10/18 TO 10/19                 MM


DEGREE DAYS
HEATING TOTAL    377                286      91       MM
 SINCE 7/1       414                350      64       MM
COOLING TOTAL     35                 25      10       MM
 SINCE 1/1      1290               1243      47       MM

FREEZE DATES
RECORD
 EARLIEST     MM
 LATEST       MM
EARLIEST      10/15             10/15
LATEST                          04/18
..............................................................

WIND (MPH)
AVERAGE WIND SPEED              9.0
RESULTANT WIND SPEED/DIRECTION   1/190
HIGHEST WIND SPEED/DIRECTION    30/180    DATE  10/17
HIGHEST GUST SPEED/DIRECTION    44/180    DATE  10/17

SKY COVER
POSSIBLE SUNSHINE (PERCENT)   MM
AVERAGE SKY COVER           0.41
NUMBER OF DAYS FAIR           17
NUMBER OF DAYS PC              4
NUMBER OF DAYS CLOUDY         10

AVERAGE RH (PERCENT)     70

WEATHER CONDITIONS. NUMBER OF DAYS WITH
THUNDERSTORM              4     MIXED PRECIP               0
HEAVY RAIN                3     RAIN                       8
LIGHT RAIN               15     FREEZING RAIN              0
LT FREEZING RAIN          0     HAIL                       0
HEAVY SNOW                0     SNOW                       0
LIGHT SNOW                2     SLEET                      0
FOG                      16     FOG W/VIS <= 1/4 MILE      3
HAZE                      7

-  INDICATES NEGATIVE NUMBERS.
R  INDICATES RECORD WAS SET OR TIED.
MM INDICATES DATA IS MISSING.
T  INDICATES TRACE AMOUNT.

$$
