000
CXUS52 KTAE 011447
CLMVLD

CLIMATE REPORT
NATIONAL WEATHER SERVICE TALLAHASSEE FL
947 AM EST TUE DEC 01 2020

...................................

...THE VALDOSTA CLIMATE SUMMARY FOR THE MONTH OF NOVEMBER 2020...

CLIMATE NORMAL PERIOD 1981 TO 2010
CLIMATE RECORD PERIOD 1948 TO 2020

WEATHER         OBSERVED          NORMAL  DEPART   LAST YEAR`S
                VALUE   DATE(S)   VALUE   FROM     VALUE DATE(S)
                                          NORMAL
................................................................
TEMPERATURE (F)
HIGHEST           86   11/10         99     -13       82  11/27
                       11/11
LOWEST            36   11/03         MM      MM       34  11/10
AVG. MAXIMUM    77.2               72.3     4.9     70.0
AVG. MINIMUM    54.6               47.5     7.1     45.2
MEAN            65.9                        6.0     57.6
DAYS MAX >= 90     0                0.0     0.0        0
DAYS MAX <= 32     0                0.0     0.0        0
DAYS MIN <= 32     0                1.2    -1.2        0
DAYS MIN <= 0      0                0.0     0.0        0

PRECIPITATION (INCHES)
TOTALS          2.57                                1.62

SNOWFALL (INCHES)
TOTALS           0.0

DEGREE DAYS
HEATING TOTAL     82                188    -106      235
 SINCE 7/1        88                230    -142      244
COOLING TOTAL    119                 35      84       22
 SINCE 1/1      3108               2416     692     3004
................................................................

WIND (MPH)
AVERAGE WIND SPEED              4.9
HIGHEST WIND SPEED/DIRECTION    22/010    DATE  11/16
HIGHEST GUST SPEED/DIRECTION    28/050    DATE  11/09

SKY COVER
POSSIBLE SUNSHINE (PERCENT)   MM
AVERAGE SKY COVER           0.42
NUMBER OF DAYS FAIR           13
NUMBER OF DAYS PC             10
NUMBER OF DAYS CLOUDY          7

AVERAGE RH (PERCENT)     70

WEATHER CONDITIONS. NUMBER OF DAYS WITH
THUNDERSTORM              2     MIXED PRECIP               0
HEAVY RAIN                5     RAIN                       4
LIGHT RAIN               11     FREEZING RAIN              0
LT FREEZING RAIN          0     HAIL                       0
HEAVY SNOW                0     SNOW                       0
LIGHT SNOW                0     SLEET                      0
FOG                      19     FOG W/VIS <= 1/4 MILE      4
HAZE                      3

-  INDICATES NEGATIVE NUMBERS.
R  INDICATES RECORD WAS SET OR TIED.
MM INDICATES DATA IS MISSING.
T  INDICATES TRACE AMOUNT.

$$
