000
CXUS52 KMLB 011952
CLMVRB

CLIMATE REPORT
NATIONAL WEATHER SERVICE MELBOURNE FL
252 PM EST TUE DEC 01 2020

...................................

...THE VERO BEACH CLIMATE SUMMARY FOR THE MONTH OF NOVEMBER 2020...

CLIMATE NORMAL PERIOD 1981 TO 2010
CLIMATE RECORD PERIOD 1942 TO 2020

WEATHER         OBSERVED          NORMAL  DEPART   LAST YEAR`S
                VALUE   DATE(S)   VALUE   FROM     VALUE
                                          NORMAL
..............................................................
TEMPERATURE (F)
MONTHLY RECORD
 WARMEST        77.5   2015
 COOLEST        64.2   1970
DAILY RECORD
 HIGH             92   11/06/2002
                       11/05/1992
 LOW              31   11/25/1970
NOVEMBER 2020
HIGHEST           87   11/12                          88
LOWEST            59   11/30                          46
AVG. MAXIMUM    81.4               78.9     2.5     79.7
AVG. MINIMUM    69.0               61.5     7.5     61.0
MEAN            75.2               70.2     5.0     70.4
DAYS MAX >= 90     0                0.1    -0.1        0
DAYS MAX <= 32     0                0.0     0.0        0
DAYS MIN <= 32     0                0.0     0.0        0
DAYS MIN <= 0      0                0.0     0.0        0

PRECIPITATION (INCHES)
MONTHLY RECORD
 MAXIMUM       11.76   1984
 MINIMUM        0.11   1970
DAILY RECORD
 MAXIMUM        4.98   11/04/1982
NOVEMBER 2020
TOTALS          5.90               3.28    2.62     1.85
DAYS >= .01       14                8.7     5.3        7
DAYS >= .10       11                4.7     6.3        5
DAYS >= .50        4                1.6     2.4        1
DAYS >= 1.00       1                0.9     0.1        0
GREATEST
 24 HR. TOTAL   1.74   11/15 TO 11/15

SNOWFALL (INCHES)
TOTALS           0.0                0.0     0.0      0.0
SINCE 7/1        0.0                0.0     0.0      0.0
DAYS >= TRACE      0                                   0

DEGREE DAYS
HEATING TOTAL      0                 27     -27       25
 SINCE 7/1         0                 30     -30       MM
COOLING TOTAL    314                183     131      194
 SINCE 1/1      4192               3311     881       MM
..............................................................

WIND (MPH)
AVERAGE WIND SPEED              11.1
HIGHEST WIND SPEED/DIRECTION    33/070    DATE  11/08
HIGHEST GUST SPEED/DIRECTION    47/070    DATE  11/09

SKY COVER
POSSIBLE SUNSHINE (PERCENT)   MM
AVERAGE SKY COVER           0.54
NUMBER OF DAYS FAIR            7
NUMBER OF DAYS PC             16
NUMBER OF DAYS CLOUDY          7

AVERAGE RH (PERCENT)     75

WEATHER CONDITIONS. NUMBER OF DAYS WITH
THUNDERSTORM              2     MIXED PRECIP               0
HEAVY RAIN                9     RAIN                      10
LIGHT RAIN               19     LT FREEZING RAIN           0
HAIL                      0     LIGHT SNOW                 0
SLEET                     0     FOG                       17
FOG W/VIS <= 1/4 MILE     0     HAZE                       7

-  INDICATES NEGATIVE NUMBERS.
R  INDICATES RECORD WAS SET OR TIED.
MM INDICATES DATA IS MISSING.
T  INDICATES TRACE AMOUNT.

$$
