000
CXUS51 KBTV 011448
CLMVSF

CLIMATE REPORT
NATIONAL WEATHER SERVICE BURLINGTON VT
948 AM EST SUN NOV 01 2020

...................................

...THE SPRINGFIELD VT CLIMATE SUMMARY FOR THE MONTH OF OCTOBER 2020...

CLIMATE NORMAL PERIOD: 1981 TO 2010
CLIMATE RECORD PERIOD: 9999 TO 9999

WEATHER         OBSERVED          NORMAL  DEPART   LAST YEAR`S
                VALUE   DATE(S)   VALUE   FROM     VALUE DATE(S)
                                          NORMAL
................................................................
TEMPERATURE (F)
RECORD
 HIGH             84
 LOW              19
HIGHEST           78   10/10         MM      MM       72  10/02
LOWEST            19R  10/31         MM      MM       27  10/06
AVG. MAXIMUM    58.5               58.4     0.1     59.8
AVG. MINIMUM    38.7               35.7     3.0     38.7
MEAN            48.6               47.0     1.6     49.3
DAYS MAX >= 90     0                0.0     0.0        0
DAYS MAX <= 32     0                0.0     0.0        0
DAYS MIN <= 32     6               12.2    -6.2        7
DAYS MIN <= 0      0                0.0     0.0        0

PRECIPITATION (INCHES)
RECORD
 MAXIMUM       12.18   2005
 MINIMUM        0.97   2004
TOTALS          4.30               4.42   -0.12     3.38
DAILY AVG.      0.14               0.14   -0.00     0.11
DAYS >= .01       13                 MM      MM       12
DAYS >= .10        7                 MM      MM        5
DAYS >= .50        4                 MM      MM        2
DAYS >= 1.00       1                 MM      MM        1
GREATEST
 24 HR. TOTAL   1.42   10/13 TO 10/13               1.09  10/27 TO 10/27
 STORM TOTAL    1.42                                1.09
 (MM/DD(HH))            MM


DEGREE DAYS
HEATING TOTAL    501                557     -56      479
 SINCE 7/1       728                810     -82       MM
COOLING TOTAL      0                  1      -1        0
 SINCE 1/1       617                345     272       MM
................................................................

WIND (MPH)
AVERAGE WIND SPEED              3.3
HIGHEST WIND SPEED/DIRECTION    25/290    DATE  10/07
HIGHEST GUST SPEED/DIRECTION    38/310    DATE  10/07

SKY COVER
POSSIBLE SUNSHINE (PERCENT)   MM
AVERAGE SKY COVER           0.60
NUMBER OF DAYS FAIR            6
NUMBER OF DAYS PC             13
NUMBER OF DAYS CLOUDY         12

AVERAGE RH (PERCENT)     74

WEATHER CONDITIONS. NUMBER OF DAYS WITH
THUNDERSTORM              0     MIXED PRECIP               0
HEAVY RAIN                1     RAIN                       4
LIGHT RAIN               15     FREEZING RAIN              0
LT FREEZING RAIN          0     HAIL                       0
HEAVY SNOW                0     SNOW                       0
LIGHT SNOW                1     SLEET                      0
FOG                      21     FOG W/VIS <= 1/4 MILE     11
HAZE                      1

-  INDICATES NEGATIVE NUMBERS.
R  INDICATES RECORD WAS SET OR TIED.
MM INDICATES DATA IS MISSING.
T  INDICATES TRACE AMOUNT.

$$
