000
CXUS53 KLBF 011610
CLMVTN

CLIMATE REPORT
NATIONAL WEATHER SERVICE
1010 AM CST TUE DEC 01 2020

...................................

...THE VALENTINE CLIMATE SUMMARY FOR THE MONTH OF NOVEMBER 2020...

CLIMATE NORMAL PERIOD 1981 TO 2010
CLIMATE RECORD PERIOD 1885 TO 2020

WEATHER         OBSERVED          NORMAL  DEPART   LAST YEAR`S
                VALUE   DATE(S)   VALUE   FROM     VALUE DATE(S)
                                          NORMAL
................................................................
TEMPERATURE (F)
RECORD
 HIGH             86   11/08/1999
                       11/07/1999
 LOW             -22   11/14/1959
HIGHEST           85   11/06         71      14       75  11/09
LOWEST             7   11/30                  8       -6  11/12
                                                          11/11
AVG. MAXIMUM    59.1               47.7    11.4     48.4
AVG. MINIMUM    25.1               21.2     3.9     20.7
MEAN            42.1               34.4     7.7     34.6
DAYS MAX >= 90     0                0.0     0.0        0
DAYS MAX <= 32     0                4.8    -4.8        4
DAYS MIN <= 32    24               25.7    -1.7       29
DAYS MIN <= 0      0                1.4    -1.4        2

PRECIPITATION (INCHES)
RECORD
 MAXIMUM        2.81   1944
 MINIMUM           T   1939
TOTALS          0.82               0.65    0.17     1.39
DAILY AVG.      0.03               0.02    0.01     0.05
DAYS >= .01        4                4.6    -0.6        7
DAYS >= .10        2                1.9     0.1        4
DAYS >= .50        1                0.2     0.8        0
DAYS >= 1.00       0                0.1    -0.1        0
GREATEST
 24 HR. TOTAL   0.60   11/09 TO 11/09               0.43  11/29 TO 11/29

SNOWFALL (INCHES)
RECORDS
 TOTAL          34.5   1944
TOTALS           4.7                5.4    -0.7     10.4
SINCE 7/1       12.0                7.6     4.4       MM
SNOWDEPTH AVG.     0                                   0
DAYS >= 1.0        2                1.7     0.3        3
GREATEST
 SNOW DEPTH        3   11/10                           4  11/27
 24 HR TOTAL      MM

DEGREE DAYS
HEATING TOTAL    681                916    -235      906
 SINCE 7/1      1405               1618    -213     1663
COOLING TOTAL      2                  0       2        0
 SINCE 1/1      1157                821     336      930
................................................................

WIND (MPH)
AVERAGE WIND SPEED              10.1
HIGHEST WIND SPEED/DIRECTION    39/180    DATE  11/08
HIGHEST GUST SPEED/DIRECTION    54/180    DATE  11/08

SKY COVER
POSSIBLE SUNSHINE (PERCENT)   MM
AVERAGE SKY COVER           0.07
NUMBER OF DAYS FAIR           28
NUMBER OF DAYS PC              2
NUMBER OF DAYS CLOUDY          0

AVERAGE RH (PERCENT)     53

WEATHER CONDITIONS. NUMBER OF DAYS WITH
THUNDERSTORM              1     MIXED PRECIP               0
HEAVY RAIN                0     RAIN                       0
LIGHT RAIN                1     FREEZING RAIN              0
LT FREEZING RAIN          0     HAIL                       0
HEAVY SNOW                0     SNOW                       1
LIGHT SNOW                5     SLEET                      1
FOG                       7     FOG W/VIS <= 1/4 MILE      1
HAZE                      3

-  INDICATES NEGATIVE NUMBERS.
R  INDICATES RECORD WAS SET OR TIED.
MM INDICATES DATA IS MISSING.
T  INDICATES TRACE AMOUNT.

$$
