000
CXUS56 KPQR 022251
CLMVUO


CLIMATE REPORT
NATIONAL WEATHER SERVICE PORTLAND OREGON
251 PM PST MON NOV 2 2020

...................................

...THE VANCOUVER WA CLIMATE SUMMARY FOR THE MONTH OF OCTOBER 2020...

CLIMATE NORMAL PERIOD 1981 TO 2010
CLIMATE RECORD PERIOD 1891 TO 2020

WEATHER         OBSERVED          NORMAL  DEPART  LAST YEAR`S
                 VALUE   DATE(S)  VALUE   FROM    VALUE  DATE(S)
                                          NORMAL
................................................................
TEMPERATURE (F)
HIGHEST            80                                 70  10/06
LOWEST             26                                 24  10/30
AVG. MAXIMUM     65.0              63.4     1.6     60.5
AVG. MINIMUM     45.5              44.1     1.4     39.8
MEAN             55.2              53.8     1.4     50.1
DAYS MAX >= 90      0               0.0     0.0        0
DAYS MAX <= 32      0               0.0     0.0        0
DAYS MIN <= 32      3               0.4     2.6        6
DAYS MIN <= 0       0               0.0     0.0        0

PRECIPITATION (INCHES)
TOTALS           1.81                               1.99
DAYS >= .01         9                                 12
DAYS >= .10         4                                  6
DAYS >= .50         1                                  1
DAYS >= 1.00        0                                  0
GREATEST
 24 HR. TOTAL    0.92   10/10 TO 10/10

DEGREE_DAYS
HEATING TOTAL     300                                455
 SINCE 7/1        351                                567
COOLING TOTAL       6                                  0
 SINCE 1/1        533                                420
.................................................................

WIND (MPH)
AVERAGE WIND SPEED              3.3
RESULTANT WIND SPEED/DIRECTION   0/318
HIGHEST WIND SPEED/DIRECTION    23/090    DATE  10/25
HIGHEST GUST SPEED/DIRECTION    32/080    DATE  10/25

SKY COVER
POSSIBLE SUNSHINE (PERCENT)   MM
AVERAGE SKY COVER           0.50

AVERAGE RH (PERCENT)     68

WEATHER CONDITIONS. NUMBER OF DAYS WITH
  0
  3
  0
  0
  0
  0
  7
HAZE                     10

-  INDICATES NEGATIVE NUMBERS.
R  INDICATES RECORD WAS SET OR TIED.
MM INDICATES DATA IS MISSING.
T  INDICATES TRACE AMOUNT.

$$
