000
CXUS55 KLKN 031215 CCA
CLMWMC

CLIMATE REPORT
NATIONAL WEATHER SERVICE ELKO NV
1219 AM PST THU DEC 3 2020

...................................

...THE WINNEMUCCA AIRPORT NV CLIMATE SUMMARY FOR THE MONTH OF NOVEMBER 2020...

CLIMATE NORMAL PERIOD 1981 TO 2010
CLIMATE RECORD PERIOD 1877 TO 2020

WEATHER         OBSERVED          NORMAL  DEPART  LAST YEAR`S
                 VALUE   DATE(S)  VALUE   FROM    VALUE  DATE(S)
                                          NORMAL
................................................................
TEMPERATURE (F)
RECORD
 HIGH              77   11/05/1980
 LOW              -10   11/25/2010
HIGHEST            77R  11/05        68       9       72  11/08
                        11/04
                        11/02
LOWEST             12   11/28         6       6        8  11/30
                        11/27
AVG. MAXIMUM     53.3              51.4     1.9     57.6
AVG. MINIMUM     23.7              22.4     1.3     20.5
MEAN             38.5              36.9     1.6     39.0
DAYS MAX >= 90      0               0.0     0.0        0
DAYS MAX <= 32      1               0.7     0.3        2
DAYS MIN <= 32     26              25.4     0.6       27
DAYS MIN <= 0       0               0.5    -0.5        0

PRECIPITATION (INCHES)
RECORD
 MAXIMUM         3.78   1885
 MINIMUM         0.00   1929
TOTALS           1.61              0.88    0.73     0.18
DAILY AVG.       0.05              0.03    0.02     0.01
DAYS >= .01         7               7.8    -0.8        3
DAYS >= .10         3               2.9     0.1        0
DAYS >= .50         1               0.3     0.7        0
DAYS >= 1.00        0               0.0     0.0        0
GREATEST
 24 HR. TOTAL    0.88   11/07 TO 11/07              0.06

SNOWFALL (INCHES)
RECORDS
 TOTAL           19.6   1985
TOTALS           11.7               3.0     8.7      2.4
SINCE 7/1        11.7               3.5     8.2      3.5
SNOWDEPTH AVG.      1                                  0
DAYS >= TRACE       5               2.9     2.1        5
DAYS >= 1.0         2               1.1     0.9        2
GREATEST
 SNOW DEPTH         4   11/08                          1
 24 HR TOTAL      6.9   11/07 TO 11/07               1.3

DEGREE_DAYS
HEATING TOTAL     788               843     -55      773
 SINCE 7/1       1275              1568    -293     1716
COOLING TOTAL       0                 0       0        0
 SINCE 1/1        895               541     354      579
.................................................................

WIND (MPH)
AVERAGE WIND SPEED              6.3
HIGHEST WIND SPEED/DIRECTION    32/300    DATE  11/13
HIGHEST GUST SPEED/DIRECTION    41/300    DATE  11/13

AVERAGE RH (PERCENT)     56

WEATHER CONDITIONS. NUMBER OF DAYS WITH
THUNDERSTORM              0     MIXED PRECIP               0
HEAVY RAIN                0     RAIN                       1
LIGHT RAIN                5     FREEZING RAIN              0
LT FREEZING RAIN          0     HAIL                       0
HEAVY SNOW                1     SNOW                       1
LIGHT SNOW                3     SLEET                      0
FOG                       4     FOG W/VIS <= 1/4 MILE      1
HAZE                      3

-  INDICATES NEGATIVE NUMBERS.
R  INDICATES RECORD WAS SET OR TIED.
MM INDICATES DATA IS MISSING.
T  INDICATES TRACE AMOUNT.

$$

...NOVEMBER 2020 IN WINNEMUCCA WAS WARMER AND WETTER THAN NORMAL...

...A RECORD HIGH TEMPERATURE OF 77 DEGREES WAS TIED ON THE 6TH...
...A RECORD RAINFALL OF 0.88 INCHES WAS SET ON THE 7TH...
...A RECORD SNOWFALL OF 6.9 INCHES WAS TIED ON THE 7TH...
...A RECORD SNOWFALL OF 4.1 INCHES WAS SET ON THE 8TH...
...A RECORD SNOWFALL OF 0.7 INCHES WAS SET ON THE 9TH...
...A RECORD HIGH TEMPERATURE OF 71 DEGREES WAS SET ON THE 17TH...

THE AVERAGE TEMPERATURE IN WINNEMUCCA DURING NOVEMBER 2020 WAS 38.2
DEGREES... WHICH IS 1.6 DEGREES ABOVE THE NORMAL OF 36.6 DEGREES.
THE TOTAL PRECIPITATION WAS 1.61 INCHES...WHICH IS 0.73 INCHES ABOVE
THE NORMAL OF 0.88 INCHES AND 183 PERCENT OF NORMAL. THERE WAS 11.7
INCHES OF SNOWFALL RECORDED IN NOVEMBER WHICH IS THE 2ND MOST SEEN
FOR THE MONTH OF NOVEMBER.THE PERIOD OF RECORD FOR THE WINNEMUCCA
AREA BEGAN IN 1877 AND THE CLIMATOLOGICAL NORMAL IS FROM 1981-2010.

$$
