000
CXUS56 KPDT 011645
CLMYKM

CLIMATE REPORT
NATIONAL WEATHER SERVICE PENDLETON OR
845 AM PST SUN NOV 01 2020

...................................

...THE YAKIMA WA CLIMATE SUMMARY FOR THE MONTH OF OCTOBER 2020...

CLIMATE NORMAL PERIOD 1981 TO 2010
CLIMATE RECORD PERIOD 1946 TO 2020

WEATHER         OBSERVED          NORMAL  DEPART   LAST YEAR`S
                VALUE   DATE(S)   VALUE   FROM     VALUE DATE(S)
                                          NORMAL
................................................................
TEMPERATURE (F)
RECORD
 HIGH             91   10/06/2014
 LOW               4   10/31/2002
HIGHEST           86   10/06         72      14       MM
LOWEST            15   10/25         32     -17       MM
AVG. MAXIMUM    66.9               63.9     3.0       MM
AVG. MINIMUM    36.0               34.1     1.9       MM
MEAN            51.5               49.0     2.5       MM
DAYS MAX >= 90     0                0.0     0.0       MM
DAYS MAX <= 32     0                0.0     0.0       MM
DAYS MIN <= 32    11               11.9    -0.9       MM
DAYS MIN <= 0      0                0.0     0.0       MM

PRECIPITATION (INCHES)
RECORD
 MAXIMUM        1.17   2004
 MINIMUM        0.09   2002
TOTALS          0.20               0.54   -0.34       MM
DAILY AVG.      0.01               0.02   -0.01       MM
DAYS >= .01        2                4.7    -2.7       MM
DAYS >= .10        1                1.6    -0.6       MM
DAYS >= .50        0                0.1    -0.1       MM
DAYS >= 1.00       0                0.0     0.0       MM
GREATEST
 24 HR. TOTAL   0.17   10/13 TO 10/13                 MM
 STORM TOTAL    0.17                                  MM
 (MM/DD(HH))

SNOWFALL (INCHES)
RECORDS
 TOTAL             T   2009
 24 HR TOTAL       T
TOTALS            MM                0.1      MM
SINCE 7/1         MM                0.1      MM       MM
DAYS >= TRACE     MM                0.1      MM       MM
DAYS >= 1.0       MM                0.0      MM       MM
GREATEST
 24 HR TOTAL      MM
 STORM TOTAL      MM                                  MM
 (MM/DD(HH))

DEGREE DAYS
HEATING TOTAL    415                496     -81       MM
 SINCE 7/1       494                704    -210       MM
COOLING TOTAL      3                  0       3       MM
 SINCE 1/1       728                472     256       MM
................................................................

WIND (MPH)
AVERAGE WIND SPEED              6.3
RESULTANT WIND SPEED/DIRECTION   3/270
HIGHEST WIND SPEED/DIRECTION    39/280    DATE  10/10
HIGHEST GUST SPEED/DIRECTION    55/280    DATE  10/10

SKY COVER
POSSIBLE SUNSHINE (PERCENT)   MM
AVERAGE SKY COVER           0.16
NUMBER OF DAYS FAIR           25
NUMBER OF DAYS PC              5
NUMBER OF DAYS CLOUDY          1

AVERAGE RH (PERCENT)     55

WEATHER CONDITIONS. NUMBER OF DAYS WITH
THUNDERSTORM              0     MIXED PRECIP               0
HEAVY RAIN                0     RAIN                       0
LIGHT RAIN                7     FREEZING RAIN              0
LT FREEZING RAIN          0     HAIL                       0
HEAVY SNOW                0     SNOW                       0
LIGHT SNOW                0     SLEET                      0
FOG                       2     FOG W/VIS <= 1/4 MILE      0
HAZE                     10

-  INDICATES NEGATIVE NUMBERS.
R  INDICATES RECORD WAS SET OR TIED.
MM INDICATES DATA IS MISSING.
T  INDICATES TRACE AMOUNT.

$$
