913
CXUS51 KCLE 042002
CLMYNG

CLIMATE REPORT
NATIONAL WEATHER SERVICE CLEVELAND, OH
302 PM EST WED NOV 04 2020

...................................

...THE YOUNGSTOWN OH CLIMATE SUMMARY FOR THE MONTH OF OCTOBER 2020...

CLIMATE NORMAL PERIOD 1981 TO 2010
CLIMATE RECORD PERIOD 1897 TO 2020

WEATHER         OBSERVED          NORMAL  DEPART   LAST YEAR`S
                VALUE   DATE(S)   VALUE   FROM     VALUE
                                          NORMAL
..............................................................
TEMPERATURE (F)
RECORD
 HIGH             88   10/01/2019
                       10/09/1939
                       09/01/1953
 LOW              20   10/31/1988
                       10/24/1969
HIGHEST           79   10/23
LOWEST            29   10/31
AVG. MAXIMUM    61.2               60.6     0.6     65.7
AVG. MINIMUM    44.2               41.5     2.7     43.8
MEAN            52.7               51.0     1.7     54.8
DAYS MAX >= 90     0                0.0     0.0        0
DAYS MAX <= 32     0                0.0     0.0        0
DAYS MIN <= 32     4                3.7     0.3        0
DAYS MIN <= 0      0                0.0     0.0        0

PRECIPITATION (INCHES)
RECORD
 MAXIMUM        8.59   1954
 MINIMUM        0.43
TOTALS          5.68               2.77    2.91     4.79
DAYS >= .01       14               11.5     2.5       11
DAYS >= .10       12                6.5     5.5        9
DAYS >= .50        5                1.6     3.4        3
DAYS >= 1.00       1                0.4     0.6        1
GREATEST
 24 HR. TOTAL   1.55   10/29 TO 10/29               1.72

SNOWFALL (INCHES)
RECORDS
 TOTAL           7.7   1993
TOTALS           0.0                0.8    -0.8        T
SINCE 7/1        0.0                0.8    -0.8        0
DAYS >= 1.0        0                0.3    -0.3        0
GREATEST
 24 HR TOTAL     0.0

DEGREE DAYS
HEATING TOTAL    381                438     -57      339
 SINCE 7/1       497                622    -125      427
COOLING TOTAL      8                  6       2       28
 SINCE 1/1       792                544     248       57
..............................................................

WIND (MPH)
AVERAGE WIND SPEED              7.4
HIGHEST WIND SPEED/DIRECTION    28/280    DATE  10/07
HIGHEST GUST SPEED/DIRECTION    39/320    DATE  10/07

SKY COVER
AVERAGE SKY COVER           0.71

AVERAGE RH (PERCENT)     70

WEATHER CONDITIONS. NUMBER OF DAYS WITH
THUNDERSTORM              4     MIXED PRECIP               0
HEAVY RAIN                2     RAIN                       4
LIGHT RAIN               18     FREEZING RAIN              0
LT FREEZING RAIN          0     HAIL                       0
HEAVY SNOW                0     SNOW                       0
LIGHT SNOW                0     SLEET                      0
FOG                      18     FOG W/VIS <= 1/4 MILE      1
HAZE                      1

-  INDICATES NEGATIVE NUMBERS.
R  INDICATES RECORD WAS SET OR TIED.
MM INDICATES DATA IS MISSING.
T  INDICATES TRACE AMOUNT.

$$
