000
CDUS41 KLWX 170527
CLIBWI

CLIMATE REPORT
NATIONAL WEATHER SERVICE BALTIMORE MD/WASHINGTON DC
127 AM EDT TUE MAY 17 2022

...................................

...THE BALTIMORE MD CLIMATE SUMMARY FOR MAY 16 2022...

CLIMATE NORMAL PERIOD: 1991 TO 2020
CLIMATE RECORD PERIOD: 1871 TO 2022


WEATHER ITEM   OBSERVED TIME   RECORD YEAR NORMAL DEPARTURE LAST
                VALUE   (LST)  VALUE       VALUE  FROM      YEAR
                                                  NORMAL
...................................................................
TEMPERATURE (F)
 YESTERDAY
  MAXIMUM         82   3:24 PM  92    1944  75      7       77
                                      1998
  MINIMUM         57  11:58 PM  37    1973  53      4       47
                                      2016
  AVERAGE         70                        64      6       62

PRECIPITATION (IN)
  YESTERDAY        0.06          1.96 2003   0.11  -0.05     0.14
  MONTH TO DATE    3.79                      1.92   1.87     0.94
  SINCE MAR 1     10.84                      9.32   1.52     6.91
  SINCE JAN 1     17.42                     15.30   2.12    13.91

SNOWFALL (IN)
  YESTERDAY        0.0          MM      MM   0.0    0.0      0.0
  MONTH TO DATE    0.0                       0.0    0.0      0.0
  SINCE MAR 1      0.4                       2.8   -2.4       T
  SINCE JUL 1     14.4                      19.3   -4.9     10.9
  SNOW DEPTH       0

DEGREE DAYS
 HEATING
  YESTERDAY        0                         3     -3        3
  MONTH TO DATE   73                        73      0       95
  SINCE MAR 1    917                      1033   -116      873
  SINCE JUL 1   3876                      4438   -562     3924

 COOLING
  YESTERDAY        5                         3      2        0
  MONTH TO DATE   23                        30     -7       25
  SINCE MAR 1     38                        51    -13       58
  SINCE JAN 1     38                        51    -13       58
...................................................................


WIND (MPH)
  HIGHEST WIND SPEED    25   HIGHEST WIND DIRECTION     W (280)
  HIGHEST GUST SPEED    37   HIGHEST GUST DIRECTION     W (270)
  AVERAGE WIND SPEED     7.0


SKY COVER
  AVERAGE SKY COVER 0.6


WEATHER CONDITIONS
THE FOLLOWING WEATHER WAS RECORDED YESTERDAY.
  LIGHT RAIN
  FOG


RELATIVE HUMIDITY (PERCENT)
 HIGHEST    93           3:00 AM
 LOWEST     46           6:00 PM
 AVERAGE    70

..........................................................


THE BALTIMORE MD CLIMATE NORMALS FOR TODAY
                         NORMAL    RECORD    YEAR
 MAXIMUM TEMPERATURE (F)   76        93      1896
                                             2017
 MINIMUM TEMPERATURE (F)   54        33      1956


SUNRISE AND SUNSET
MAY 17 2022...........SUNRISE   5:52 AM EDT   SUNSET   8:15 PM EDT
MAY 18 2022...........SUNRISE   5:51 AM EDT   SUNSET   8:16 PM EDT


-  INDICATES NEGATIVE NUMBERS.
R  INDICATES RECORD WAS SET OR TIED.
MM INDICATES DATA IS MISSING.
T  INDICATES TRACE AMOUNT.




$$
