000
CDUS41 KLWX 232127
CLIBWI


CLIMATE REPORT
NATIONAL WEATHER SERVICE BALTIMORE MD/WASHINGTON DC
527 PM EDT THU MAY 23 2019


...................................

...THE BALTIMORE MD CLIMATE SUMMARY FOR MAY 23 2019...
VALID TODAY AS OF 0500 PM LOCAL TIME.

CLIMATE NORMAL PERIOD 1981 TO 2010
CLIMATE RECORD PERIOD 1871 TO 2019


WEATHER ITEM   OBSERVED TIME   RECORD YEAR NORMAL DEPARTURE LAST
                VALUE   (LST)  VALUE       VALUE  FROM      YEAR
                                                  NORMAL
..................................................................
TEMPERATURE (F)
 TODAY
  MAXIMUM         86    209 PM  98    1925  76     10       81
  MINIMUM         59    516 AM  39    1961  54      5       60
  AVERAGE         73                        65      8       71

PRECIPITATION (IN)
  TODAY            0.47          2.40 1989   0.14   0.33     0.00
  MONTH TO DATE    4.99                      2.91   2.08     5.94
  SINCE MAR 1     10.59                     10.00   0.59    11.39
  SINCE JAN 1     17.38                     15.95   1.43    17.69

SNOWFALL (IN)
  TODAY            0.0          MM      MM   0.0    0.0
  MONTH TO DATE    0.0                       0.0    0.0
  SINCE JUL 1     18.3                      20.1   -1.8
  SNOW DEPTH       0

DEGREE DAYS
 HEATING
  TODAY            0                         3     -3        0
  MONTH TO DATE   54                       115    -61       18
  SINCE MAR 1    915                      1135   -220     1181
  SINCE JUL 1   4328                      4730   -402     4493

 COOLING
  TODAY            8                         3      5        6
  MONTH TO DATE   74                        40     34      101
  SINCE MAR 1    104                        54     50      122
  SINCE JAN 1    104                        54     50      123
..................................................................


WIND (MPH)
  HIGHEST WIND SPEED    37   HIGHEST WIND DIRECTION     W (260)
  HIGHEST GUST SPEED    46   HIGHEST GUST DIRECTION     W (260)
  AVERAGE WIND SPEED     4.1


SKY COVER
  POSSIBLE SUNSHINE  MM
  AVERAGE SKY COVER 0.7


WEATHER CONDITIONS
 THE FOLLOWING WEATHER WAS RECORDED TODAY.
  THUNDERSTORM
  HEAVY RAIN
  LIGHT RAIN
  FOG


RELATIVE HUMIDITY (PERCENT)
 HIGHEST    78           600 AM
 LOWEST     55           100 PM
 AVERAGE    67

..........................................................


THE BALTIMORE MD CLIMATE NORMALS FOR TOMORROW
                         NORMAL    RECORD    YEAR
 MAXIMUM TEMPERATURE (F)   76        93      1933
 MINIMUM TEMPERATURE (F)   55        41      1963


SUNRISE AND SUNSET
MAY 23 2019...........SUNRISE   547 AM EDT   SUNSET   820 PM EDT
MAY 24 2019...........SUNRISE   547 AM EDT   SUNSET   821 PM EDT


-  INDICATES NEGATIVE NUMBERS.
R  INDICATES RECORD WAS SET OR TIED.
MM INDICATES DATA IS MISSING.
T  INDICATES TRACE AMOUNT.




$$
