000
CDUS44 KMOB 130645
CLIMOB


CLIMATE REPORT
NATIONAL WEATHER SERVICE MOBILE AL
145 AM CDT SUN OCT 13 2019


...................................

...THE MOBILE CLIMATE SUMMARY FOR OCTOBER 12 2019...

CLIMATE NORMAL PERIOD 1981 TO 2010
CLIMATE RECORD PERIOD 1842 TO 2019


WEATHER ITEM   OBSERVED TIME   RECORD YEAR NORMAL DEPARTURE LAST
                VALUE   (LST)  VALUE       VALUE  FROM      YEAR
                                                  NORMAL
..................................................................
TEMPERATURE (F)
 YESTERDAY
  MAXIMUM         75    126 AM  89    2009  80     -5       82
                                      1991
                                      1970
  MINIMUM         60   1159 PM  42    2000  59      1       55
  AVERAGE         68                        70     -2       69

PRECIPITATION (IN)
  YESTERDAY        0.03          2.00 1983   0.11  -0.08     0.00
  MONTH TO DATE    0.04                      1.46  -1.42     0.08
  SINCE MAR 1     36.98                     42.96  -5.98    36.12
  SINCE JAN 1     46.47                     53.73  -7.26    45.70

DEGREE DAYS
 HEATING
  YESTERDAY        0                         1     -1        0
  MONTH TO DATE    0                         8     -8        0
  SINCE SEP 1      0                        10    -10        0
  SINCE JUL 1      0                        10    -10        0

 COOLING
  YESTERDAY        3                         6     -3        4
  MONTH TO DATE  189                        84    105      175
  SINCE SEP 1    744                       461    283      698
  SINCE JAN 1   3024                      2388    636     2917
..................................................................


WIND (MPH)
  HIGHEST WIND SPEED    18   HIGHEST WIND DIRECTION     N (350)
  HIGHEST GUST SPEED    24   HIGHEST GUST DIRECTION     N (360)
  AVERAGE WIND SPEED     9.2


SKY COVER
  POSSIBLE SUNSHINE  MM
  AVERAGE SKY COVER 1.0


WEATHER CONDITIONS
 THE FOLLOWING WEATHER WAS RECORDED YESTERDAY.
  THUNDERSTORM
  RAIN
  LIGHT RAIN
  FOG


RELATIVE HUMIDITY (PERCENT)
 HIGHEST   100           200 AM
 LOWEST     73           200 PM
 AVERAGE    87

..........................................................


THE MOBILE CLIMATE NORMALS FOR TODAY
                         NORMAL    RECORD    YEAR
 MAXIMUM TEMPERATURE (F)   80        92      1963
 MINIMUM TEMPERATURE (F)   59        41      1977


SUNRISE AND SUNSET
OCTOBER 13 2019.......SUNRISE   654 AM CDT   SUNSET   624 PM CDT
OCTOBER 14 2019.......SUNRISE   655 AM CDT   SUNSET   623 PM CDT


-  INDICATES NEGATIVE NUMBERS.
R  INDICATES RECORD WAS SET OR TIED.
MM INDICATES DATA IS MISSING.
T  INDICATES TRACE AMOUNT.




$$
