000
CDUS44 KMOB 022121
CLIMOB

CLIMATE REPORT
NATIONAL WEATHER SERVICE MOBILE AL
421 PM CDT MON AUG 02 2021

...................................

...THE MOBILE CLIMATE SUMMARY FOR AUGUST 2 2021...
VALID TODAY AS OF 0400 PM LOCAL TIME.

CLIMATE NORMAL PERIOD: 1991 TO 2020
CLIMATE RECORD PERIOD: 1842 TO 2021


WEATHER ITEM   OBSERVED TIME   RECORD YEAR NORMAL DEPARTURE LAST
                VALUE   (LST)  VALUE       VALUE  FROM      YEAR
                                                  NORMAL
...................................................................
TEMPERATURE (F)
 TODAY
  MAXIMUM         91   1:36 PM 101    2010  91      0       92
  MINIMUM         72   2:43 PM  68    1890  73     -1       73
                                      1925
                                      1984
  AVERAGE         82                        82      0       83

PRECIPITATION (IN)
  TODAY            0.57          3.25 1984   0.25   0.32      T
  MONTH TO DATE    0.57                      0.49   0.08      T
  SINCE JUN 1     22.84                     14.73   8.11    18.59
  SINCE JAN 1     52.56                     41.40  11.16    38.21

DEGREE DAYS
 COOLING
  TODAY           17                        17      0       18
  MONTH TO DATE   37                        34      3       37
  SINCE JUN 1    966                      1014    -48      981
  SINCE JAN 1   1355                      1491   -136     1525
...................................................................


WIND (MPH)
  HIGHEST WIND SPEED    20   HIGHEST WIND DIRECTION    SW (240)
  HIGHEST GUST SPEED    31   HIGHEST GUST DIRECTION    SW (220)
  AVERAGE WIND SPEED     4.0


SKY COVER
  AVERAGE SKY COVER 0.5


WEATHER CONDITIONS
THE FOLLOWING WEATHER WAS RECORDED TODAY.
  THUNDERSTORM
  RAIN
  LIGHT RAIN
  FOG


RELATIVE HUMIDITY (PERCENT)
 HIGHEST    96           3:00 PM
 LOWEST     59          12:00 PM
 AVERAGE    78

..........................................................


THE MOBILE CLIMATE NORMALS FOR TOMORROW
                         NORMAL    RECORD    YEAR
 MAXIMUM TEMPERATURE (F)   91       101      1897
 MINIMUM TEMPERATURE (F)   73        68      1890
                                             1965


SUNRISE AND SUNSET
AUGUST  2 2021........SUNRISE   6:12 AM CDT   SUNSET   7:46 PM CDT
AUGUST  3 2021........SUNRISE   6:12 AM CDT   SUNSET   7:46 PM CDT


-  INDICATES NEGATIVE NUMBERS.
R  INDICATES RECORD WAS SET OR TIED.
MM INDICATES DATA IS MISSING.
T  INDICATES TRACE AMOUNT.




$$
