000
CDUS44 KMOB 162332
CLIMOB


CLIMATE REPORT
NATIONAL WEATHER SERVICE MOBILE AL
531 PM CST SAT NOV 16 2019


...................................

...THE MOBILE CLIMATE SUMMARY FOR NOVEMBER 16 2019...
VALID TODAY AS OF 0500 PM LOCAL TIME.

CLIMATE NORMAL PERIOD 1981 TO 2010
CLIMATE RECORD PERIOD 1842 TO 2019


WEATHER ITEM   OBSERVED TIME   RECORD YEAR NORMAL DEPARTURE LAST
                VALUE   (LST)  VALUE       VALUE  FROM      YEAR
                                                  NORMAL
..................................................................
TEMPERATURE (F)
 TODAY
  MAXIMUM         65    321 PM  82    2011  71     -6       63
                                      1985
                                      1879
  MINIMUM         35    633 AM  24    1940  48    -13       33
  AVERAGE         50                        59     -9       48

PRECIPITATION (IN)
  TODAY            0.00          3.15 1987   0.18  -0.18     0.00
  MONTH TO DATE    0.69                      2.75  -2.06     5.38
  SINCE MAR 1     48.76                     47.94   0.82    43.40
  SINCE JAN 1     58.25                     58.71  -0.46    52.98

DEGREE DAYS
 HEATING
  TODAY           15                         7      8       17
  MONTH TO DATE  155                        83     72      124
  SINCE SEP 1    182                       138     44      137
  SINCE JUL 1    182                       138     44      137

 COOLING
  TODAY            0                         1     -1        0
  MONTH TO DATE   11                        28    -17       37
  SINCE SEP 1    841                       563    278      848
  SINCE JAN 1   3121                      2490    631     3067
..................................................................


WIND (MPH)
  HIGHEST WIND SPEED    14   HIGHEST WIND DIRECTION     N (350)
  HIGHEST GUST SPEED    18   HIGHEST GUST DIRECTION    NW (330)
  AVERAGE WIND SPEED     8.8


SKY COVER
  POSSIBLE SUNSHINE  MM
  AVERAGE SKY COVER 0.0


WEATHER CONDITIONS
 THE FOLLOWING WEATHER WAS RECORDED TODAY.
  NO SIGNIFICANT WEATHER WAS OBSERVED.


RELATIVE HUMIDITY (PERCENT)
 HIGHEST    82           600 AM
 LOWEST     37           200 PM
 AVERAGE    60

..........................................................


THE MOBILE CLIMATE NORMALS FOR TOMORROW
                         NORMAL    RECORD    YEAR
 MAXIMUM TEMPERATURE (F)   70        83      2003
 MINIMUM TEMPERATURE (F)   48        28      1997


SUNRISE AND SUNSET
NOVEMBER 16 2019......SUNRISE   620 AM CST   SUNSET   455 PM CST
NOVEMBER 17 2019......SUNRISE   621 AM CST   SUNSET   455 PM CST


-  INDICATES NEGATIVE NUMBERS.
R  INDICATES RECORD WAS SET OR TIED.
MM INDICATES DATA IS MISSING.
T  INDICATES TRACE AMOUNT.




$$
