000
CDUS44 KMOB 150645
CLIMOB


CLIMATE REPORT
NATIONAL WEATHER SERVICE MOBILE AL
1245 AM CST FRI NOV 15 2019


...................................

...THE MOBILE CLIMATE SUMMARY FOR NOVEMBER 14 2019...

CLIMATE NORMAL PERIOD 1981 TO 2010
CLIMATE RECORD PERIOD 1842 TO 2019


WEATHER ITEM   OBSERVED TIME   RECORD YEAR NORMAL DEPARTURE LAST
                VALUE   (LST)  VALUE       VALUE  FROM      YEAR
                                                  NORMAL
..................................................................
TEMPERATURE (F)
 YESTERDAY
  MAXIMUM         52   1240 PM  82    2008  71    -19       43
                                      1955
  MINIMUM         44   1139 PM  28    1969  49     -5       36
  AVERAGE         48                        60    -12       40

PRECIPITATION (IN)
  YESTERDAY        0.01          1.55 1929   0.17  -0.16     0.17
  MONTH TO DATE    0.69                      2.39  -1.70     5.38
  SINCE MAR 1     48.76                     47.58   1.18    43.40
  SINCE JAN 1     58.25                     58.35  -0.10    52.98

SNOWFALL (IN)
  YESTERDAY       MM             0.0  2002   0.0   MM        0.0
                                      2001
                                      2000
  MONTH TO DATE    0.0                       0.0    0.0      0.0
  SINCE MAR 1      0.0                       0.1   -0.1      0.0
  SINCE JUL 1      0.0                       0.0    0.0      0.0
  SNOW DEPTH       0

DEGREE DAYS
 HEATING
  YESTERDAY       17                         6     11       25
  MONTH TO DATE  129                        70     59       84
  SINCE SEP 1    156                       125     31       97
  SINCE JUL 1    156                       125     31       97

 COOLING
  YESTERDAY        0                         1     -1        0
  MONTH TO DATE   11                        26    -15       37
  SINCE SEP 1    841                       561    280      848
  SINCE JAN 1   3121                      2488    633     3067
..................................................................


WIND (MPH)
  HIGHEST WIND SPEED    14   HIGHEST WIND DIRECTION     N (360)
  HIGHEST GUST SPEED    17   HIGHEST GUST DIRECTION     N (360)
  AVERAGE WIND SPEED     7.6


SKY COVER
  POSSIBLE SUNSHINE  MM
  AVERAGE SKY COVER 0.8


WEATHER CONDITIONS
 THE FOLLOWING WEATHER WAS RECORDED YESTERDAY.
  LIGHT RAIN


RELATIVE HUMIDITY (PERCENT)
 HIGHEST    92           800 PM
 LOWEST     65           200 AM
 AVERAGE    79

..........................................................


THE MOBILE CLIMATE NORMALS FOR TODAY
                         NORMAL    RECORD    YEAR
 MAXIMUM TEMPERATURE (F)   71        83      1980
 MINIMUM TEMPERATURE (F)   49        25      1940


SUNRISE AND SUNSET
NOVEMBER 15 2019......SUNRISE   619 AM CST   SUNSET   456 PM CST
NOVEMBER 16 2019......SUNRISE   620 AM CST   SUNSET   455 PM CST


-  INDICATES NEGATIVE NUMBERS.
R  INDICATES RECORD WAS SET OR TIED.
MM INDICATES DATA IS MISSING.
T  INDICATES TRACE AMOUNT.




$$
