000
CDUS44 KMOB 010732
CLIMOB

CLIMATE REPORT
NATIONAL WEATHER SERVICE MOBILE AL
132 AM CST MON MAR 01 2021

...................................

...THE MOBILE CLIMATE SUMMARY FOR FEBRUARY 28 2021...

CLIMATE NORMAL PERIOD: 1981 TO 2010
CLIMATE RECORD PERIOD: 1842 TO 2021


WEATHER ITEM   OBSERVED TIME   RECORD YEAR NORMAL DEPARTURE LAST
                VALUE   (LST)  VALUE       VALUE  FROM      YEAR
                                                  NORMAL
...................................................................
TEMPERATURE (F)
 YESTERDAY
  MAXIMUM         80   2:33 PM  82    2018  67     13       64
  MINIMUM         67   6:43 AM  20    2002  46     21       29
  AVERAGE         74                        57     17       47

PRECIPITATION (IN)
  YESTERDAY        0.00          6.42 1907   0.19  -0.19     0.00
  MONTH TO DATE    3.94                      5.12  -1.18     5.01
  SINCE DEC 1      9.95                     15.83  -5.88    15.45
  SINCE JAN 1      5.34                     10.77  -5.43     9.58

SNOWFALL (IN)
  YESTERDAY        0.0                       0.0    0.0      0.0
  MONTH TO DATE    T                         0.1   -0.1      0.0
  SINCE DEC 1      T                         0.1   -0.1      0.0
  SINCE JUL 1      T                         0.1   -0.1      0.0
  SNOW DEPTH       0

DEGREE DAYS
 HEATING
  YESTERDAY        0                         9     -9       18
  MONTH TO DATE  407                       322     85      276
  SINCE DEC 1   1273                      1185     88      936
  SINCE JUL 1   1416                      1443    -27     1203

 COOLING
  YESTERDAY        9                         0      9        0
  MONTH TO DATE   19                         0     19       21
  SINCE DEC 1     29                        22      7       43
  SINCE JAN 1     25                         7     18       31
...................................................................


WIND (MPH)
  HIGHEST WIND SPEED    18   HIGHEST WIND DIRECTION     S (180)
  HIGHEST GUST SPEED    27   HIGHEST GUST DIRECTION     S (180)
  AVERAGE WIND SPEED    10.6


SKY COVER
  AVERAGE SKY COVER 0.9


WEATHER CONDITIONS
THE FOLLOWING WEATHER WAS RECORDED YESTERDAY.
  FOG
  HAZE


RELATIVE HUMIDITY (PERCENT)
 HIGHEST   100          12:00 AM
 LOWEST     60          12:00 PM
 AVERAGE    80

..........................................................


THE MOBILE CLIMATE NORMALS FOR TODAY
                         NORMAL    RECORD    YEAR
 MAXIMUM TEMPERATURE (F)   68        82      2012
                                             2018
 MINIMUM TEMPERATURE (F)   46        25      1920


SUNRISE AND SUNSET
MARCH  1 2021.........SUNRISE   6:19 AM CST   SUNSET   5:52 PM CST
MARCH  2 2021.........SUNRISE   6:18 AM CST   SUNSET   5:53 PM CST


-  INDICATES NEGATIVE NUMBERS.
R  INDICATES RECORD WAS SET OR TIED.
MM INDICATES DATA IS MISSING.
T  INDICATES TRACE AMOUNT.




$$
