000
CDUS44 KMOB 270645
CLIMOB


CLIMATE REPORT
NATIONAL WEATHER SERVICE MOBILE AL
1245 AM CST THU FEB 27 2020


...................................

...THE MOBILE CLIMATE SUMMARY FOR FEBRUARY 26 2020...

CLIMATE NORMAL PERIOD 1981 TO 2010
CLIMATE RECORD PERIOD 1842 TO 2020


WEATHER ITEM   OBSERVED TIME   RECORD YEAR NORMAL DEPARTURE LAST
                VALUE   (LST)  VALUE       VALUE  FROM      YEAR
                                                  NORMAL
..................................................................
TEMPERATURE (F)
 YESTERDAY
  MAXIMUM         60    148 PM  81    1972  67     -7       69
  MINIMUM         39   1159 PM  25    1974  46     -7       51
                                      1967
  AVERAGE         50                        56     -6       60

PRECIPITATION (IN)
  YESTERDAY        T             2.32 1929   0.18  -0.18     0.04
  MONTH TO DATE    5.01                      4.75   0.26     4.51
  SINCE MAR 1     64.79                     65.78  -0.99    62.54
  SINCE JAN 1      9.58                     10.40  -0.82     8.78

SNOWFALL (IN)
  YESTERDAY       MM            MM      MM   0.0   MM        0.0
  MONTH TO DATE    0.0                       0.1   -0.1      0.0
  SINCE MAR 1      0.0                       0.2   -0.2       T
  SINCE JUL 1      0.0                       0.1   -0.1       T
  SNOW DEPTH       0

DEGREE DAYS
 HEATING
  YESTERDAY       15                         9      6        5
  MONTH TO DATE  236                       304    -68      122
  SINCE DEC 1    896                      1167   -271      844
  SINCE JUL 1   1163                      1425   -262     1130

 COOLING
  YESTERDAY        0                         0      0        0
  MONTH TO DATE   21                         0     21       61
  SINCE DEC 1     43                        22     21       86
  SINCE JAN 1     31                         7     24       63
..................................................................


WIND (MPH)
  HIGHEST WIND SPEED    25   HIGHEST WIND DIRECTION    NW (310)
  HIGHEST GUST SPEED    40   HIGHEST GUST DIRECTION    NW (310)
  AVERAGE WIND SPEED     9.3


SKY COVER
  POSSIBLE SUNSHINE  MM
  AVERAGE SKY COVER 0.6


WEATHER CONDITIONS
 THE FOLLOWING WEATHER WAS RECORDED YESTERDAY.
  NO SIGNIFICANT WEATHER WAS OBSERVED.


RELATIVE HUMIDITY (PERCENT)
 HIGHEST   100           100 AM
 LOWEST     51           200 PM
 AVERAGE    76

..........................................................


THE MOBILE CLIMATE NORMALS FOR TODAY
                         NORMAL    RECORD    YEAR
 MAXIMUM TEMPERATURE (F)   67        82      1981
                                             1962
 MINIMUM TEMPERATURE (F)   46        24      2002


SUNRISE AND SUNSET
FEBRUARY 27 2020......SUNRISE   622 AM CST   SUNSET   550 PM CST
FEBRUARY 28 2020......SUNRISE   621 AM CST   SUNSET   551 PM CST


-  INDICATES NEGATIVE NUMBERS.
R  INDICATES RECORD WAS SET OR TIED.
MM INDICATES DATA IS MISSING.
T  INDICATES TRACE AMOUNT.




$$
