374
CDUS44 KMOB 232233
CLIMOB


CLIMATE REPORT
NATIONAL WEATHER SERVICE MOBILE AL
531 PM CDT MON APR 23 2018


...................................

...THE MOBILE CLIMATE SUMMARY FOR APRIL 23 2018...
VALID TODAY AS OF 0500 PM LOCAL TIME.

CLIMATE NORMAL PERIOD 1981 TO 2010
CLIMATE RECORD PERIOD 1842 TO 2018


WEATHER ITEM   OBSERVED TIME   RECORD YEAR NORMAL DEPARTURE LAST
                VALUE   (LST)  VALUE       VALUE  FROM      YEAR
                                                  NORMAL
..................................................................
TEMPERATURE (F)
 TODAY
  MAXIMUM         74    157 PM  90    1883  79     -5       72
  MINIMUM         58    546 AM  43    1927  57      1       57
  AVERAGE         66                        68     -2       65

PRECIPITATION (IN)
  TODAY            0.00          2.74 1888   0.14  -0.14     0.04
  MONTH TO DATE    3.02                      3.73  -0.71     3.34
  SINCE MAR 1      6.73                      9.87  -3.14     6.48
  SINCE JAN 1     16.31                     20.64  -4.33    18.69

DEGREE DAYS
 HEATING
  TODAY            0                         1     -1        0
  MONTH TO DATE   71                        55     16       22
  SINCE MAR 1    229                       244    -15      141
  SINCE JUL 1   1486                      1686   -200      912

 COOLING
  TODAY            1                         4     -3        0
  MONTH TO DATE   47                        68    -21      111
  SINCE MAR 1    102                       107     -5      206
  SINCE JAN 1    209                       123     86      281
..................................................................


WIND (MPH)
  HIGHEST WIND SPEED    13   HIGHEST WIND DIRECTION     W (260)
  HIGHEST GUST SPEED    20   HIGHEST GUST DIRECTION     W (270)
  AVERAGE WIND SPEED     6.4


SKY COVER
  POSSIBLE SUNSHINE  MM
  AVERAGE SKY COVER 0.6


WEATHER CONDITIONS
 THE FOLLOWING WEATHER WAS RECORDED TODAY.
  FOG


RELATIVE HUMIDITY (PERCENT)
 HIGHEST   100           200 AM
 LOWEST     46          1200 PM
 AVERAGE    73

..........................................................


THE MOBILE CLIMATE NORMALS FOR TOMORROW
                         NORMAL    RECORD    YEAR
 MAXIMUM TEMPERATURE (F)   79        91      1999
 MINIMUM TEMPERATURE (F)   58        37      2012


SUNRISE AND SUNSET
APRIL 23 2018.........SUNRISE   617 AM CDT   SUNSET   726 PM CDT
APRIL 24 2018.........SUNRISE   616 AM CDT   SUNSET   727 PM CDT


-  INDICATES NEGATIVE NUMBERS.
R  INDICATES RECORD WAS SET OR TIED.
MM INDICATES DATA IS MISSING.
T  INDICATES TRACE AMOUNT.




$$
