000
CDUS44 KMOB 022121
CLIPNS

CLIMATE REPORT
NATIONAL WEATHER SERVICE MOBILE AL
421 PM CDT MON AUG 02 2021

...................................

...THE PENSACOLA CLIMATE SUMMARY FOR AUGUST 2 2021...
VALID TODAY AS OF 0400 PM LOCAL TIME.

CLIMATE NORMAL PERIOD: 1991 TO 2020
CLIMATE RECORD PERIOD: 1879 TO 2021


WEATHER ITEM   OBSERVED TIME   RECORD YEAR NORMAL DEPARTURE LAST
                VALUE   (LST)  VALUE       VALUE  FROM      YEAR
                                                  NORMAL
...................................................................
TEMPERATURE (F)
 TODAY
  MAXIMUM         92  11:33 AM  99    1986  92      0       92
  MINIMUM         79   2:13 PM  69    1925  75      4       75
  AVERAGE         86                        83      3       84

PRECIPITATION (IN)
  TODAY            0.01          4.29 1881   0.26  -0.25     0.00
  MONTH TO DATE    0.05                      0.53  -0.48     0.00
  SINCE JUN 1     21.09                     15.74   5.35    16.31
  SINCE JAN 1     51.05                     40.21  10.84    32.79

DEGREE DAYS
 COOLING
  TODAY           21                        18      3       19
  MONTH TO DATE   43                        36      7       39
  SINCE JUN 1   1114                      1110      4     1113
  SINCE JAN 1   1667                      1672     -5     1874
...................................................................


WIND (MPH)
  HIGHEST WIND SPEED    17   HIGHEST WIND DIRECTION     S (190)
  HIGHEST GUST SPEED    22   HIGHEST GUST DIRECTION     S (200)
  AVERAGE WIND SPEED     5.5


SKY COVER
  AVERAGE SKY COVER 0.2


WEATHER CONDITIONS
THE FOLLOWING WEATHER WAS RECORDED TODAY.
  THUNDERSTORM
  LIGHT RAIN


RELATIVE HUMIDITY (PERCENT)
 HIGHEST    88          12:00 AM
 LOWEST     62          11:00 AM
 AVERAGE    75

..........................................................


THE PENSACOLA CLIMATE NORMALS FOR TOMORROW
                         NORMAL    RECORD    YEAR
 MAXIMUM TEMPERATURE (F)   92       101      1951
 MINIMUM TEMPERATURE (F)   75        69      1939
                                             1965


SUNRISE AND SUNSET
AUGUST  2 2021........SUNRISE   6:08 AM CDT   SUNSET   7:42 PM CDT
AUGUST  3 2021........SUNRISE   6:08 AM CDT   SUNSET   7:41 PM CDT


-  INDICATES NEGATIVE NUMBERS.
R  INDICATES RECORD WAS SET OR TIED.
MM INDICATES DATA IS MISSING.
T  INDICATES TRACE AMOUNT.




$$
