000
CDUS44 KMOB 140645
CLIPNS


CLIMATE REPORT
NATIONAL WEATHER SERVICE MOBILE AL
145 AM CDT MON OCT 14 2019


...................................

...THE PENSACOLA CLIMATE SUMMARY FOR OCTOBER 13 2019...

CLIMATE NORMAL PERIOD 1981 TO 2010
CLIMATE RECORD PERIOD 1879 TO 2019


WEATHER ITEM   OBSERVED TIME   RECORD YEAR NORMAL DEPARTURE LAST
                VALUE   (LST)  VALUE       VALUE  FROM      YEAR
                                                  NORMAL
..................................................................
TEMPERATURE (F)
 YESTERDAY
  MAXIMUM         87   1206 PM  90    2017  80      7       83
  MINIMUM         64    558 AM  43    1977  61      3       59
  AVERAGE         76                        70      6       71

PRECIPITATION (IN)
  YESTERDAY        0.01          2.62 2014   0.16  -0.15     0.00
  MONTH TO DATE    0.12                      2.25  -2.13     0.95
  SINCE MAR 1     34.63                     43.31  -8.68    51.74
  SINCE JAN 1     39.74                     53.00 -13.26    65.04

DEGREE DAYS
 HEATING
  YESTERDAY        0                         1     -1        0
  MONTH TO DATE    0                         3     -3        0
  SINCE SEP 1      0                         4     -4        0
  SINCE JUL 1      0                         4     -4        0

 COOLING
  YESTERDAY       11                         6      5        6
  MONTH TO DATE  217                       100    117      184
  SINCE SEP 1    812                       503    309      704
  SINCE JAN 1   3181                      2470    711     3035
..................................................................


WIND (MPH)
  HIGHEST WIND SPEED    12   HIGHEST WIND DIRECTION     N (20)
  HIGHEST GUST SPEED    17   HIGHEST GUST DIRECTION     N (20)
  AVERAGE WIND SPEED     5.9


SKY COVER
  POSSIBLE SUNSHINE  MM
  AVERAGE SKY COVER 0.6


WEATHER CONDITIONS
 THE FOLLOWING WEATHER WAS RECORDED YESTERDAY.
  RAIN


RELATIVE HUMIDITY (PERCENT)
 HIGHEST   100           500 AM
 LOWEST     59          1200 PM
 AVERAGE    80

..........................................................


THE PENSACOLA CLIMATE NORMALS FOR TODAY
                         NORMAL    RECORD    YEAR
 MAXIMUM TEMPERATURE (F)   80        89      1884
 MINIMUM TEMPERATURE (F)   61        42      1977


SUNRISE AND SUNSET
OCTOBER 14 2019.......SUNRISE   650 AM CDT   SUNSET   619 PM CDT
OCTOBER 15 2019.......SUNRISE   651 AM CDT   SUNSET   618 PM CDT


-  INDICATES NEGATIVE NUMBERS.
R  INDICATES RECORD WAS SET OR TIED.
MM INDICATES DATA IS MISSING.
T  INDICATES TRACE AMOUNT.




$$
