000
CXUS54 KMOB 011432 CCA
CLMMOB

CLIMATE REPORT
NATIONAL WEATHER SERVICE MOBILE AL
912 AM CDT THU JUL 01 2021

...................................

...THE MOBILE CLIMATE SUMMARY FOR THE MONTH OF JUNE 2021...

CLIMATE NORMAL PERIOD: 1991 TO 2020
CLIMATE RECORD PERIOD: 1842 TO 2021

WEATHER         OBSERVED          NORMAL  DEPART   LAST YEAR`S
                VALUE   DATE(S)   VALUE   FROM     VALUE DATE(S)
                                          NORMAL
................................................................
TEMPERATURE (F)
RECORD
 HIGH            103   06/04/2011
 LOW              49   06/01/1984

HIGHEST           94   06/15                          92  06/30
                                                          06/29
                                                          06/15
LOWEST            64   06/01                          65  06/11
AVG. MAXIMUM    87.5               89.4    -1.9     88.2
AVG. MINIMUM    71.0               70.8     0.2     70.6
MEAN            79.3               80.1    -0.8     79.4
DAYS MAX >= 90     7               15.7    -8.7       14
DAYS MAX <= 32     0                0.0     0.0        0
DAYS MIN <= 32     0                0.0     0.0        0
DAYS MIN <= 0      0                0.0     0.0        0

PRECIPITATION (INCHES)
RECORD
 MAXIMUM       26.67   1900
 MINIMUM        0.53   1902
TOTALS         14.22               6.55    7.67     9.70
DAILY AVG.      0.47               0.22    0.25     0.32
DAYS >= .01       19               12.4     6.6       12
DAYS >= .10       11                8.5     2.5       11
DAYS >= .50        6                3.8     2.2        4
DAYS >= 1.00       4                2.1     1.9        1
GREATEST
 24 HR. TOTAL   5.01   06/18 TO 06/19

DEGREE DAYS
COOLING TOTAL    436                453     -17      439
 SINCE 1/1       825                930    -105      983
................................................................

WIND (MPH)
AVERAGE WIND SPEED              6.9
HIGHEST WIND SPEED/DIRECTION    37/170    DATE  06/19
HIGHEST GUST SPEED/DIRECTION    49/150    DATE  06/19

SKY COVER
POSSIBLE SUNSHINE (PERCENT)
AVERAGE SKY COVER           0.55
NUMBER OF DAYS FAIR            2
NUMBER OF DAYS PC             27
NUMBER OF DAYS CLOUDY          1

AVERAGE RH (PERCENT)     80

WEATHER CONDITIONS. NUMBER OF DAYS WITH
THUNDERSTORM             16     MIXED PRECIP               0
HEAVY RAIN               10     RAIN                       7
LIGHT RAIN               20     FREEZING RAIN              0
LT FREEZING RAIN          0     HAIL                       0
HEAVY SNOW                0     SNOW                       0
LIGHT SNOW                0     SLEET                      0
FOG                      20     FOG W/VIS <= 1/4 MILE      5
HAZE                      6

-  INDICATES NEGATIVE NUMBERS.
R  INDICATES RECORD WAS SET OR TIED.
MM INDICATES DATA IS MISSING.
T  INDICATES TRACE AMOUNT.

$$
