000
CXUS54 KMOB 012037
CLMMOB


CLIMATE REPORT
NATIONAL WEATHER SERVICE MOBILE AL
317 PM CDT TUE OCT 1 2019

...................................

...THE MOBILE CLIMATE SUMMARY FOR THE MONTH OF SEPTEMBER 2019...

CLIMATE NORMAL PERIOD 1981 TO 2010
CLIMATE RECORD PERIOD 1842 TO 2019

WEATHER         OBSERVED          NORMAL  DEPART  LAST YEAR`S
                 VALUE   DATE(S)  VALUE   FROM    VALUE  DATE(S)
                                          NORMAL
................................................................
TEMPERATURE (F)
RECORD
 HIGH             103   09/05/1925
 LOW               42   09/29/1967
HIGHEST           100   09/18                         96  09/19
                                                          09/18
                                                          09/17
LOWEST             67   09/23                         71  09/08
AVG. MAXIMUM     94.3              87.0     7.3     90.6
AVG. MINIMUM     72.1              68.0     4.1     73.8
MEAN             83.2              77.5     5.7     82.2
DAYS MAX >= 90     29               9.0    20.0       21
DAYS MAX <= 32      0               0.0     0.0        0
DAYS MIN <= 32      0               0.0     0.0        0
DAYS MIN <= 0       0               0.0     0.0        0

PRECIPITATION (INCHES)
RECORD
 MAXIMUM         8.60   09/28/1998
TOTALS           1.57              5.11   -3.54     5.24
DAILY AVG.       0.05              0.17   -0.12     0.17
DAYS >= .01         1               8.8    -7.8       14
DAYS >= .10         1               6.2    -5.2       10
DAYS >= .50         1               2.9    -1.9        2
DAYS >= 1.00        1               1.5    -0.5        1
GREATEST
 24 HR. TOTAL    1.57   09/19 TO 09/19

DEGREE_DAYS
COOLING TOTAL     555               377     178      523
 SINCE 1/1       2835              2304     531     2742
.................................................................

WIND (MPH)
AVERAGE WIND SPEED              5.2
HIGHEST WIND SPEED/DIRECTION    21/150    DATE  09/19
HIGHEST GUST SPEED/DIRECTION    28/150    DATE  09/19

SKY COVER
POSSIBLE SUNSHINE (PERCENT)
AVERAGE SKY COVER           0.30
NUMBER OF DAYS FAIR           25
NUMBER OF DAYS PC              5
NUMBER OF DAYS CLOUDY          0

AVERAGE RH (PERCENT)     73

WEATHER CONDITIONS. NUMBER OF DAYS WITH

THUNDERSTORM              3     MIXED PRECIP               0
HEAVY RAIN                1     RAIN                       1
LIGHT RAIN                1     FREEZING RAIN              0
LT FREEZING RAIN          0     HAIL                       0
HEAVY SNOW                0     SNOW                       0
LIGHT SNOW                0     SLEET                      0
FOG                       8     FOG W/VIS <= 1/4 MILE      1
HAZE                      3

-  INDICATES NEGATIVE NUMBERS.
R  INDICATES RECORD WAS SET OR TIED.
MM INDICATES DATA IS MISSING.
T  INDICATES TRACE AMOUNT.

$$
