000
CXUS54 KMOB 012037
CLMPNS


CLIMATE REPORT
NATIONAL WEATHER SERVICE MOBILE AL
317 PM CDT TUE OCT 1 2019

...................................

...THE PENSACOLA CLIMATE SUMMARY FOR THE MONTH OF SEPTEMBER 2019...

CLIMATE NORMAL PERIOD 1981 TO 2010
CLIMATE RECORD PERIOD 1879 TO 2019

WEATHER         OBSERVED          NORMAL  DEPART  LAST YEAR`S
                 VALUE   DATE(S)  VALUE   FROM    VALUE  DATE(S)
                                          NORMAL
................................................................
TEMPERATURE (F)
RECORD
 HIGH             102   09/18/2019
                        09/05/1925
 LOW               43   09/29/1967
HIGHEST           102R  09/18                         97  09/15
LOWEST             70   09/23                         73  09/01
AVG. MAXIMUM     93.8              86.5     7.3     88.8
AVG. MINIMUM     75.4              70.3     5.1     75.3
MEAN             84.6              78.4     6.2     82.1
DAYS MAX >= 90     26               6.3    19.7       13
DAYS MAX <= 32      0               0.0     0.0        0
DAYS MIN <= 32      0               0.0     0.0        0
DAYS MIN <= 0       0               0.0     0.0        0

PRECIPITATION (INCHES)
RECORD
 MAXIMUM        11.68   09/24/1956
TOTALS              T              5.98   -5.98    18.25
DAILY AVG.          T              0.20   -0.20     0.61
DAYS >= .01         0               8.8    -8.8       19
DAYS >= .10         0               6.0    -6.0       13
DAYS >= .50         0               3.1    -3.1        8
DAYS >= 1.00        0               2.0    -2.0        4
GREATEST
 24 HR. TOTAL       T   09/18 TO 09/18
                        09/01 TO 09/01

DEGREE_DAYS
COOLING TOTAL     595               403     192      520
 SINCE 1/1       2964              2370     594     2851
.................................................................

WIND (MPH)
AVERAGE WIND SPEED              7.1
HIGHEST WIND SPEED/DIRECTION    22/130    DATE  09/19
HIGHEST GUST SPEED/DIRECTION    31/030    DATE  09/04

SKY COVER
POSSIBLE SUNSHINE (PERCENT)
AVERAGE SKY COVER           0.10
NUMBER OF DAYS FAIR           28
NUMBER OF DAYS PC              2
NUMBER OF DAYS CLOUDY          0

AVERAGE RH (PERCENT)     72

WEATHER CONDITIONS. NUMBER OF DAYS WITH
THUNDERSTORM              1     MIXED PRECIP               0
HEAVY RAIN                0     RAIN                       0
LIGHT RAIN                0     FREEZING RAIN              0
LT FREEZING RAIN          0     HAIL                       0
HEAVY SNOW                0     SNOW                       0
LIGHT SNOW                0     SLEET                      0
FOG                       1     FOG W/VIS <= 1/4 MILE      0
HAZE                      1

-  INDICATES NEGATIVE NUMBERS.
R  INDICATES RECORD WAS SET OR TIED.
MM INDICATES DATA IS MISSING.
T  INDICATES TRACE AMOUNT.

$$
