000
CXUS54 KMOB 011434 CCA
CLMPNS

CLIMATE REPORT
NATIONAL WEATHER SERVICE MOBILE AL
912 AM CDT THU JUL 01 2021

...................................

...THE PENSACOLA CLIMATE SUMMARY FOR THE MONTH OF JUNE 2021...

CLIMATE NORMAL PERIOD: 1991 TO 2020
CLIMATE RECORD PERIOD: 1879 TO 2021

WEATHER         OBSERVED          NORMAL  DEPART   LAST YEAR`S
                VALUE   DATE(S)   VALUE   FROM     VALUE DATE(S)
                                          NORMAL
................................................................
TEMPERATURE (F)
RECORD
 HIGH            102   06/04/2011
                       06/23/2009

 LOW              55   06/11/1913
                       06/01/1889
HIGHEST           96   06/12                          95  06/15
LOWEST            70   06/01                          69  06/15
AVG. MAXIMUM    88.5               90.0    -1.5     88.6
AVG. MINIMUM    74.1               73.5     0.6     74.4
MEAN            81.3               81.7    -0.4     81.5
DAYS MAX >= 90     9               13.7    -4.7       11
DAYS MAX <= 32     0                0.0     0.0        0
DAYS MIN <= 32     0                0.0     0.0        0
DAYS MIN <= 0      0                0.0     0.0        0

PRECIPITATION (INCHES)
RECORD
 MAXIMUM       21.14   1994
 MINIMUM        0.26   1954
TOTALS         12.26               7.32    4.94     7.46
DAILY AVG.      0.41               0.24    0.17     0.25
DAYS >= .01       18               12.0     6.0       11
DAYS >= .10       10                8.8     1.2        8
DAYS >= .50        6                3.9     2.1        3
DAYS >= 1.00       4                1.9     2.1        3
GREATEST
 24 HR. TOTAL   4.83   06/18 TO 06/19

DEGREE DAYS
COOLING TOTAL    499                502      -3      503
 SINCE 1/1      1052               1064     -12     1264
................................................................

WIND (MPH)
AVERAGE WIND SPEED              8.5
HIGHEST WIND SPEED/DIRECTION    58/150    DATE  06/19
HIGHEST GUST SPEED/DIRECTION    81/140    DATE  06/19

SKY COVER
POSSIBLE SUNSHINE (PERCENT)   MM
AVERAGE SKY COVER           0.37
NUMBER OF DAYS FAIR           14
NUMBER OF DAYS PC             15
NUMBER OF DAYS CLOUDY          1

AVERAGE RH (PERCENT)     78

WEATHER CONDITIONS. NUMBER OF DAYS WITH
THUNDERSTORM             14     MIXED PRECIP               0
HEAVY RAIN               12     RAIN                      10
LIGHT RAIN               19     FREEZING RAIN              0
LT FREEZING RAIN          0     HAIL                       0
HEAVY SNOW                0     SNOW                       0
LIGHT SNOW                0     SLEET                      0
FOG                      15     FOG W/VIS <= 1/4 MILE      2
HAZE                      2

-  INDICATES NEGATIVE NUMBERS.
R  INDICATES RECORD WAS SET OR TIED.
MM INDICATES DATA IS MISSING.
T  INDICATES TRACE AMOUNT.

$$
