000
CXUS53 KGRR 011010
CF6BTL
PRELIMINARY LOCAL CLIMATOLOGICAL DATA (WS FORM: F-6)
STATION: BATTLE CREEK
MONTH: DECEMBER
YEAR: 2021
LATITUDE: 42 17 N
LONGITUDE: 85 14 W
TEMPERATURE IN F: :PCPN: SNOW: WIND :SUNSHINE: SKY :PK WND
================================================================================
1 2 3 4 5 6A 6B 7 8 9 10 11 12 13 14 15 16 17 18
12Z AVG MX 2MIN
DY MAX MIN AVG DEP HDD CDD WTR SNW DPTH SPD SPD DIR MIN PSBL S-S WX SPD DR
================================================================================
1 46 27 37 3 28 0 T M M 9.4 20 230 M M 7 18 27 220
2 53 36 45 11 20 0 0.00 M M 13.5 30 280 M M 3 18 43 260
3 39 35 37 3 28 0 0.05 M M 3.5 9 150 M M 10 1 12 130
4 43 31 37 4 28 0 0.00 M M 9.2 23 300 M M 4 1 30 310
5 43 33 38 5 27 0 0.27 M M 8.4 24 120 M M 10 1 34 120
6 43 23 33 1 32 0 0.04 M M 16.1 29 280 M M 10 128 43 290
7 23 16 20 -12 45 0 T M M 7.2 15 280 M M 8 19 300
8 30 21 26 -6 39 0 T M M 7.0 14 170 M M 10 16 170
9 39 27 33 1 32 0 0.00 M M 8.8 21 130 M M 7 18 31 130
10 53 33 43 12 22 0 0.35 M M 7.5 20 160 M M 4 18 33 150
11 59 31 45 14 20 0 0.58 M M 17.6 45 260 M M 7 13 65 240
12 47 30 39 8 26 0 0.00 M M 14.2 21 210 M M 0 28 210
13 49 28 39 8 26 0 0.00 M M 8.3 17 230 M M 0 24 230
14 51 26 39 9 26 0 T M M 8.0 16 160 M M 3 24 170
15 62 45 54 24 11 0 0.09 M M 16.5 28 190 M M 10 1 43 180
16 61 36 49 19 16 0 0.00 M M 23.1 38 230 M M 4 52 190
17 40 27 34 4 31 0 T M M 7.9 20 270 M M 2 28 270
18 36 28 32 3 33 0 0.27 M M 8.0 14 70 M M 9 16 18 40
19 33 26 30 1 35 0 0.00 M M 4.8 13 180 M M 9 18 190
20 41 27 34 5 31 0 0.00 M M 11.6 21 200 M M 1 27 200
21 39 20 30 1 35 0 0.00 M M 11.3 30 280 M M 5 18 41 270
22 32 19 26 -2 39 0 0.02 M M 11.4 26 300 M M 9 18 36 310
23 40 22 31 3 34 0 0.00 M M 8.6 17 160 M M 8 26 170
24 52 29 41 13 24 0 0.02 M M 9.5 20 180 M M 7 12 29 190
25 54 28 41 13 24 0 0.18 M M 7.4 15 330 M M 7 1 21 330
26 39 21 30 2 35 0 0.00 M M 5.1 16 80 M M 1 12 23 110
27 41 32 37 10 28 0 0.46 M M 11.0 21 110 M M 8 1236 31 120
28 35 30 33 6 32 0 0.26 M M 6.7 14 100 M M 6 12 20 110
29 37 28 33 6 32 0 0.00 M M 6.6 20 280 M M 9 1 26 290
30 34 27 31 4 34 0 0.01 M M 5.5 9 70 M M 10 18 13 40
31 44 34 39 13 26 0 0.02 M M 6.5 17 240 M M 10 1 23 240
================================================================================
SM 1338 876 899 0 2.62 M 300.2 M 198
================================================================================
AV 43.2 28.3 9.7 FASTST M M 6 MAX(MPH)
MISC ----> 45 260 65 240
================================================================================
NOTES:
# LAST OF SEVERAL OCCURRENCES
COLUMN 17 PEAK WIND IN M.P.H.
PRELIMINARY LOCAL CLIMATOLOGICAL DATA (WS FORM: F-6) , PAGE 2
STATION: BATTLE CREEK
MONTH: DECEMBER
YEAR: 2021
LATITUDE: 42 17 N
LONGITUDE: 85 14 W
[TEMPERATURE DATA] [PRECIPITATION DATA] SYMBOLS USED IN COLUMN 16
AVERAGE MONTHLY: 35.7 TOTAL FOR MONTH: 2.62 1 = FOG OR MIST
DPTR FM NORMAL: 5.7 DPTR FM NORMAL: 1.19 2 = FOG REDUCING VISIBILITY
HIGHEST: 62 ON 15 GRTST 24HR 0.93 ON 10-11 TO 1/4 MILE OR LESS
LOWEST: 16 ON 7 3 = THUNDER
SNOW, ICE PELLETS, HAIL 4 = ICE PELLETS
TOTAL MONTH: M 5 = HAIL
GRTST 24HR M ON M 6 = FREEZING RAIN OR DRIZZLE
GRTST DEPTH: M ON M 7 = DUSTSTORM OR SANDSTORM:
VSBY 1/2 MILE OR LESS
8 = SMOKE OR HAZE
[NO. OF DAYS WITH] [WEATHER - DAYS WITH] 9 = BLOWING SNOW
X = TORNADO
MAX 32 OR BELOW: 3 0.01 INCH OR MORE: 14
MAX 90 OR ABOVE: 0 0.10 INCH OR MORE: 7
MIN 32 OR BELOW: 24 0.50 INCH OR MORE: 1
MIN 0 OR BELOW: 0 1.00 INCH OR MORE: 0
[HDD (BASE 65) ]
TOTAL THIS MO. 899 CLEAR (SCALE 0-3) 6
DPTR FM NORMAL -187 PTCLDY (SCALE 4-7) 13
TOTAL FM JUL 1 1963 CLOUDY (SCALE 8-10) 12
DPTR FM NORMAL -442
[CDD (BASE 65) ]
TOTAL THIS MO. 0
DPTR FM NORMAL 0 [PRESSURE DATA]
TOTAL FM JAN 1 1002 HIGHEST SLP 30.47 ON 14
DPTR FM NORMAL 287 LOWEST SLP 29.18 ON 11
[REMARKS]
#FINAL-12-21#