000
CXUS55 KGJT 040927 CCA
CF6CEZ
PRELIMINARY LOCAL CLIMATOLOGICAL DATA (WS FORM: F-6)
CORR TO 24 HR GREATEST PRECIP
STATION: CORTEZ CO
MONTH: JANUARY
YEAR: 2021
LATITUDE: 37 17 N
LONGITUDE: 108 38 W
TEMPERATURE IN F: :PCPN: SNOW: WIND :SUNSHINE: SKY :PK WND
================================================================================
1 2 3 4 5 6A 6B 7 8 9 10 11 12 13 14 15 16 17 18
12Z AVG MX 2MIN
DY MAX MIN AVG DEP HDD CDD WTR SNW DPTH SPD SPD DIR MIN PSBL S-S WX SPD DR
================================================================================
1 36 12 24 -3 41 0 0.00 M M 4.2 14 210 M M 5 17 200
2 38 8 23 -4 42 0 0.00 M M 6.5 16 290 M M 0 22 290
3 41 9 25 -2 40 0 0.00 M M 5.5 17 290 M M 1 22 280
4 42 13 28 1 37 0 0.00 M M 4.7 12 190 M M 3 14 190
5 45 18 32 5 33 0 0.00 M M 8.6 24 320 M M 1 36 330
6 43 12 28 1 37 0 0.00 M M 6.3 20 280 M M 0 25 280
7 45 13 29 2 36 0 0.00 M M 4.8 22 290 M M 0 26 280
8 42 10 26 -1 39 0 0.00 M M 3.7 10 190 M M 0 16 180
9 42 13 28 0 37 0 0.00 M M 4.6 18 300 M M 1 24 300
10 38 12 25 -3 40 0 0.00 M M 5.3 15 210 M M 2 18 200
11 40 5 23 -5 42 0 0.00 M M 3.9 12 60 M M 0 13 60
12 36 2 19 -9 46 0 0.00 M M 4.9 13 290 M M 0 16 290
13 43 11 27 -1 38 0 0.00 M M 6.8 20 280 M M 0 25 280
14 47 16 32 4 33 0 0.00 M M 10.3 25 330 M M 0 36 320
15 53 12 33 5 32 0 0.00 M M 8.2 18 330 M M 0 28 330
16 51 20 36 8 29 0 0.00 M M 8.1 23 340 M M 1 34 340
17 54 16 35 7 30 0 0.00 M M 8.4 22 330 M M 0 34 320
18 50 19 35 7 30 0 0.00 M M 6.7 15 290 M M 1 22 290
19 37 17 27 -1 38 0 0.16 M M 6.2 22 140 M M 8 18 33 140
20 40 13 27 -1 38 0 0.00 M M 5.5 15 200 M M 1 17 200
21 43 15 29 1 36 0 0.00 M M 3.1 13 200 M M 7 16 200
22 42 24 33 5 32 0 0.03 M M 3.0 15 180 M M 10 1 22 130
23 43 24 34 6 31 0 0.05 M M 6.6 24 190 M M 7 1 35 190
24 40 25 33 5 32 0 0.25 M M 3.5 16 290 M M 8 1 20 310
25 34 20 27 -2 38 0 0.18 M M 9.0 23 120 M M 9 128 35 180
26 27 8 18 -11 47 0 0.14 M M 5.9 22 200 M M 9 128 26 200
27 31 -5 13 -16 52 0 0.00 M M 4.3 14 210 M M 5 16 210
28 42 9 26 -3 39 0 0.00 M M 5.3 20 190 M M 0 23 190
29 51 27 39 10 26 0 T M M 9.4 26 190 M M 7 1 33 180
30 40 18 29 0 36 0 T M M 6.8 17 280 M M 5 24 280
31 42 10 26 -3 39 0 0.00 M M 5.0 13 200 M M 0 15 210
================================================================================
SM 1298 426 1146 0 0.81 M 185.1 M 91
================================================================================
AV 41.9 13.7 6.0 FASTST M M 3 MAX(MPH)
MISC ----> 26 190 # 36 330
================================================================================
NOTES:
# LAST OF SEVERAL OCCURRENCES
COLUMN 17 PEAK WIND IN M.P.H.
PRELIMINARY LOCAL CLIMATOLOGICAL DATA (WS FORM: F-6) , PAGE 2
STATION: CORTEZ CO
MONTH: JANUARY
YEAR: 2021
LATITUDE: 37 17 N
LONGITUDE: 108 38 W
[TEMPERATURE DATA] [PRECIPITATION DATA] SYMBOLS USED IN COLUMN 16
AVERAGE MONTHLY: 27.8 TOTAL FOR MONTH: 0.81 1 = FOG OR MIST
DPTR FM NORMAL: -0.2 DPTR FM NORMAL: -0.20 2 = FOG REDUCING VISIBILITY
HIGHEST: 54 ON 17 GRTST 24HR 0.33 ON 24-25 TO 1/4 MILE OR LESS
LOWEST: -5 ON 27 3 = THUNDER
SNOW, ICE PELLETS, HAIL 4 = ICE PELLETS
TOTAL MONTH: M 5 = HAIL
GRTST 24HR M ON M 6 = FREEZING RAIN OR DRIZZLE
GRTST DEPTH: M ON M 7 = DUSTSTORM OR SANDSTORM:
VSBY 1/2 MILE OR LESS
8 = SMOKE OR HAZE
[NO. OF DAYS WITH] [WEATHER - DAYS WITH] 9 = BLOWING SNOW
X = TORNADO
MAX 32 OR BELOW: 2 0.01 INCH OR MORE: 6
MAX 90 OR ABOVE: 0 0.10 INCH OR MORE: 4
MIN 32 OR BELOW: 31 0.50 INCH OR MORE: 0
MIN 0 OR BELOW: 1 1.00 INCH OR MORE: 0
[HDD (BASE 65) ]
TOTAL THIS MO. 1146 CLEAR (SCALE 0-3) 19
DPTR FM NORMAL -1 PTCLDY (SCALE 4-7) 7
TOTAL FM JUL 1 3762 CLOUDY (SCALE 8-10) 5
DPTR FM NORMAL -44
[CDD (BASE 65) ]
TOTAL THIS MO. 0
DPTR FM NORMAL 0 [PRESSURE DATA]
TOTAL FM JAN 1 0 HIGHEST SLP 30.60 ON 12
DPTR FM NORMAL 0 LOWEST SLP 29.56 ON 25
[REMARKS]
#FINAL-01-21#