000
CXUS52 KRAH 010845
CF6FAY
PRELIMINARY LOCAL CLIMATOLOGICAL DATA (WS FORM: F-6)
STATION: FAYETTEVILLE NC
MONTH: JULY
YEAR: 2022
LATITUDE: 35 0 N
LONGITUDE: 78 53 W
TEMPERATURE IN F: :PCPN: SNOW: WIND :SUNSHINE: SKY :PK WND
================================================================================
1 2 3 4 5 6A 6B 7 8 9 10 11 12 13 14 15 16 17 18
12Z AVG MX 2MIN
DY MAX MIN AVG DEP HDD CDD WTR SNW DPTH SPD SPD DIR MIN PSBL S-S WX SPD DR
================================================================================
1 88 71 80 -1 0 15 0.09 M M 4.0 20 170 M M 3 13 26 180
2 90 71 81 0 0 16 0.06 M M 5.5 16 110 M M 5 12 20 120
3 99 72 86 5 0 21 0.08 M M 5.2 16 240 M M 3 13 21 200
4 91 74 83 2 0 18 0.36 M M 5.4 22 110 M M 7 13 29 120
5 93 74 84 3 0 19 0.02 M M 5.5 21 200 M M 6 12 25 190
6 97 74 86 4 0 21 0.00 M M 8.2 26 240 M M 1 33 240
7 97 74 86 4 0 21 2.33 M M 7.9 24 320 M M 3 13 33 330
8 92 73 83 1 0 18 1.10 M M 7.0 13 200 M M 2 13 17 260
9 90 74 82 0 0 17 0.82 M M 7.6 17 30 M M 6 13 20 30
10 74 68 71 -11 0 6 0.19 M M 8.6 16 10 M M 10 1 20 360
11 83 64 74 -8 0 9 0.00 M M 6.0 16 360 M M 9 1 20 360
12 88 71 80 -2 0 15 0.00 M M 6.9 15 240 M M 2 1 20 200
13 88 74 81 -1 0 16 0.01 M M 8.9 18 210 M M 2 3 23 200
14 87 74 81 -1 0 16 0.01 M M 5.8 13 360 M M 7 13 15 360
15 87 72 80 -2 0 15 T M M 5.5 16 200 M M 5 3 22 220
16 90 72 81 -1 0 16 0.65 M M 5.3 24 280 M M 3 13 32 280
17 92 72 82 0 0 17 0.00 M M 7.0 16 160 M M 1 21 170
18 91 72 82 0 0 17 0.00 M M 7.5 16 200 M M 2 21 220
19 93 75 84 2 0 19 0.00 M M 9.6 21 260 M M 3 26 240
20 92 72 82 0 0 17 0.00 M M 9.9 24 210 M M 2 29 220
21 92 76 84 2 0 19 0.00 M M 12.8 25 230 M M 4 34 220
22 92 73 83 1 0 18 2.36 M M 6.8 39 310 M M 5 138 57 290
23 94 73 84 2 0 19 0.00 M M 6.4 13 180 M M 1 19 170
24 94 74 84 2 0 19 0.00 M M 6.7 18 140 M M 2 1 22 140
25 92 76 84 2 0 19 0.00 M M 9.5 20 220 M M 4 26 230
26 95 76 86 4 0 21 0.00 M M 10.7 21 200 M M 2 28 240
27 97 77 87 5 0 22 0.00 M M 10.2 23 250 M M 1 29 250
28 100 78 89 7 0 24 0.00 M M 11.3 21 220 M M 1 27 260
29 99 77 88 6 0 23 0.19 M M 8.6 24 260 M M 3 3 31 280
30 96 76 86 5 0 21 0.34 M M 4.8 31 150 M M 3 13 36 140
31 95 75 85 4 0 20 0.01 M M 7.3 26 240 M M 3 123 31 240
================================================================================
SM 2848 2274 0 554 8.62 M 232.4 M 111
================================================================================
AV 91.9 73.4 7.5 FASTST M M 4 MAX(MPH)
MISC ----> 39 310 57 290
================================================================================
NOTES:
# LAST OF SEVERAL OCCURRENCES
COLUMN 17 PEAK WIND IN M.P.H.
PRELIMINARY LOCAL CLIMATOLOGICAL DATA (WS FORM: F-6) , PAGE 2
STATION: FAYETTEVILLE NC
MONTH: JULY
YEAR: 2022
LATITUDE: 35 0 N
LONGITUDE: 78 53 W
[TEMPERATURE DATA] [PRECIPITATION DATA] SYMBOLS USED IN COLUMN 16
AVERAGE MONTHLY: 82.6 TOTAL FOR MONTH: 8.62 1 = FOG OR MIST
DPTR FM NORMAL: 0.9 DPTR FM NORMAL: 3.67 2 = FOG REDUCING VISIBILITY
HIGHEST: 100 ON 28 GRTST 24HR 3.00 ON 7- 8 TO 1/4 MILE OR LESS
LOWEST: 64 ON 11 3 = THUNDER
SNOW, ICE PELLETS, HAIL 4 = ICE PELLETS
TOTAL MONTH: M 5 = HAIL
GRTST 24HR M ON M 6 = FREEZING RAIN OR DRIZZLE
GRTST DEPTH: M ON M 7 = DUSTSTORM OR SANDSTORM:
VSBY 1/2 MILE OR LESS
8 = SMOKE OR HAZE
[NO. OF DAYS WITH] [WEATHER - DAYS WITH] 9 = BLOWING SNOW
X = TORNADO
MAX 32 OR BELOW: 0 0.01 INCH OR MORE: 16
MAX 90 OR ABOVE: 24 0.10 INCH OR MORE: 9
MIN 32 OR BELOW: 0 0.50 INCH OR MORE: 5
MIN 0 OR BELOW: 0 1.00 INCH OR MORE: 3
[HDD (BASE 65) ]
TOTAL THIS MO. 0 CLEAR (SCALE 0-3) 20
DPTR FM NORMAL 0 PTCLDY (SCALE 4-7) 9
TOTAL FM JUL 1 0 CLOUDY (SCALE 8-10) 2
DPTR FM NORMAL 0
[CDD (BASE 65) ]
TOTAL THIS MO. 554
DPTR FM NORMAL 38 [PRESSURE DATA]
TOTAL FM JAN 1 1445 HIGHEST SLP 30.15 ON 31
DPTR FM NORMAL 229 LOWEST SLP 29.81 ON 21
[REMARKS]
#FINAL-07-22#