000
CXUS56 KLOX 011155
CF6HHR
PRELIMINARY LOCAL CLIMATOLOGICAL DATA (WS FORM: F-6)
STATION: HAWTHORNE AIRPORT CA
MONTH: JUNE
YEAR: 2023
LATITUDE: 33 55 N
LONGITUDE: 118 20 W
TEMPERATURE IN F: :PCPN: SNOW: WIND :SUNSHINE: SKY :PK WND
================================================================================
1 2 3 4 5 6A 6B 7 8 9 10 11 12 13 14 15 16 17 18
12Z AVG MX 2MIN
DY MAX MIN AVG DEP HDD CDD WTR SNW DPTH SPD SPD DIR MIN PSBL S-S WX SPD DR
================================================================================
1 69 64 67 1 0 2 0.00 M M 5.1 12 250 M M 10 17 250
2 73 63 68 2 0 3 0.00 M M 6.7 17 260 M M 5 23 260
3 72 61 67 1 0 2 0.00 M M 5.5 15 250 M M 3 21 250
4 70 63 67 1 0 2 0.00 M M 5.2 17 260 M M 9 8 24 250
5 71 61 66 0 0 1 0.00 M M 4.8 13 260 M M 10 17 230
6 68 62 65 -1 0 0 T M M 5.6 15 250 M M 7 20 240
7 71 63 67 1 0 2 T M M 4.6 14 250 M M 6 25 260
8 73 62 68 2 0 3 0.00 M M 6.6 17 250 M M 2 8 24 270
9 71 63 67 1 0 2 0.00 M M 5.6 15 250 M M M 22 260
10 70 65 68 2 0 3 0.00 M M 4.9 13 260 M M 10 19 230
11 71 64 68 1 0 3 0.00 M M 5.4 14 250 M M 10 19 250
12 73 64 69 2 0 4 0.00 M M 8.3 16 260 M M 7 23 270
13 72 64 68 1 0 3 0.00 M M 7.5 15 260 M M 6 21 250
14 69 63 66 -1 0 1 0.00 M M 5.4 12 250 M M 9 19 260
15 71 64 68 1 0 3 0.00 M M 6.4 13 250 M M 10 18 270
16 74 66 70 3 0 5 0.00 M M 7.0 16 250 M M 7 8 23 260
17 74 64 69 2 0 4 0.00 M M 7.5 16 260 M M 6 22 260
18 72 65 69 1 0 4 0.00 M M 5.5 14 260 M M 8 22 250
19 73 65 69 1 0 4 0.00 M M 4.3 14 250 M M 7 20 260
20 75 64 70 2 0 5 0.00 M M 5.6 16 250 M M 2 8 25 240
21 77 63 70 2 0 5 0.00 M M 5.7 16 260 M M 0 8 24 250
22 73 62 68 0 0 3 0.00 M M 6.6 17 260 M M 3 8 25 260
23 74 62 68 0 0 3 0.00 M M 6.9 18 250 M M 3 8 26 230
24 77 62 70 2 0 5 0.00 M M 6.0 17 250 M M 1 8 23 260
25 74 63 69 0 0 4 0.00 M M 6.6 17 260 M M 2 8 23 270
26 74 62 68 -1 0 3 0.00 M M 5.8 17 260 M M 0 8 24 270
27 75 64 70 1 0 5 0.00 M M 5.8 15 250 M M 2 23 270
28 74 64 69 0 0 4 0.00 M M 5.7 14 260 M M 5 20 250
29 76 63 70 1 0 5 0.00 M M 6.3 15 250 M M 5 8 22 260
30 75 62 69 0 0 4 0.00 M M 4.9 14 260 M M 6 8 22 250
================================================================================
SM 2181 1897 0 97 T M 177.8 M 161
================================================================================
AV 72.7 63.2 5.9 FASTST M M 6 MAX(MPH)
MISC ----> 18 250 26 230
================================================================================
NOTES:
# LAST OF SEVERAL OCCURRENCES
COLUMN 17 PEAK WIND IN M.P.H.
PRELIMINARY LOCAL CLIMATOLOGICAL DATA (WS FORM: F-6) , PAGE 2
STATION: HAWTHORNE AIRPORT CA
MONTH: JUNE
YEAR: 2023
LATITUDE: 33 55 N
LONGITUDE: 118 20 W
[TEMPERATURE DATA] [PRECIPITATION DATA] SYMBOLS USED IN COLUMN 16
AVERAGE MONTHLY: 68.0 TOTAL FOR MONTH: T 1 = FOG OR MIST
DPTR FM NORMAL: 0.7 DPTR FM NORMAL: -0.00 2 = FOG REDUCING VISIBILITY
HIGHEST: 77 ON 24,21 GRTST 24HR T ON 6- 6 TO 1/4 MILE OR LESS
LOWEST: 61 ON 5, 3 3 = THUNDER
SNOW, ICE PELLETS, HAIL 4 = ICE PELLETS
TOTAL MONTH: M 5 = HAIL
GRTST 24HR M ON M 6 = FREEZING RAIN OR DRIZZLE
GRTST DEPTH: M ON M 7 = DUSTSTORM OR SANDSTORM:
VSBY 1/2 MILE OR LESS
8 = SMOKE OR HAZE
[NO. OF DAYS WITH] [WEATHER - DAYS WITH] 9 = BLOWING SNOW
X = TORNADO
MAX 32 OR BELOW: 0 0.01 INCH OR MORE: 0
MAX 90 OR ABOVE: 0 0.10 INCH OR MORE: 0
MIN 32 OR BELOW: 0 0.50 INCH OR MORE: 0
MIN 0 OR BELOW: 0 1.00 INCH OR MORE: 0
[HDD (BASE 65) ]
TOTAL THIS MO. 0 CLEAR (SCALE 0-3) 8
DPTR FM NORMAL -8 PTCLDY (SCALE 4-7) 14
TOTAL FM JUL 1 1033 CLOUDY (SCALE 8-10) 8
DPTR FM NORMAL -56
[CDD (BASE 65) ]
TOTAL THIS MO. 97
DPTR FM NORMAL 20 [PRESSURE DATA]
TOTAL FM JAN 1 155 HIGHEST SLP 30.07 ON 25
DPTR FM NORMAL -13 LOWEST SLP 29.83 ON 30
[REMARKS]
#FINAL-06-23#