000
CXUS56 KLOX 011155
CF6HHR
PRELIMINARY LOCAL CLIMATOLOGICAL DATA (WS FORM: F-6)
STATION: HAWTHORNE AIRPORT CA
MONTH: JUNE
YEAR: 2022
LATITUDE: 33 55 N
LONGITUDE: 118 20 W
TEMPERATURE IN F: :PCPN: SNOW: WIND :SUNSHINE: SKY :PK WND
================================================================================
1 2 3 4 5 6A 6B 7 8 9 10 11 12 13 14 15 16 17 18
12Z AVG MX 2MIN
DY MAX MIN AVG DEP HDD CDD WTR SNW DPTH SPD SPD DIR MIN PSBL S-S WX SPD DR
================================================================================
1 77 62 70 4 0 5 0.00 M M 4.9 16 250 M M 0 22 280
2 77 63 70 4 0 5 0.00 M M 6.1 17 250 M M 4 8 24 250
3 73 62 68 2 0 3 0.00 M M 6.6 16 260 M M 8 25 250
4 70 63 67 1 0 2 0.00 M M 5.3 15 260 M M 9 21 270
5 75 62 69 3 0 4 0.00 M M 3.7 16 270 M M 1 23 260
6 76 65 71 5 0 6 0.00 M M 6.7 15 260 M M 3 21 260
7 75 65 70 4 0 5 0.00 M M 5.4 16 250 M M 5 20 250
8 73 63 68 2 0 3 0.00 M M 5.6 14 260 M M 8 18 21 250
9 77 63 70 4 0 5 0.00 M M 5.4 15 260 M M 6 8 20 270
10 77 64 71 5 0 6 0.00 M M 5.6 14 260 M M 2 18 18 270
11 74 64 69 2 0 4 0.00 M M 5.8 15 250 M M 1 18 21 260
12 76 64 70 3 0 5 0.00 M M 6.0 15 260 M M 4 8 21 270
13 76 65 71 4 0 6 0.00 M M 7.2 15 250 M M 6 18 21 240
14 77 65 71 4 0 6 0.00 M M 6.1 16 260 M M 3 8 25 250
15 77 65 71 4 0 6 0.00 M M 6.5 15 260 M M 5 21 260
16 78 65 72 5 0 7 0.00 M M 6.6 16 260 M M 8 8 24 260
17 73 63 68 1 0 3 0.00 M M 8.0 18 260 M M 6 8 26 260
18 74 61 68 0 0 3 0.00 M M 5.9 17 260 M M 2 28 260
19 76 62 69 1 0 4 0.00 M M 6.0 18 250 M M 0 26 250
20 83 62 73 5 0 8 0.00 M M 5.1 17 270 M M 0 23 260
21 83 65 74 6 0 9 0.00 M M 5.8 15 260 M M 0 8 20 260
22 77 63 70 2 0 5 0.00 M M 7.2 14 250 M M 1 38 20 250
23 77 65 71 3 0 6 0.00 M M 8.0 15 270 M M 2 8 21 260
24 76 62 69 1 0 4 0.00 M M 7.2 16 260 M M 2 18 23 270
25 76 61 69 0 0 4 0.00 M M 6.6 16 260 M M 3 18 21 260
26 76 63 70 1 0 5 0.00 M M 5.8 14 260 M M 2 18 20 260
27 78 64 71 2 0 6 0.00 M M 5.4 14 270 M M 0 1 20 250
28 82 65 74 5 0 9 0.00 M M 5.3 14 260 M M 0 1 18 260
29 83 66 75 6 0 10 0.00 M M 5.3 13 250 M M 3 18 18 260
30 79 66 73 4 0 8 0.00 M M 5.8 15 250 M M 2 18 21 250
================================================================================
SM 2301 1908 0 162 0.00 M 180.9 M 96
================================================================================
AV 76.7 63.6 6.0 FASTST M M 3 MAX(MPH)
MISC ----> # 18 260 28 260
================================================================================
NOTES:
# LAST OF SEVERAL OCCURRENCES
COLUMN 17 PEAK WIND IN M.P.H.
PRELIMINARY LOCAL CLIMATOLOGICAL DATA (WS FORM: F-6) , PAGE 2
STATION: HAWTHORNE AIRPORT CA
MONTH: JUNE
YEAR: 2022
LATITUDE: 33 55 N
LONGITUDE: 118 20 W
[TEMPERATURE DATA] [PRECIPITATION DATA] SYMBOLS USED IN COLUMN 16
AVERAGE MONTHLY: 70.1 TOTAL FOR MONTH: 0.00 1 = FOG OR MIST
DPTR FM NORMAL: 2.8 DPTR FM NORMAL: 0.00 2 = FOG REDUCING VISIBILITY
HIGHEST: 83 ON 29,21 GRTST 24HR 0.00 ON 1- 1 TO 1/4 MILE OR LESS
LOWEST: 61 ON 25,18 3 = THUNDER
SNOW, ICE PELLETS, HAIL 4 = ICE PELLETS
TOTAL MONTH: M 5 = HAIL
GRTST 24HR M ON M 6 = FREEZING RAIN OR DRIZZLE
GRTST DEPTH: M ON M 7 = DUSTSTORM OR SANDSTORM:
VSBY 1/2 MILE OR LESS
8 = SMOKE OR HAZE
[NO. OF DAYS WITH] [WEATHER - DAYS WITH] 9 = BLOWING SNOW
X = TORNADO
MAX 32 OR BELOW: 0 0.01 INCH OR MORE: 0
MAX 90 OR ABOVE: 0 0.10 INCH OR MORE: 0
MIN 32 OR BELOW: 0 0.50 INCH OR MORE: 0
MIN 0 OR BELOW: 0 1.00 INCH OR MORE: 0
[HDD (BASE 65) ]
TOTAL THIS MO. 0 CLEAR (SCALE 0-3) 18
DPTR FM NORMAL -8 PTCLDY (SCALE 4-7) 11
TOTAL FM JUL 1 816 CLOUDY (SCALE 8-10) 1
DPTR FM NORMAL -273
[CDD (BASE 65) ]
TOTAL THIS MO. 162
DPTR FM NORMAL 85 [PRESSURE DATA]
TOTAL FM JAN 1 334 HIGHEST SLP 30.03 ON 30
DPTR FM NORMAL 166 LOWEST SLP 29.75 ON 8
[REMARKS]
#FINAL-06-22#