000
CXUS54 KHGX 011410
CF6LVJ
PRELIMINARY LOCAL CLIMATOLOGICAL DATA (WS FORM: F-6)
STATION: HOUSTON/CLOVER_FIELD
MONTH: JUNE
YEAR: 2023
LATITUDE: 29 31 N
LONGITUDE: 95 14 W
TEMPERATURE IN F: :PCPN: SNOW: WIND :SUNSHINE: SKY :PK WND
================================================================================
1 2 3 4 5 6A 6B 7 8 9 10 11 12 13 14 15 16 17 18
12Z AVG MX 2MIN
DY MAX MIN AVG DEP HDD CDD WTR SNW DPTH SPD SPD DIR MIN PSBL S-S WX SPD DR
================================================================================
1 90 71 81 -1 0 16 0.00 0.0 0 4.9 14 140 M M 0 21 120
2 90 70 80 -2 0 15 0.00 0.0 0 3.1 13 170 M M 2 17 170
3 94 73 84 2 0 19 0.00 0.0 0 4.9 13 190 M M 1 19 160
4 89 69 79 -3 0 14 0.17 0.0 0 5.3 26 340 M M 3 13 45 310
5 88 70 79 -3 0 14 0.01 0.0 0 1.7 9 60 M M 2 13 13 40
6 86 70 78 -4 0 13 0.23 0.0 0 3.7 21 150 M M 4 138 30 150
7 92 69 81 -2 0 16 0.00 0.0 0 2.7 13 140 M M 2 18 18 130
8 93 70 82 -1 0 17 0.80 0.0 0 3.2 30 350 M M 1 13 47 340
9 95 70 83 0 0 18 0.00 0.0 0 3.4 15 140 M M 1 21 180
10 94 71 83 0 0 18 T 0.0 0 6.3 35 40 M M 3 38 47 40
11 94 75 85 2 0 20 T 0.0 0 7.1 15 230 M M 2 24 190
12 95 75 85 2 0 20 0.00 0.0 0 6.4 16 140 M M 2 23 140
13 94 76 85 2 0 20 0.00 0.0 0 6.6 17 170 M M 3 26 140
14 95 79 87 3 0 22 0.00 0.0 0 7.5 17 180 M M 4 18 25 180
15 98 82 90 6 0 25 0.00 0.0 0 7.8 18 180 M M 4 18 29 180
16 95 82 89 5 0 24 0.00 0.0 0 7.7 16 180 M M 6 8 23 170
17 98 82 90 6 0 25 0.00 0.0 0 5.7 16 140 M M 3 8 24 200
18 99 82 91 7 0 26 0.00 0.0 0 8.1 20 190 M M 2 1 29 190
19 98 82 90 6 0 25 0.00 0.0 0 7.0 16 180 M M 3 18 28 190
20 99 84 92 8 0 27 0.00 0.0 0 7.7 16 180 M M 5 8 23 180
21 100 74 87 3 0 22 0.24 0.0 0 7.6 38 360 M M 5 138 58 350
22 98 78 88 4 0 23 0.00 0.0 0 6.5 16 160 M M 1 18 22 150
23 98 82 90 6 0 25 T 0.0 0 5.1 16 160 M M 3 13 22 160
24 97 81 89 5 0 24 0.00 0.0 0 7.1 17 160 M M 2 27 150
25 98 81 90 6 0 25 0.00 0.0 0 6.6 16 180 M M 2 22 180
26 97 80 89 5 0 24 0.00 0.0 0 7.1 17 180 M M 2 1 28 180
27 100 81 91 7 0 26 0.00 0.0 0 5.9 15 190 M M 2 22 220
28 99 80 90 6 0 25 0.00 0.0 0 6.0 16 140 M M 1 23 150
29 98 80 89 5 0 24 0.00 0.0 0 5.9 17 170 M M 1 25 140
30 99 80 90 6 0 25 0.00 0.0 0 6.0 17 140 M M 1 23 130
================================================================================
SM 2860 2299 0 637 1.45 0.0 174.6 M 73
================================================================================
AV 95.3 76.6 5.8 FASTST M M 2 MAX(MPH)
MISC ----> 38 360 58 350
================================================================================
NOTES:
# LAST OF SEVERAL OCCURRENCES
COLUMN 17 PEAK WIND IN M.P.H.
PRELIMINARY LOCAL CLIMATOLOGICAL DATA (WS FORM: F-6) , PAGE 2
STATION: HOUSTON/CLOVER_FIELD
MONTH: JUNE
YEAR: 2023
LATITUDE: 29 31 N
LONGITUDE: 95 14 W
[TEMPERATURE DATA] [PRECIPITATION DATA] SYMBOLS USED IN COLUMN 16
AVERAGE MONTHLY: 86.0 TOTAL FOR MONTH: 1.45 1 = FOG OR MIST
DPTR FM NORMAL: 2.7 DPTR FM NORMAL: -3.76 2 = FOG REDUCING VISIBILITY
HIGHEST: 100 ON 27,21 GRTST 24HR 0.80 ON 8- 8 TO 1/4 MILE OR LESS
LOWEST: 69 ON 7, 4 3 = THUNDER
SNOW, ICE PELLETS, HAIL 4 = ICE PELLETS
TOTAL MONTH: 0.0 INCH 5 = HAIL
GRTST 24HR 0.0 6 = FREEZING RAIN OR DRIZZLE
GRTST DEPTH: 0 7 = DUSTSTORM OR SANDSTORM:
VSBY 1/2 MILE OR LESS
8 = SMOKE OR HAZE
[NO. OF DAYS WITH] [WEATHER - DAYS WITH] 9 = BLOWING SNOW
X = TORNADO
MAX 32 OR BELOW: 0 0.01 INCH OR MORE: 5
MAX 90 OR ABOVE: 27 0.10 INCH OR MORE: 4
MIN 32 OR BELOW: 0 0.50 INCH OR MORE: 1
MIN 0 OR BELOW: 0 1.00 INCH OR MORE: 0
[HDD (BASE 65) ]
TOTAL THIS MO. 0 CLEAR (SCALE 0-3) 23
DPTR FM NORMAL 0 PTCLDY (SCALE 4-7) 7
TOTAL FM JUL 1 920 CLOUDY (SCALE 8-10) 0
DPTR FM NORMAL -152
[CDD (BASE 65) ]
TOTAL THIS MO. 637
DPTR FM NORMAL 87 [PRESSURE DATA]
TOTAL FM JAN 1 1620 HIGHEST SLP 30.02 ON 30
DPTR FM NORMAL 331 LOWEST SLP 29.70 ON 14
[REMARKS]
#FINAL-06-23#