000
CXUS56 KPDT 011910
CF6MEH
PRELIMINARY LOCAL CLIMATOLOGICAL DATA (WS FORM: F-6)
STATION: MEACHAM OR
MONTH: FEBRUARY
YEAR: 2022
LATITUDE: 45 30 N
LONGITUDE: 118 24 W
TEMPERATURE IN F: :PCPN: SNOW: WIND :SUNSHINE: SKY :PK WND
================================================================================
1 2 3 4 5 6A 6B 7 8 9 10 11 12 13 14 15 16 17 18
12Z AVG MX 2MIN
DY MAX MIN AVG DEP HDD CDD WTR SNW DPTH SPD SPD DIR MIN PSBL S-S WX SPD DR
================================================================================
1 30 23 27 -3 38 0 0.26 M M 2.0 6 99 M M 10 12 M M
2 30 18 24 -6 41 0 0.37 M M 0.2 4 99 M M 10 1 M M
3 37 26 32 2 33 0 0.15 M M 0.7 7 290 M M 8 1 14 280
4 37 23 30 0 35 0 0.00 M M 0.0 M M M M 0 M M
5 42 20 31 1 34 0 0.00 M M 0.5 6 290 M M M 15 220
6 50 10 30 0 35 0 0.00 M M 0.1 7 90 M M M 10 90
7 54 26 40 10 25 0 0.00 M M 1.7 7 99 M M 2 M M
8 48 15 32 2 33 0 T M M 0.5 6 260 M M 2 11 350
9 52 25 39 9 26 0 0.00 M M 1.0 8 280 M M 3 14 270
10 58 21 40 10 25 0 0.00 M M M M M M M 0 M M
11 45 17 31 1 34 0 0.00 M M 0.5 7 20 M M 0 14 320
12 47 11 29 -1 36 0 0.00 M M 0.1 5 80 M M 0 8 90
13 49 25 37 7 28 0 0.00 M M 0.0 3 130 M M 0 7 130
14 39 30 35 5 30 0 0.44 M M 0.5 8 270 M M 9 12 18 320
15 37 27 32 1 33 0 0.03 M M 0.7 5 99 M M 8 1 M M
16 38 19 29 -2 36 0 0.18 M M 2.0 7 270 M M 8 1 18 320
17 47 12 30 -1 35 0 0.00 M M 0.6 6 270 M M 1 17 260
18 50 15 33 2 32 0 0.00 M M 0.2 7 260 M M 0 12 260
19 50 17 34 3 31 0 0.00 M M 0.2 4 99 M M 1 M M
20 36 27 32 1 33 0 0.93 M M 1.5 9 260 M M 9 1 30 270
21 29 19 24 -7 41 0 0.21 M M 0.5 5 99 M M 10 1 M M
22 19 -1 9 -22 56 0 0.04 M M 0.9 7 260 M M 10 18 14 300
23 12 -18 -3 -34 68 0 0.00 M M 0.5 7 260 M M 1 15 270
24 15 -13 1 -31 64 0 0.07 M M 1.1 8 270 M M 10 1 14 250
25 31 -21 5 -27 60 0 0.00 M M 0.6 6 90 M M 0 9 100
26 35 14 25 -7 40 0 0.00 M M 1.1 9 110 M M 0 24 90
27 35 24 30 -2 35 0 0.27 M M 0.5 5 290 M M 10 126 15 170
28 40 33 37 5 28 0 0.27 M M 0.6 6 90 M M 10 1 13 100
================================================================================
SM 1092 444 1045 0 3.22 M 18.8 M 122
================================================================================
AV 39.0 15.9 0.7 FASTST M M 5 MAX(MPH)
MISC ----> # 9 260 30 270
================================================================================
NOTES:
# LAST OF SEVERAL OCCURRENCES
COLUMN 17 PEAK WIND IN M.P.H.
PRELIMINARY LOCAL CLIMATOLOGICAL DATA (WS FORM: F-6) , PAGE 2
STATION: MEACHAM OR
MONTH: FEBRUARY
YEAR: 2022
LATITUDE: 45 30 N
LONGITUDE: 118 24 W
[TEMPERATURE DATA] [PRECIPITATION DATA] SYMBOLS USED IN COLUMN 16
AVERAGE MONTHLY: 27.4 TOTAL FOR MONTH: 3.22 1 = FOG OR MIST
DPTR FM NORMAL: -3.3 DPTR FM NORMAL: -0.37 2 = FOG REDUCING VISIBILITY
HIGHEST: 58 ON 10 GRTST 24HR 0.94 ON 20-21 TO 1/4 MILE OR LESS
LOWEST: -21 ON 25 3 = THUNDER
SNOW, ICE PELLETS, HAIL 4 = ICE PELLETS
TOTAL MONTH: M 5 = HAIL
GRTST 24HR M ON M 6 = FREEZING RAIN OR DRIZZLE
GRTST DEPTH: M ON M 7 = DUSTSTORM OR SANDSTORM:
VSBY 1/2 MILE OR LESS
8 = SMOKE OR HAZE
[NO. OF DAYS WITH] [WEATHER - DAYS WITH] 9 = BLOWING SNOW
X = TORNADO
MAX 32 OR BELOW: 7 0.01 INCH OR MORE: 12
MAX 90 OR ABOVE: 0 0.10 INCH OR MORE: 9
MIN 32 OR BELOW: 27 0.50 INCH OR MORE: 1
MIN 0 OR BELOW: 4 1.00 INCH OR MORE: 0
[HDD (BASE 65) ]
TOTAL THIS MO. 1045 CLEAR (SCALE 0-3) 13
DPTR FM NORMAL 85 PTCLDY (SCALE 4-7) 4
TOTAL FM JUL 1 5352 CLOUDY (SCALE 8-10) 11
DPTR FM NORMAL -223
[CDD (BASE 65) ]
TOTAL THIS MO. 0
DPTR FM NORMAL 0 [PRESSURE DATA]
TOTAL FM JAN 1 0 HIGHEST SLP M ON M
DPTR FM NORMAL 0 LOWEST SLP 29.82 ON 14
[REMARKS]
#FINAL-02-22#