000
CXUS55 KSEW 010930
CF6OLM
PRELIMINARY LOCAL CLIMATOLOGICAL DATA (WS FORM: F-6)
STATION: OLYMPIA WA AIRPORT
MONTH: JUNE
YEAR: 2022
LATITUDE: 46 58 N
LONGITUDE: 122 54 W
TEMPERATURE IN F: :PCPN: SNOW: WIND :SUNSHINE: SKY :PK WND
================================================================================
1 2 3 4 5 6A 6B 7 8 9 10 11 12 13 14 15 16 17 18
12Z AVG MX 2MIN
DY MAX MIN AVG DEP HDD CDD WTR SNW DPTH SPD SPD DIR MIN PSBL S-S WX SPD DR
================================================================================
1 72 49 61 4 4 0 T M M 3.3 9 360 M M 3 11 360
2 76 48 62 5 3 0 0.00 M M 2.4 15 110 M M 4 12 20 120
3 66 54 60 3 5 0 0.07 M M 6.4 16 190 M M 9 1 23 220
4 65 53 59 1 6 0 0.52 M M 4.8 16 190 M M 10 1 22 190
5 62 49 56 -2 9 0 0.34 M M 7.7 18 260 M M 9 1 27 240
6 65 42 54 -4 11 0 0.00 M M 2.5 10 280 M M 5 14 290
7 72 40 56 -2 9 0 T M M 2.8 12 50 M M 4 12 19 50
8 71 55 63 5 2 0 0.00 M M 4.6 14 270 M M 5 18 210
9 60 53 57 -1 8 0 1.16 M M 4.8 22 180 M M 9 1 29 180
10 66 54 60 2 5 0 0.62 M M 5.3 14 180 M M 9 1 18 180
11 69 52 61 3 4 0 T M M 5.5 15 260 M M 7 1 20 250
12 58 50 54 -4 11 0 T M M 5.5 16 240 M M 8 1 25 250
13 59 49 54 -5 11 0 0.01 M M 9.9 18 240 M M 9 1 27 260
14 60 43 52 -7 13 0 T M M 6.8 14 240 M M 7 1 23 210
15 61 42 52 -7 13 0 T M M 2.3 12 30 M M 4 13 30
16 66 48 57 -2 8 0 0.16 M M 3.2 13 220 M M 9 1 21 210
17 58 48 53 -6 12 0 0.15 M M 3.9 9 210 M M 8 1 13 210
18 63 47 55 -4 10 0 T M M 7.6 15 250 M M 9 21 260
19 66 47 57 -3 8 0 0.00 M M 6.6 16 250 M M 7 20 250
20 70 47 59 -1 6 0 0.00 M M 3.9 9 320 M M 7 13 200
21 80 50 65 5 0 0 0.00 M M 3.0 10 290 M M 3 1 17 300
22 72 47 60 0 5 0 0.00 M M 5.6 13 220 M M 6 18 230
23 72 40 56 -4 9 0 0.00 M M 3.8 13 340 M M 1 1 18 20
24 78 41 60 0 5 0 0.00 M M 6.3 16 70 M M 0 26 70
25 89 46 68 8 0 3 0.00 M M 6.5 15 30 M M 0 22 20
26 94 50 72 11 0 7 0.00 M M 4.6 13 50 M M 0 19 40
27 92 53 73 12 0 8 0.00 M M 3.9 15 230 M M 0 22 240
28 64 48 56 -5 9 0 T M M 7.4 17 230 M M 8 28 210
29 65 48 57 -4 8 0 0.01 M M 5.2 12 190 M M 9 1 19 260
30 77 43 60 -2 5 0 0.00 M M 3.7 12 10 M M 2 12 17 50
================================================================================
SM 2088 1436 199 18 3.04 M 149.8 M 171
================================================================================
AV 69.6 47.9 5.0 FASTST M M 6 MAX(MPH)
MISC ----> 22 180 29 180
================================================================================
NOTES:
# LAST OF SEVERAL OCCURRENCES
COLUMN 17 PEAK WIND IN M.P.H.
PRELIMINARY LOCAL CLIMATOLOGICAL DATA (WS FORM: F-6) , PAGE 2
STATION: OLYMPIA WA AIRPORT
MONTH: JUNE
YEAR: 2022
LATITUDE: 46 58 N
LONGITUDE: 122 54 W
[TEMPERATURE DATA] [PRECIPITATION DATA] SYMBOLS USED IN COLUMN 16
AVERAGE MONTHLY: 58.7 TOTAL FOR MONTH: 3.04 1 = FOG OR MIST
DPTR FM NORMAL: -0.4 DPTR FM NORMAL: 1.58 2 = FOG REDUCING VISIBILITY
HIGHEST: 94 ON 26 GRTST 24HR 1.16 ON 9- 9 TO 1/4 MILE OR LESS
LOWEST: 40 ON 23, 7 3 = THUNDER
SNOW, ICE PELLETS, HAIL 4 = ICE PELLETS
TOTAL MONTH: M 5 = HAIL
GRTST 24HR M ON M 6 = FREEZING RAIN OR DRIZZLE
GRTST DEPTH: M ON M 7 = DUSTSTORM OR SANDSTORM:
VSBY 1/2 MILE OR LESS
8 = SMOKE OR HAZE
[NO. OF DAYS WITH] [WEATHER - DAYS WITH] 9 = BLOWING SNOW
X = TORNADO
MAX 32 OR BELOW: 0 0.01 INCH OR MORE: 9
MAX 90 OR ABOVE: 2 0.10 INCH OR MORE: 6
MIN 32 OR BELOW: 0 0.50 INCH OR MORE: 3
MIN 0 OR BELOW: 0 1.00 INCH OR MORE: 1
[HDD (BASE 65) ]
TOTAL THIS MO. 199 CLEAR (SCALE 0-3) 6
DPTR FM NORMAL 10 PTCLDY (SCALE 4-7) 15
TOTAL FM JUL 1 5325 CLOUDY (SCALE 8-10) 9
DPTR FM NORMAL -52
[CDD (BASE 65) ]
TOTAL THIS MO. 18
DPTR FM NORMAL 6 [PRESSURE DATA]
TOTAL FM JAN 1 18 HIGHEST SLP M ON M
DPTR FM NORMAL 4 LOWEST SLP 29.59 ON 5
[REMARKS]
#FINAL-06-22#