000
CXUS53 KLSX 011400
CF6SET
PRELIMINARY LOCAL CLIMATOLOGICAL DATA (WS FORM: F-6)
STATION: ST_CHARLES MO
MONTH: SEPTEMBER
YEAR: 2021
LATITUDE: 38 55 N
LONGITUDE: 90 26 W
TEMPERATURE IN F: :PCPN: SNOW: WIND :SUNSHINE: SKY :PK WND
================================================================================
1 2 3 4 5 6A 6B 7 8 9 10 11 12 13 14 15 16 17 18
12Z AVG MX 2MIN
DY MAX MIN AVG DEP HDD CDD WTR SNW DPTH SPD SPD DIR MIN PSBL S-S WX SPD DR
================================================================================
1 84 65 75 1 0 10 T 0.0 0 8.0 14 40 M M 5 8 18 20
2 82 59 71 -3 0 6 0.00 0.0 0 5.7 14 100 M M 0 18 100
3 79 61 70 -3 0 5 T 0.0 0 6.4 13 120 M M 5 17 140
4 79 70 75 2 0 10 0.30 0.0 0 6.0 12 340 M M 10 138 17 230
5 83 63 73 0 0 8 0.00 0.0 0 4.5 12 10 M M 2 17 340
6 88 61 75 3 0 10 0.00 0.0 0 3.4 12 240 M M 0 12 15 270
7 91 62 77 5 0 12 T 0.0 0 6.8 21 210 M M 2 1 28 220
8 83 60 72 0 0 7 0.00 0.0 0 7.7 20 330 M M 2 30 340
9 80 54 67 -5 0 2 0.00 0.0 0 3.5 13 360 M M 1 21 280
10 86 55 71 0 0 6 0.00 0.0 0 6.5 16 180 M M 1 18 24 150
11 91 62 77 6 0 12 0.00 0.0 0 9.1 18 210 M M 0 25 210
12 90 63 77 7 0 12 0.00 0.0 0 7.6 18 200 M M 0 24 190
13 91 61 76 6 0 11 0.00 0.0 0 8.2 22 210 M M 0 18 29 200
14 93 68 81 11 0 16 T 0.0 0 7.4 18 250 M M 1 38 27 240
15 85 61 73 4 0 8 0.00 0.0 0 5.2 14 360 M M 2 19 10
16 86 57 72 3 0 7 0.00 0.0 0 4.4 13 130 M M 0 18 22 150
17 91 63 77 8 0 12 0.00 0.0 0 2.6 10 30 M M 1 1 15 70
18 92 64 78 10 0 13 0.00 0.0 0 2.5 13 80 M M 1 128 16 70
19 89 66 78 10 0 13 0.05 0.0 0 6.7 26 110 M M 4 1238 35 120
20 90 71 81 13 0 16 0.00 0.0 0 11.0 21 320 M M 5 30 160
21 76 60 68 1 0 3 0.95 0.0 0 8.5 16 330 M M 7 138 22 360
22 74 51 63 -4 2 0 0.00 0.0 0 9.7 23 350 M M 2 30 350
23 74 45 60 -6 5 0 0.00 0.0 0 4.6 15 330 M M 0 18 25 330
24 82 48 65 -1 0 0 0.00 0.0 0 7.0 18 190 M M 1 1 27 180
25 76 49 63 -3 2 0 0.04 0.0 0 4.0 15 340 M M 3 12 21 300
26 87 48 68 3 0 3 0.00 0.0 0 7.6 20 180 M M 0 1 28 160
27 93 58 76 11 0 11 0.00 0.0 0 7.2 18 230 M M 0 27 230
28 92 59 76 11 0 11 0.00 0.0 0 2.6 8 180 M M 0 18 13 150
29 89 60 75 11 0 10 0.00 0.0 0 5.5 15 140 M M 1 128 20 120
30 89 64 77 13 0 12 0.00 0.0 0 4.6 16 230 M M 1 18 24 230
================================================================================
SM 2565 1788 9 246 1.34 0.0 184.5 M 57
================================================================================
AV 85.5 59.6 6.2 FASTST M M 2 MAX(MPH)
MISC ----> 26 110 35 120
================================================================================
NOTES:
# LAST OF SEVERAL OCCURRENCES
COLUMN 17 PEAK WIND IN M.P.H.
PRELIMINARY LOCAL CLIMATOLOGICAL DATA (WS FORM: F-6) , PAGE 2
STATION: ST_CHARLES MO
MONTH: SEPTEMBER
YEAR: 2021
LATITUDE: 38 55 N
LONGITUDE: 90 26 W
[TEMPERATURE DATA] [PRECIPITATION DATA] SYMBOLS USED IN COLUMN 16
AVERAGE MONTHLY: 72.6 TOTAL FOR MONTH: 1.34 1 = FOG OR MIST
DPTR FM NORMAL: 3.5 DPTR FM NORMAL: -1.63 2 = FOG REDUCING VISIBILITY
HIGHEST: 93 ON 27,14 GRTST 24HR 0.95 ON 21-21 TO 1/4 MILE OR LESS
LOWEST: 45 ON 23 3 = THUNDER
SNOW, ICE PELLETS, HAIL 4 = ICE PELLETS
TOTAL MONTH: 0.0 INCH 5 = HAIL
GRTST 24HR 0.0 6 = FREEZING RAIN OR DRIZZLE
GRTST DEPTH: 0 7 = DUSTSTORM OR SANDSTORM:
VSBY 1/2 MILE OR LESS
8 = SMOKE OR HAZE
[NO. OF DAYS WITH] [WEATHER - DAYS WITH] 9 = BLOWING SNOW
X = TORNADO
MAX 32 OR BELOW: 0 0.01 INCH OR MORE: 4
MAX 90 OR ABOVE: 10 0.10 INCH OR MORE: 2
MIN 32 OR BELOW: 0 0.50 INCH OR MORE: 1
MIN 0 OR BELOW: 0 1.00 INCH OR MORE: 0
[HDD (BASE 65) ]
TOTAL THIS MO. 9 CLEAR (SCALE 0-3) 24
DPTR FM NORMAL -32 PTCLDY (SCALE 4-7) 5
TOTAL FM JUL 1 9 CLOUDY (SCALE 8-10) 1
DPTR FM NORMAL -32
[CDD (BASE 65) ]
TOTAL THIS MO. 246
DPTR FM NORMAL 80 [PRESSURE DATA]
TOTAL FM JAN 1 1665 HIGHEST SLP 30.19 ON 22
DPTR FM NORMAL 234 LOWEST SLP 29.73 ON 7
[REMARKS]
#FINAL-09-21#