000
CDUS43 KMPX 152135
CLIEAU

CLIMATE REPORT
NATIONAL WEATHER SERVICE TWIN CITIES/CHANHASSEN MN
435 PM CDT FRI OCT 15 2021

...................................

...THE EAU CLAIRE WI CLIMATE SUMMARY FOR OCTOBER 15 2021...
VALID AS OF 0400 PM LOCAL TIME.

CLIMATE NORMAL PERIOD 1991 TO 2020
CLIMATE RECORD PERIOD 1893 TO 2021


WEATHER ITEM   OBSERVED TIME   RECORD YEAR NORMAL DEPARTURE LAST
                VALUE   (LST)  VALUE       VALUE  FROM      YEAR
                                                  NORMAL
...................................................................
TEMPERATURE (F)
 TODAY
  MAXIMUM         58    149 PM  86    1947  59     -1       49
  MINIMUM         37    607 AM  21    1937  37      0       34
  AVERAGE         48                        48      0       42

PRECIPITATION (IN)
  TODAY            0.00          1.58 1897   0.08  -0.08      T
  MONTH TO DATE    1.07                      1.37  -0.30     0.59
  SINCE SEP 1      2.92                      5.02  -2.10     2.19
  SINCE JAN 1     29.76                     28.73   1.03    25.50

SNOWFALL (IN)
  TODAY            0.0           0.5  1909   0.1   -0.1      0.0
                                      2009
  MONTH TO DATE    0.0                       0.2   -0.2      0.0
  SINCE SEP 1      0.0                       0.2   -0.2      0.0
  SINCE JUL 1      0.0                       0.2   -0.2      0.0
  SNOW DEPTH      MM

DEGREE DAYS
 HEATING
  TODAY           17                        17      0       23
  MONTH TO DATE   63                       213   -150      209
  SINCE SEP 1    152                       392   -240      413
  SINCE JUL 1    157                       431   -274      431

 COOLING
  TODAY            0                         0      0        0
  MONTH TO DATE   16                         0     16        1
  SINCE SEP 1     54                        53      1       19
  SINCE JAN 1    790                       563    227      671
...................................................................


WIND (MPH)
  HIGHEST WIND SPEED    18   HIGHEST WIND DIRECTION     W (260)
  HIGHEST GUST SPEED    25   HIGHEST GUST DIRECTION     W (290)
  AVERAGE WIND SPEED     6.3


SKY COVER
  POSSIBLE SUNSHINE  MM
  AVERAGE SKY COVER 0.2


WEATHER CONDITIONS
THE FOLLOWING WEATHER WAS RECORDED TODAY.
  NO SIGNIFICANT WEATHER WAS OBSERVED.


RELATIVE HUMIDITY (PERCENT)
 HIGHEST    93           500 AM
 LOWEST     37           200 PM
 AVERAGE    65

..........................................................


THE EAU CLAIRE WI CLIMATE NORMALS FOR TOMORROW
                         NORMAL    RECORD    YEAR
 MAXIMUM TEMPERATURE (F)   58        85      1947
 MINIMUM TEMPERATURE (F)   37        17      1952


SUNRISE AND SUNSET
OCTOBER 15 2021.......SUNRISE   722 AM CDT   SUNSET   621 PM CDT
OCTOBER 16 2021.......SUNRISE   723 AM CDT   SUNSET   619 PM CDT


-  INDICATES NEGATIVE NUMBERS.
R  INDICATES RECORD WAS SET OR TIED.
MM INDICATES DATA IS MISSING.
T  INDICATES TRACE AMOUNT.




$$
