000
CDUS43 KMPX 270602
CLIMSP

CLIMATE REPORT
NATIONAL WEATHER SERVICE TWIN CITIES/CHANHASSEN MN
102 AM CDT TUE OCT 27 2020

...................................

...THE TWIN CITIES MN CLIMATE SUMMARY FOR OCTOBER 26 2020...

CLIMATE NORMAL PERIOD 1981 TO 2010
CLIMATE RECORD PERIOD 1871 TO 2020


WEATHER ITEM   OBSERVED TIME   RECORD YEAR NORMAL DEPARTURE LAST
                VALUE   (LST)  VALUE       VALUE  FROM      YEAR
                                                  NORMAL
...................................................................
TEMPERATURE (F)
 YESTERDAY
  MAXIMUM         32        MM  83    1955  53    -21       56
  MINIMUM         20        MM  16    1962  36    -16       39
  AVERAGE         26                        45    -19       48

PRECIPITATION (IN)
  YESTERDAY        0.00          1.54 1941   0.06  -0.06     0.00
  MONTH TO DATE    2.41                      2.12   0.29     4.05
  SINCE SEP 1      3.29                      5.20  -1.91     7.97
  SINCE JAN 1     27.79                     27.37   0.42    39.06

SNOWFALL (IN)
  YESTERDAY        0.0           1.3  1959   0.1   -0.1      0.0
  MONTH TO DATE    9.3                       0.4    8.9       T
  SINCE SEP 1      9.3                       0.4    8.9       T
  SINCE JUL 1      9.3                       0.4    8.9       T
  SNOW DEPTH       T

DEGREE DAYS
 HEATING
  YESTERDAY       39                        20     19       17
  MONTH TO DATE  519                       397    122      424
  SINCE SEP 1    674                       551    123      483
  SINCE JUL 1    676                       570    106      484

 COOLING
  YESTERDAY        0                         0      0        0
  MONTH TO DATE    3                         3      0        0
  SINCE SEP 1     55                        69    -14      115
  SINCE JAN 1    948                       750    198      817
...................................................................


WIND (MPH)
  HIGHEST WIND SPEED    13   HIGHEST WIND DIRECTION    NW (330)
  HIGHEST GUST SPEED    17   HIGHEST GUST DIRECTION     N (340)
  AVERAGE WIND SPEED     8.6


SKY COVER
  POSSIBLE SUNSHINE  MM
  AVERAGE SKY COVER 0.7


WEATHER CONDITIONS
THE FOLLOWING WEATHER WAS RECORDED YESTERDAY.
  NO SIGNIFICANT WEATHER WAS OBSERVED.


RELATIVE HUMIDITY (PERCENT)
 HIGHEST    81          1200 AM
 LOWEST     47           300 PM
 AVERAGE    64

..........................................................


THE TWIN CITIES MN CLIMATE NORMALS FOR TODAY
                         NORMAL    RECORD    YEAR
 MAXIMUM TEMPERATURE (F)   53        74      1922
                                             1948
 MINIMUM TEMPERATURE (F)   36        13      1997


SUNRISE AND SUNSET
OCTOBER 27 2020.......SUNRISE   745 AM CDT   SUNSET   608 PM CDT
OCTOBER 28 2020.......SUNRISE   746 AM CDT   SUNSET   606 PM CDT


-  INDICATES NEGATIVE NUMBERS.
R  INDICATES RECORD WAS SET OR TIED.
MM INDICATES DATA IS MISSING.
T  INDICATES TRACE AMOUNT.




$$
