000
CDUS43 KMPX 210722
CLIMSP


CLIMATE REPORT
NATIONAL WEATHER SERVICE CHANHASSEN MN
221 AM CDT MON OCT 21 2019


...................................

...THE TWIN CITIES MN CLIMATE SUMMARY FOR OCTOBER 20 2019...

CLIMATE NORMAL PERIOD 1981 TO 2010
CLIMATE RECORD PERIOD 1871 TO 2019


WEATHER ITEM   OBSERVED TIME   RECORD YEAR NORMAL DEPARTURE LAST
                VALUE   (LST)  VALUE       VALUE  FROM      YEAR
                                                  NORMAL
..................................................................
TEMPERATURE (F)
 YESTERDAY
  MAXIMUM         67    223 PM  83    1953  56     11       49
  MINIMUM         39    636 AM  18    1960  38      1       31
  AVERAGE         53                        47      6       40

PRECIPITATION (IN)
  YESTERDAY        0.00          2.64 1934   0.07  -0.07      T
  MONTH TO DATE    2.80                      1.73   1.07     2.97
  SINCE SEP 1      6.72                      4.81   1.91     9.84
  SINCE JAN 1     37.81                     26.98  10.83    30.16

SNOWFALL (IN)
  YESTERDAY        0.0           3.0  1916   0.0    0.0       T
  MONTH TO DATE    T                         0.1   -0.1      0.3
  SINCE SEP 1      T                         0.1   -0.1      0.3
  SINCE JUL 1      T                         0.1   -0.1      0.3
  SNOW DEPTH       0

DEGREE DAYS
 HEATING
  YESTERDAY       12                        18     -6       25
  MONTH TO DATE  297                       282     15      379
  SINCE SEP 1    356                       436    -80      493
  SINCE JUL 1    357                       455    -98      500

 COOLING
  YESTERDAY        0                         0      0        0
  MONTH TO DATE    0                         3     -3        0
  SINCE SEP 1    115                        69     46      126
  SINCE JAN 1    817                       750     67     1135
..................................................................


WIND (MPH)
  HIGHEST WIND SPEED    16   HIGHEST WIND DIRECTION     E (110)
  HIGHEST GUST SPEED    23   HIGHEST GUST DIRECTION    SE (120)
  AVERAGE WIND SPEED     6.6


SKY COVER
  POSSIBLE SUNSHINE  MM
  AVERAGE SKY COVER 0.5


WEATHER CONDITIONS
 THE FOLLOWING WEATHER WAS RECORDED YESTERDAY.
  NO SIGNIFICANT WEATHER WAS OBSERVED.


RELATIVE HUMIDITY (PERCENT)
 HIGHEST    86           300 AM
 LOWEST     29           200 PM
 AVERAGE    58

..........................................................


THE TWIN CITIES MN CLIMATE NORMALS FOR TODAY
                         NORMAL    RECORD    YEAR
 MAXIMUM TEMPERATURE (F)   56        88      1947
 MINIMUM TEMPERATURE (F)   38        16      1913


SUNRISE AND SUNSET
OCTOBER 21 2019.......SUNRISE   736 AM CDT   SUNSET   618 PM CDT
OCTOBER 22 2019.......SUNRISE   737 AM CDT   SUNSET   617 PM CDT


-  INDICATES NEGATIVE NUMBERS.
R  INDICATES RECORD WAS SET OR TIED.
MM INDICATES DATA IS MISSING.
T  INDICATES TRACE AMOUNT.




$$
