000
CDUS43 KMPX 160703
CLIMSP

CLIMATE REPORT
NATIONAL WEATHER SERVICE TWIN CITIES/CHANHASSEN MN
203 AM CDT TUE AUG 16 2022

...................................

...THE TWIN CITIES MN CLIMATE SUMMARY FOR AUGUST 15 2022...

CLIMATE NORMAL PERIOD 1991 TO 2020
CLIMATE RECORD PERIOD 1871 TO 2022


WEATHER ITEM   OBSERVED TIME   RECORD YEAR NORMAL DEPARTURE LAST
                VALUE   (LST)  VALUE       VALUE  FROM      YEAR
                                                  NORMAL
...................................................................
TEMPERATURE (F)
 YESTERDAY
  MAXIMUM         76    539 PM 103    1936  81     -5       85
  MINIMUM         60    531 AM  47    1960  63     -3       65
  AVERAGE         68                        72     -4       75

PRECIPITATION (IN)
  YESTERDAY        0.00          1.23 1966   0.16  -0.16     0.00
  MONTH TO DATE    2.45                      2.20   0.25     2.49
  SINCE JUN 1      4.76                     10.84  -6.08     5.42
  SINCE JAN 1     16.45                     21.10  -4.65    15.41

SNOWFALL (IN)
  YESTERDAY        0.0           0.0    MM   0.0    0.0      0.0
  MONTH TO DATE    0.0                       0.0    0.0      0.0
  SINCE JUN 1      0.0                       0.0    0.0      0.0
  SINCE JUL 1      0.0                       0.0    0.0      0.0
  SNOW DEPTH       0

DEGREE DAYS
 HEATING
  YESTERDAY        0                         0      0        0
  MONTH TO DATE    0                         0      0        0
  SINCE JUN 1      8                        38    -30       10
  SINCE JUL 1      0                         4     -4        5

 COOLING
  YESTERDAY        3                         7     -4       10
  MONTH TO DATE  117                       123     -6      141
  SINCE JUN 1    730                       592    138      862
  SINCE JAN 1    795                       641    154      929
...................................................................


WIND (MPH)
  HIGHEST WIND SPEED    10   HIGHEST WIND DIRECTION     S (160)
  HIGHEST GUST SPEED    14   HIGHEST GUST DIRECTION     S (160)
  AVERAGE WIND SPEED     4.7


SKY COVER
  POSSIBLE SUNSHINE  MM
  AVERAGE SKY COVER 0.5


WEATHER CONDITIONS
THE FOLLOWING WEATHER WAS RECORDED YESTERDAY.
  FOG


RELATIVE HUMIDITY (PERCENT)
 HIGHEST    90           700 AM
 LOWEST     60           300 PM
 AVERAGE    75

..........................................................


THE TWIN CITIES MN CLIMATE NORMALS FOR TODAY
                         NORMAL    RECORD    YEAR
 MAXIMUM TEMPERATURE (F)   81        99      1988
 MINIMUM TEMPERATURE (F)   63        47      1962


SUNRISE AND SUNSET
AUGUST 16 2022........SUNRISE   616 AM CDT   SUNSET   817 PM CDT
AUGUST 17 2022........SUNRISE   617 AM CDT   SUNSET   816 PM CDT


-  INDICATES NEGATIVE NUMBERS.
R  INDICATES RECORD WAS SET OR TIED.
MM INDICATES DATA IS MISSING.
T  INDICATES TRACE AMOUNT.




$$
