000
CDUS43 KMPX 250631
CLISTC

CLIMATE REPORT
NATIONAL WEATHER SERVICE TWIN CITIES/CHANHASSEN MN
1231 AM CST THU FEB 25 2021

...................................

...THE ST CLOUD MN CLIMATE SUMMARY FOR FEBRUARY 24 2021...

CLIMATE NORMAL PERIOD 1981 TO 2010
CLIMATE RECORD PERIOD 1893 TO 2021


WEATHER ITEM   OBSERVED TIME   RECORD YEAR NORMAL DEPARTURE LAST
                VALUE   (LST)  VALUE       VALUE  FROM      YEAR
                                                  NORMAL
...................................................................
TEMPERATURE (F)
 YESTERDAY
  MAXIMUM         36    429 PM  55    1998  30      6       39
  MINIMUM         24   1114 PM -22    1950  11     13       15
  AVERAGE         30                        20     10       27

PRECIPITATION (IN)
  YESTERDAY        0.07          1.00 2007   0.02   0.05     0.00
  MONTH TO DATE    0.32                      0.47  -0.15     0.16
  SINCE DEC 1      1.53                      1.94  -0.41     2.93
  SINCE JAN 1      1.00                      1.12  -0.12     1.25

SNOWFALL (IN)
  YESTERDAY        0.4           7.6  2007   0.2    0.2      0.0
  MONTH TO DATE    4.0                       5.8   -1.8      1.8
  SINCE DEC 1     16.9                      23.8   -6.9     27.0
  SINCE JUL 1     32.7                      33.0   -0.3     39.3
  SNOW DEPTH       4

DEGREE DAYS
 HEATING
  YESTERDAY       35                        45    -10       38
  MONTH TO DATE 1455                      1169    286     1199
  SINCE DEC 1   4181                      4346   -165     4170
  SINCE JUL 1   6071                      6271   -200     6126

 COOLING
  YESTERDAY        0                         0      0        0
  MONTH TO DATE    0                         0      0        0
  SINCE DEC 1      0                         0      0        0
  SINCE JAN 1      0                         0      0        0
...................................................................


WIND (MPH)
  HIGHEST WIND SPEED    15   HIGHEST WIND DIRECTION     W (280)
  HIGHEST GUST SPEED    23   HIGHEST GUST DIRECTION     N (10)
  AVERAGE WIND SPEED     9.0


SKY COVER
  POSSIBLE SUNSHINE  MM
  AVERAGE SKY COVER 0.4


WEATHER CONDITIONS
THE FOLLOWING WEATHER WAS RECORDED YESTERDAY.
  LIGHT SNOW
  FOG


RELATIVE HUMIDITY (PERCENT)
 HIGHEST    96           100 AM
 LOWEST     45           400 PM
 AVERAGE    71

..........................................................


THE ST CLOUD MN CLIMATE NORMALS FOR TODAY
                         NORMAL    RECORD    YEAR
 MAXIMUM TEMPERATURE (F)   30        54      1958
 MINIMUM TEMPERATURE (F)   12       -30      1940


SUNRISE AND SUNSET
FEBRUARY 25 2021......SUNRISE   701 AM CST   SUNSET   558 PM CST
FEBRUARY 26 2021......SUNRISE   659 AM CST   SUNSET   559 PM CST


-  INDICATES NEGATIVE NUMBERS.
R  INDICATES RECORD WAS SET OR TIED.
MM INDICATES DATA IS MISSING.
T  INDICATES TRACE AMOUNT.




$$
