000
CDUS43 KMPX 212226
CLISTC


CLIMATE REPORT
NATIONAL WEATHER SERVICE CHANHASSEN MN
525 PM CDT THU JUN 21 2018


...................................

...THE ST CLOUD MN CLIMATE SUMMARY FOR JUNE 21 2018...
VALID TODAY AS OF 0500 PM LOCAL TIME.

CLIMATE NORMAL PERIOD 1981 TO 2010
CLIMATE RECORD PERIOD 1893 TO 2018


WEATHER ITEM   OBSERVED TIME   RECORD YEAR NORMAL DEPARTURE LAST
                VALUE   (LST)  VALUE       VALUE  FROM      YEAR
                                                  NORMAL
..................................................................
TEMPERATURE (F)
 TODAY
  MAXIMUM         80    235 PM  95    1910  79      1       82
                                      1900
  MINIMUM         58    549 AM  34    1992  55      3       49
  AVERAGE         69                        67      2       66

PRECIPITATION (IN)
  TODAY            0.00          2.83 1956   0.15  -0.15      T
  MONTH TO DATE    1.71                      2.93  -1.22     1.09
  SINCE JUN 1      1.71                      2.93  -1.22     1.09
  SINCE JAN 1      8.44                     11.24  -2.80    10.79

SNOWFALL (IN)
  TODAY            0.0           0.0    MM   0.0    0.0      0.0
  MONTH TO DATE    0.0                       0.0    0.0      0.0
  SINCE JUN 1      0.0                       0.0    0.0      0.0
  SINCE JUL 1     62.7                      45.7   17.0     31.9

DEGREE DAYS
 HEATING
  TODAY            0                         2     -2        0
  MONTH TO DATE   22                        68    -46       12
  SINCE JUN 1     22                        68    -46       12
  SINCE JUL 1   8687                      8522    165     7298

 COOLING
  TODAY            4                         4      0        1
  MONTH TO DATE   78                        53     25       73
  SINCE JUN 1     78                        53     25       73
  SINCE JAN 1    174                        78     96       76
..................................................................


WIND (MPH)
  HIGHEST WIND SPEED    14   HIGHEST WIND DIRECTION    NE (60)
  HIGHEST GUST SPEED    20   HIGHEST GUST DIRECTION    NE (60)
  AVERAGE WIND SPEED     7.4


SKY COVER
  POSSIBLE SUNSHINE  MM
  AVERAGE SKY COVER 0.2


WEATHER CONDITIONS
 THE FOLLOWING WEATHER WAS RECORDED TODAY.
  NO SIGNIFICANT WEATHER WAS OBSERVED.


RELATIVE HUMIDITY (PERCENT)
 HIGHEST    78           800 AM
 LOWEST     45           100 PM
 AVERAGE    62

..........................................................


THE ST CLOUD MN CLIMATE NORMALS FOR TOMORROW
                         NORMAL    RECORD    YEAR
 MAXIMUM TEMPERATURE (F)   80        98      1911
 MINIMUM TEMPERATURE (F)   56        38      1905


SUNRISE AND SUNSET
JUNE 21 2018..........SUNRISE   527 AM CDT   SUNSET   909 PM CDT
JUNE 22 2018..........SUNRISE   528 AM CDT   SUNSET   909 PM CDT


-  INDICATES NEGATIVE NUMBERS.
R  INDICATES RECORD WAS SET OR TIED.
MM INDICATES DATA IS MISSING.
T  INDICATES TRACE AMOUNT.




$$
