317
CDUS43 KMPX 190034
CLISTC


CLIMATE REPORT
NATIONAL WEATHER SERVICE CHANHASSEN MN
734 PM CDT SUN AUG 18 2019


...................................

...THE ST CLOUD MN CLIMATE SUMMARY FOR AUGUST 18 2019...
VALID TODAY AS OF 0700 PM LOCAL TIME.

CLIMATE NORMAL PERIOD 1981 TO 2010
CLIMATE RECORD PERIOD 1893 TO 2019


WEATHER ITEM   OBSERVED TIME   RECORD YEAR NORMAL DEPARTURE LAST
                VALUE   (LST)  VALUE       VALUE  FROM      YEAR
                                                  NORMAL
..................................................................
TEMPERATURE (F)
 TODAY
  MAXIMUM         73    357 PM  99    1976  80     -7       82
  MINIMUM         62    553 AM  37    1977  56      6       58
  AVERAGE         68                        68      0       70

PRECIPITATION (IN)
  TODAY            0.29          2.38 1899   0.12   0.17     0.00
  MONTH TO DATE    2.32                      2.10   0.22     2.60
  SINCE JUN 1     12.26                      9.58   2.68    10.01
  SINCE JAN 1     26.01                     17.89   8.12    16.74

SNOWFALL (IN)
  TODAY            0.0           0.0    MM   0.0    0.0      0.0
  MONTH TO DATE    0.0                       0.0    0.0      0.0
  SINCE JUN 1      0.0                       0.0    0.0      0.0
  SINCE JUL 1      0.0                       0.0    0.0      0.0
  SNOW DEPTH       0

DEGREE DAYS
 HEATING
  TODAY            0                         1     -1        0
  MONTH TO DATE    2                        18    -16        3
  SINCE JUN 1     54                       113    -59       28
  SINCE JUL 1      5                        35    -30        6

 COOLING
  TODAY            3                         4     -1        5
  MONTH TO DATE   91                        85      6      115
  SINCE JUN 1    387                       362     25      447
  SINCE JAN 1    394                       387      7      543
..................................................................


WIND (MPH)
  HIGHEST WIND SPEED    21   HIGHEST WIND DIRECTION     W (270)
  HIGHEST GUST SPEED    27   HIGHEST GUST DIRECTION     W (260)
  AVERAGE WIND SPEED    10.7


SKY COVER
  POSSIBLE SUNSHINE  MM
  AVERAGE SKY COVER 0.4


WEATHER CONDITIONS
 THE FOLLOWING WEATHER WAS RECORDED TODAY.
  THUNDERSTORM
  RAIN
  LIGHT RAIN
  FOG


RELATIVE HUMIDITY (PERCENT)
 HIGHEST    93          1200 AM
 LOWEST     41           200 PM
 AVERAGE    67

..........................................................


THE ST CLOUD MN CLIMATE NORMALS FOR TOMORROW
                         NORMAL    RECORD    YEAR
 MAXIMUM TEMPERATURE (F)   79       100      1900
 MINIMUM TEMPERATURE (F)   56        37      2004


SUNRISE AND SUNSET
AUGUST 18 2019........SUNRISE   620 AM CDT   SUNSET   819 PM CDT
AUGUST 19 2019........SUNRISE   621 AM CDT   SUNSET   817 PM CDT


-  INDICATES NEGATIVE NUMBERS.
R  INDICATES RECORD WAS SET OR TIED.
MM INDICATES DATA IS MISSING.
T  INDICATES TRACE AMOUNT.




$$
