000
CDUS43 KMPX 230710
CLISTC

CLIMATE REPORT
NATIONAL WEATHER SERVICE TWIN CITIES/CHANHASSEN MN
210 AM CDT MON MAY 23 2022

...................................

...THE ST CLOUD MN CLIMATE SUMMARY FOR MAY 22 2022...

CLIMATE NORMAL PERIOD 1991 TO 2020
CLIMATE RECORD PERIOD 1893 TO 2022


WEATHER ITEM   OBSERVED TIME   RECORD YEAR NORMAL DEPARTURE LAST
                VALUE   (LST)  VALUE       VALUE  FROM      YEAR
                                                  NORMAL
...................................................................
TEMPERATURE (F)
 YESTERDAY
  MAXIMUM         59    432 PM  94    1964  70    -11       86
  MINIMUM         39   1245 AM  28    1963  47     -8       66
  AVERAGE         49                        58     -9       76

PRECIPITATION (IN)
  YESTERDAY        T             3.17 1962   0.13  -0.13     0.00
  MONTH TO DATE    5.99                      2.55   3.44     0.92
  SINCE MAR 1     11.06                      6.73   4.33     6.54
  SINCE JAN 1     12.42                      8.16   4.26     7.80

SNOWFALL (IN)
  YESTERDAY        0.0           0.0    MM   0.0    0.0      0.0
  MONTH TO DATE    0.0                       0.1   -0.1      0.0
  SINCE MAR 1      9.1                      13.0   -3.9      8.1
  SINCE JUL 1     49.6                      47.9    1.7     45.2
  SNOW DEPTH       0

DEGREE DAYS
 HEATING
  YESTERDAY       16                         8      8        0
  MONTH TO DATE  173                       241    -68      239
  SINCE MAR 1   2047                      2003     44     1728
  SINCE JUL 1   8230                      8367   -137     7947

 COOLING
  YESTERDAY        0                         1     -1       11
  MONTH TO DATE    6                         9     -3       30
  SINCE MAR 1      6                        10     -4       30
  SINCE JAN 1      6                        10     -4       30
...................................................................


WIND (MPH)
  HIGHEST WIND SPEED    18   HIGHEST WIND DIRECTION    NW (300)
  HIGHEST GUST SPEED    26   HIGHEST GUST DIRECTION    NW (320)
  AVERAGE WIND SPEED     6.4


SKY COVER
  POSSIBLE SUNSHINE  MM
  AVERAGE SKY COVER 0.7


WEATHER CONDITIONS
THE FOLLOWING WEATHER WAS RECORDED YESTERDAY.
  NO SIGNIFICANT WEATHER WAS OBSERVED.


RELATIVE HUMIDITY (PERCENT)
 HIGHEST    79           500 AM
 LOWEST     33           300 PM
 AVERAGE    56

..........................................................


THE ST CLOUD MN CLIMATE NORMALS FOR TODAY
                         NORMAL    RECORD    YEAR
 MAXIMUM TEMPERATURE (F)   70        94      1926
 MINIMUM TEMPERATURE (F)   47        28      1963


SUNRISE AND SUNSET
MAY 23 2022...........SUNRISE   537 AM CDT   SUNSET   849 PM CDT
MAY 24 2022...........SUNRISE   536 AM CDT   SUNSET   850 PM CDT


-  INDICATES NEGATIVE NUMBERS.
R  INDICATES RECORD WAS SET OR TIED.
MM INDICATES DATA IS MISSING.
T  INDICATES TRACE AMOUNT.




$$
