000
CDUS43 KMPX 310622
CLISTC

CLIMATE REPORT
NATIONAL WEATHER SERVICE TWIN CITIES/CHANHASSEN MN
122 AM CDT SAT OCT 31 2020

...................................

...THE ST CLOUD MN CLIMATE SUMMARY FOR OCTOBER 30 2020...

CLIMATE NORMAL PERIOD 1981 TO 2010
CLIMATE RECORD PERIOD 1893 TO 2020


WEATHER ITEM   OBSERVED TIME   RECORD YEAR NORMAL DEPARTURE LAST
                VALUE   (LST)  VALUE       VALUE  FROM      YEAR
                                                  NORMAL
...................................................................
TEMPERATURE (F)
 YESTERDAY
  MAXIMUM         44    318 PM  76    1950  49     -5       32
  MINIMUM         30    634 AM  10    1895  30      0       16
  AVERAGE         37                        40     -3       24

PRECIPITATION (IN)
  YESTERDAY        T             1.65 1971   0.06  -0.06     0.00
  MONTH TO DATE    2.17                      2.43  -0.26     3.84
  SINCE SEP 1      4.15                      5.89  -1.74    11.39
  SINCE JAN 1     23.94                     25.47  -1.53    38.73

SNOWFALL (IN)
  YESTERDAY        0.2           3.2  1951   0.0    0.2      0.0
  MONTH TO DATE    7.8                       0.7    7.1      0.5
  SINCE SEP 1      7.8                       0.7    7.1      0.5
  SINCE JUL 1      7.8                       0.7    7.1      0.5
  SNOW DEPTH       T

DEGREE DAYS
 HEATING
  YESTERDAY       28                        25      3       41
  MONTH TO DATE  747                       573    174      641
  SINCE SEP 1    981                       801    180      783
  SINCE JUL 1   1004                       859    145      816

 COOLING
  YESTERDAY        0                         0      0        0
  MONTH TO DATE    2                         0      2        0
  SINCE SEP 1     12                        34    -22       54
  SINCE JAN 1    579                       463    116      452
...................................................................


WIND (MPH)
  HIGHEST WIND SPEED    17   HIGHEST WIND DIRECTION     S (160)
  HIGHEST GUST SPEED    26   HIGHEST GUST DIRECTION     S (160)
  AVERAGE WIND SPEED     6.6


SKY COVER
  POSSIBLE SUNSHINE  MM
  AVERAGE SKY COVER 0.6


WEATHER CONDITIONS
THE FOLLOWING WEATHER WAS RECORDED YESTERDAY.
  LIGHT SNOW


RELATIVE HUMIDITY (PERCENT)
 HIGHEST    85           800 AM
 LOWEST     47           300 PM
 AVERAGE    66

..........................................................


THE ST CLOUD MN CLIMATE NORMALS FOR TODAY
                         NORMAL    RECORD    YEAR
 MAXIMUM TEMPERATURE (F)   49        77      1950
 MINIMUM TEMPERATURE (F)   30        10      1951


SUNRISE AND SUNSET
OCTOBER 31 2020.......SUNRISE   755 AM CDT   SUNSET   604 PM CDT
NOVEMBER  1 2020......SUNRISE   657 AM CST   SUNSET   502 PM CST


-  INDICATES NEGATIVE NUMBERS.
R  INDICATES RECORD WAS SET OR TIED.
MM INDICATES DATA IS MISSING.
T  INDICATES TRACE AMOUNT.




$$
