000
CDUS43 KMPX 240047
CLISTC

CLIMATE REPORT
NATIONAL WEATHER SERVICE TWIN CITIES/CHANHASSEN MN
747 PM CDT SAT SEP 23 2023

...................................

...THE ST CLOUD MN CLIMATE SUMMARY FOR SEPTEMBER 23 2023...
VALID TODAY AS OF 0700 PM LOCAL TIME.

CLIMATE NORMAL PERIOD 1991 TO 2020
CLIMATE RECORD PERIOD 1893 TO 2023


WEATHER ITEM   OBSERVED TIME   RECORD YEAR NORMAL DEPARTURE LAST
                VALUE   (LST)  VALUE       VALUE  FROM      YEAR
                                                  NORMAL
...................................................................
TEMPERATURE (F)
 TODAY
  MAXIMUM         76    301 PM  89    1937  68      8       55
  MINIMUM         63    349 AM  23    1983  45     18       48
  AVERAGE         70                        57     13       52

PRECIPITATION (IN)
  TODAY            0.02          1.60 1984   0.10  -0.08     0.61
  MONTH TO DATE    0.12                      2.38  -2.26     2.09
  SINCE SEP 1      0.12                      2.38  -2.26     2.09
  SINCE JAN 1     17.96                     23.00  -5.04    27.97

SNOWFALL (IN)
  TODAY            0.0           0.0    MM   0.0    0.0      0.0
  MONTH TO DATE    0.0                       0.0    0.0      0.0
  SINCE SEP 1      0.0                       0.0    0.0      0.0
  SINCE JUL 1      0.0                       0.0    0.0      0.0
  SNOW DEPTH       0

DEGREE DAYS
 HEATING
  TODAY            0                         9     -9       13
  MONTH TO DATE   71                       131    -60       66
  SINCE SEP 1     71                       131    -60       66
  SINCE JUL 1     91                       185    -94       69

 COOLING
  TODAY            5                         1      4        0
  MONTH TO DATE   93                        37     56       63
  SINCE SEP 1     93                        37     56       63
  SINCE JAN 1    740                       461    279      594
...................................................................


WIND (MPH)
  HIGHEST WIND SPEED    17   HIGHEST WIND DIRECTION    SE (130)
  HIGHEST GUST SPEED    28   HIGHEST GUST DIRECTION    SE (130)
  AVERAGE WIND SPEED     7.6


SKY COVER
  POSSIBLE SUNSHINE  MM
  AVERAGE SKY COVER 0.9


WEATHER CONDITIONS
THE FOLLOWING WEATHER WAS RECORDED TODAY.
  THUNDERSTORM
  LIGHT RAIN
  FOG


RELATIVE HUMIDITY (PERCENT)
 HIGHEST    97
 LOWEST     66
 AVERAGE    82

..........................................................


THE ST CLOUD MN CLIMATE NORMALS FOR TOMORROW
                         NORMAL    RECORD    YEAR
 MAXIMUM TEMPERATURE (F)   68        90      1935
 MINIMUM TEMPERATURE (F)   45        24      2000


SUNRISE AND SUNSET
SEPTEMBER 23 2023.....SUNRISE   704 AM CDT   SUNSET   712 PM CDT
SEPTEMBER 24 2023.....SUNRISE   706 AM CDT   SUNSET   710 PM CDT


-  INDICATES NEGATIVE NUMBERS.
R  INDICATES RECORD WAS SET OR TIED.
MM INDICATES DATA IS MISSING.
T  INDICATES TRACE AMOUNT.




$$
