000
CDUS41 KPHI 232137
CLIACY


CLIMATE REPORT
NATIONAL WEATHER SERVICE MOUNT HOLLY NJ
536 PM EDT SAT JUN 23 2018


...................................

...THE ATLANTIC CITY NJ CLIMATE SUMMARY FOR JUNE 23 2018...
VALID TODAY AS OF 0500 PM LOCAL TIME.

CLIMATE NORMAL PERIOD 1981 TO 2010
CLIMATE RECORD PERIOD 1874 TO 2018


WEATHER ITEM   OBSERVED TIME   RECORD YEAR NORMAL DEPARTURE LAST
                VALUE   (LST)  VALUE       VALUE  FROM      YEAR
                                                  NORMAL
..................................................................
TEMPERATURE (F)
 TODAY
  MAXIMUM         75    333 PM  98    1988  83     -8       87
  MINIMUM         67    617 AM  39    1992  64      3       74
  AVERAGE         71                        73     -2       81

PRECIPITATION (IN)
  TODAY            0.01          1.23 1951   0.10  -0.09     0.07
  MONTH TO DATE    2.21                      2.42  -0.21     2.35
  SINCE JUN 1      2.21                      2.42  -0.21     2.35
  SINCE JAN 1     28.05                     19.70   8.35    24.01

SNOWFALL (IN)
  TODAY            0.0           0.0    MM   0.0    0.0      0.0
  MONTH TO DATE    0.0                       0.0    0.0      0.0
  SINCE JUN 1      0.0                       0.0    0.0      0.0
  SINCE JUL 1     34.1                      16.5   17.6      7.7
  SNOW DEPTH       0

DEGREE DAYS
 HEATING
  TODAY            0                         0      0        0
  MONTH TO DATE   11                        24    -13       24
  SINCE JUN 1     11                        24    -13       24
  SINCE JUL 1   4518                      4902   -384     4144

 COOLING
  TODAY            6                         9     -3       16
  MONTH TO DATE  142                       138      4      187
  SINCE JUN 1    142                       138      4      187
  SINCE JAN 1    272                       202     70      272
..................................................................


WIND (MPH)
  HIGHEST WIND SPEED    16   HIGHEST WIND DIRECTION    NE (60)
  HIGHEST GUST SPEED    21   HIGHEST GUST DIRECTION     E (70)
  AVERAGE WIND SPEED     5.1


SKY COVER
  POSSIBLE SUNSHINE  MM
  AVERAGE SKY COVER 0.8


WEATHER CONDITIONS
 THE FOLLOWING WEATHER WAS RECORDED TODAY.
  LIGHT RAIN
  FOG


RELATIVE HUMIDITY (PERCENT)
 HIGHEST   100           300 AM
 LOWEST     87          1200 PM
 AVERAGE    94

..........................................................


THE ATLANTIC CITY NJ CLIMATE NORMALS FOR TOMORROW
                         NORMAL    RECORD    YEAR
 MAXIMUM TEMPERATURE (F)   83        99      2010
 MINIMUM TEMPERATURE (F)   64        47      1988


SUNRISE AND SUNSET
JUNE 23 2018..........SUNRISE   532 AM EDT   SUNSET   829 PM EDT
JUNE 24 2018..........SUNRISE   532 AM EDT   SUNSET   829 PM EDT


-  INDICATES NEGATIVE NUMBERS.
R  INDICATES RECORD WAS SET OR TIED.
MM INDICATES DATA IS MISSING.
T  INDICATES TRACE AMOUNT.




$$
