000
CDUS41 KPHI 270554
CLIACY

CLIMATE REPORT
NATIONAL WEATHER SERVICE MOUNT HOLLY NJ
1254 AM EST SAT FEB 27 2021

...................................

...THE ATLANTIC CITY NJ CLIMATE SUMMARY FOR FEBRUARY 26 2021...

CLIMATE NORMAL PERIOD: 1981 TO 2010
CLIMATE RECORD PERIOD: 1943 TO 2021


WEATHER ITEM   OBSERVED TIME   RECORD YEAR NORMAL DEPARTURE LAST
                VALUE   (LST)  VALUE       VALUE  FROM      YEAR
                                                  NORMAL
...................................................................
TEMPERATURE (F)
 YESTERDAY
  MAXIMUM         46   1:01 PM  64    1996  47     -1       53
  MINIMUM         28  12:35 AM   9    1990  28      0       46
  AVERAGE         37                        38     -1       50

PRECIPITATION (IN)
  YESTERDAY        0.04          0.99 2013   0.11  -0.07     0.41
  MONTH TO DATE    5.44                      2.64   2.80     3.42
  SINCE DEC 1     13.09                      9.55   3.54    11.83
  SINCE JAN 1      8.01                      5.86   2.15     5.52

SNOWFALL (IN)
  YESTERDAY        0.0           4.1  2010   0.2   -0.2      0.0
  MONTH TO DATE    6.3                       6.4   -0.1      0.0
  SINCE DEC 1      7.3                      14.6   -7.3      0.5
  SINCE JUL 1      7.3                      14.8   -7.5      0.5
  SNOW DEPTH       0

DEGREE DAYS
 HEATING
  YESTERDAY       28                        28      0       15
  MONTH TO DATE  790                       777     13      584
  SINCE DEC 1   2520                      2631   -111     2103
  SINCE JUL 1   3175                      3538   -363     2925

 COOLING
  YESTERDAY        0                         0      0        0
  MONTH TO DATE    0                         0      0        0
  SINCE DEC 1      0                         0      0        0
  SINCE JAN 1      0                         0      0        0
...................................................................


WIND (MPH)
  HIGHEST WIND SPEED    15   HIGHEST WIND DIRECTION     S (160)
  HIGHEST GUST SPEED    24   HIGHEST GUST DIRECTION     E (110)
  AVERAGE WIND SPEED     6.3


SKY COVER
  POSSIBLE SUNSHINE  MM
  AVERAGE SKY COVER 0.2


WEATHER CONDITIONS
THE FOLLOWING WEATHER WAS RECORDED YESTERDAY.
  LIGHT RAIN


RELATIVE HUMIDITY (PERCENT)
 HIGHEST    69           6:00 AM
 LOWEST     30           2:00 PM
 AVERAGE    50

..........................................................


THE ATLANTIC CITY NJ CLIMATE NORMALS FOR TODAY
                         NORMAL    RECORD    YEAR
 MAXIMUM TEMPERATURE (F)   47        73      1997
 MINIMUM TEMPERATURE (F)   28         8      2014


SUNRISE AND SUNSET
FEBRUARY 27 2021......SUNRISE   6:34 AM EST   SUNSET   5:49 PM EST
FEBRUARY 28 2021......SUNRISE   6:32 AM EST   SUNSET   5:50 PM EST


-  INDICATES NEGATIVE NUMBERS.
R  INDICATES RECORD WAS SET OR TIED.
MM INDICATES DATA IS MISSING.
T  INDICATES TRACE AMOUNT.




$$
