000
CDUS41 KPHI 180553
CLIACY


CLIMATE REPORT
NATIONAL WEATHER SERVICE MOUNT HOLLY NJ
1252 AM EST TUE DEC 18 2018


...................................

...THE ATLANTIC CITY NJ CLIMATE SUMMARY FOR DECEMBER 17 2018...

CLIMATE NORMAL PERIOD 1981 TO 2010
CLIMATE RECORD PERIOD 1943 TO 2018


WEATHER ITEM   OBSERVED TIME   RECORD YEAR NORMAL DEPARTURE LAST
                VALUE   (LST)  VALUE       VALUE  FROM      YEAR
                                                  NORMAL
..................................................................
TEMPERATURE (F)
 YESTERDAY
  MAXIMUM         50    155 PM  65    1984  45      5       48
  MINIMUM         37    655 AM   7    1951  28      9       25
  AVERAGE         44                        37      7       37

PRECIPITATION (IN)
  YESTERDAY        0.00          0.90 2016   0.12  -0.12     0.00
  MONTH TO DATE    2.67                      2.09   0.58     1.03
  SINCE DEC 1      2.67                      2.09   0.58     1.03
  SINCE JAN 1     64.58                     40.15  24.43    49.96

SNOWFALL (IN)
  YESTERDAY        0.0           0.2  2013   0.1   -0.1      0.0
  MONTH TO DATE    4.8                       1.8    3.0      5.2
  SINCE DEC 1      4.8                       1.8    3.0      5.2
  SINCE JUL 1      4.8                       2.0    2.8      5.2
  SNOW DEPTH       0

DEGREE DAYS
 HEATING
  YESTERDAY       21                        28     -7       28
  MONTH TO DATE  447                       441      6      459
  SINCE DEC 1    447                       441      6      459
  SINCE JUL 1   1272                      1348    -76     1162

 COOLING
  YESTERDAY        0                         0      0        0
  MONTH TO DATE    0                         0      0        0
  SINCE DEC 1      0                         0      0        0
  SINCE JAN 1   1574                      1055    519     1264
..................................................................


WIND (MPH)
  HIGHEST WIND SPEED    29   HIGHEST WIND DIRECTION     W (290)
  HIGHEST GUST SPEED    39   HIGHEST GUST DIRECTION     W (290)
  AVERAGE WIND SPEED    14.2


SKY COVER
  POSSIBLE SUNSHINE  MM
  AVERAGE SKY COVER 0.6


WEATHER CONDITIONS
 THE FOLLOWING WEATHER WAS RECORDED YESTERDAY.
  FOG


RELATIVE HUMIDITY (PERCENT)
 HIGHEST   100          1200 AM
 LOWEST     53           700 PM
 AVERAGE    77

..........................................................


THE ATLANTIC CITY NJ CLIMATE NORMALS FOR TODAY
                         NORMAL    RECORD    YEAR
 MAXIMUM TEMPERATURE (F)   45        71      2006
 MINIMUM TEMPERATURE (F)   28         7      1980


SUNRISE AND SUNSET
DECEMBER 18 2018......SUNRISE   713 AM EST   SUNSET   437 PM EST
DECEMBER 19 2018......SUNRISE   714 AM EST   SUNSET   437 PM EST


-  INDICATES NEGATIVE NUMBERS.
R  INDICATES RECORD WAS SET OR TIED.
MM INDICATES DATA IS MISSING.
T  INDICATES TRACE AMOUNT.




$$
