000
CDUS41 KPHI 260601
CLIACY

CLIMATE REPORT
NATIONAL WEATHER SERVICE MOUNT HOLLY NJ
201 AM EDT TUE OCT 26 2021

...................................

...THE ATLANTIC CITY NJ CLIMATE SUMMARY FOR OCTOBER 25 2021...

CLIMATE NORMAL PERIOD: 1991 TO 2020
CLIMATE RECORD PERIOD: 1943 TO 2021


WEATHER ITEM   OBSERVED TIME   RECORD YEAR NORMAL DEPARTURE LAST
                VALUE   (LST)  VALUE       VALUE  FROM      YEAR
                                                  NORMAL
...................................................................
TEMPERATURE (F)
 YESTERDAY
  MAXIMUM         76   1:08 PM  79    2001  65     11       58
  MINIMUM         64  12:21 AM  29    1978  43     21       47
  AVERAGE         70                        54     16       53

PRECIPITATION (IN)
  YESTERDAY        0.17          2.49 1958   0.14   0.03     0.04
  MONTH TO DATE    1.26                      3.33  -2.07     3.70
  SINCE SEP 1      4.67                      6.88  -2.21     9.52
  SINCE JAN 1     42.45                     37.31   5.14    44.29

SNOWFALL (IN)
  YESTERDAY        0.0           0.0    MM   0.0    0.0      0.0
  MONTH TO DATE    0.0                       0.0    0.0      0.0
  SINCE SEP 1      0.0                       0.0    0.0      0.0
  SINCE JUL 1      0.0                       0.0    0.0      0.0
  SNOW DEPTH       0

DEGREE DAYS
 HEATING
  YESTERDAY        0                        12    -12       12
  MONTH TO DATE   67                       193   -126      127
  SINCE SEP 1     75                       236   -161      182
  SINCE JUL 1     75                       237   -162      182

 COOLING
  YESTERDAY        5                         0      5        0
  MONTH TO DATE   37                        20     17       10
  SINCE SEP 1    207                       164     43      158
  SINCE JAN 1   1313                      1132    181     1345
...................................................................


WIND (MPH)
  HIGHEST WIND SPEED    18   HIGHEST WIND DIRECTION    SW (210)
  HIGHEST GUST SPEED    27   HIGHEST GUST DIRECTION    SW (220)
  AVERAGE WIND SPEED     8.3


SKY COVER
  POSSIBLE SUNSHINE  MM
  AVERAGE SKY COVER 0.2


WEATHER CONDITIONS
THE FOLLOWING WEATHER WAS RECORDED YESTERDAY.
  HEAVY RAIN
  RAIN
  LIGHT RAIN
  FOG


RELATIVE HUMIDITY (PERCENT)
 HIGHEST   100          11:00 PM
 LOWEST     66          11:00 AM
 AVERAGE    83

..........................................................


THE ATLANTIC CITY NJ CLIMATE NORMALS FOR TODAY
                         NORMAL    RECORD    YEAR
 MAXIMUM TEMPERATURE (F)   64        80      1963
 MINIMUM TEMPERATURE (F)   43        26      1987


SUNRISE AND SUNSET
OCTOBER 26 2021.......SUNRISE   7:20 AM EDT   SUNSET   6:04 PM EDT
OCTOBER 27 2021.......SUNRISE   7:21 AM EDT   SUNSET   6:03 PM EDT


-  INDICATES NEGATIVE NUMBERS.
R  INDICATES RECORD WAS SET OR TIED.
MM INDICATES DATA IS MISSING.
T  INDICATES TRACE AMOUNT.




$$
