000
CDUS41 KPHI 270553
CLIACY

CLIMATE REPORT
NATIONAL WEATHER SERVICE MOUNT HOLLY NJ
1253 AM EST THU FEB 27 2020

...................................

...THE ATLANTIC CITY NJ CLIMATE SUMMARY FOR FEBRUARY 26 2020...

CLIMATE NORMAL PERIOD: 1981 TO 2010
CLIMATE RECORD PERIOD: 1943 TO 2020


WEATHER ITEM   OBSERVED TIME   RECORD YEAR NORMAL DEPARTURE LAST
                VALUE   (LST)  VALUE       VALUE  FROM      YEAR
                                                  NORMAL
...................................................................
TEMPERATURE (F)
 YESTERDAY
  MAXIMUM         53   1:06 PM  64    1996  47      6       45
  MINIMUM         46   7:09 AM   9    1990  28     18       27
  AVERAGE         50                        38     12       36

PRECIPITATION (IN)
  YESTERDAY        0.41          0.99 2013   0.11   0.30     0.00
  MONTH TO DATE    3.42                      2.64   0.78     4.10
  SINCE DEC 1     11.83                      9.55   2.28    14.49
  SINCE JAN 1      5.52                      5.86  -0.34     7.83

SNOWFALL (IN)
  YESTERDAY        0.0           4.1  2010   0.2   -0.2      0.0
  MONTH TO DATE    0.0                       6.4   -6.4      6.9
  SINCE DEC 1      0.5                      14.6  -14.1     16.6
  SINCE JUL 1      0.5                      14.8  -14.3     16.6
  SNOW DEPTH       0

DEGREE DAYS
 HEATING
  YESTERDAY       15                        28    -13       29
  MONTH TO DATE  584                       777   -193      718
  SINCE DEC 1   2103                      2631   -528     2481
  SINCE JUL 1   2925                      3538   -613     3306

 COOLING
  YESTERDAY        0                         0      0        0
  MONTH TO DATE    0                         0      0        0
  SINCE DEC 1      0                         0      0        0
  SINCE JAN 1      0                         0      0        0
...................................................................


WIND (MPH)
  HIGHEST WIND SPEED    15   HIGHEST WIND DIRECTION     E (80)
  HIGHEST GUST SPEED    23   HIGHEST GUST DIRECTION     E (70)
  AVERAGE WIND SPEED     8.1


SKY COVER
  POSSIBLE SUNSHINE  MM
  AVERAGE SKY COVER 1.0


WEATHER CONDITIONS
THE FOLLOWING WEATHER WAS RECORDED YESTERDAY.
  HEAVY RAIN
  RAIN
  LIGHT RAIN
  FOG
  FOG W/VISIBILITY <= 1/4 MILE


RELATIVE HUMIDITY (PERCENT)
 HIGHEST    96          11:00 PM
 LOWEST     79           2:00 PM
 AVERAGE    88

..........................................................


THE ATLANTIC CITY NJ CLIMATE NORMALS FOR TODAY
                         NORMAL    RECORD    YEAR
 MAXIMUM TEMPERATURE (F)   47        73      1997
 MINIMUM TEMPERATURE (F)   28         8      2014


SUNRISE AND SUNSET
FEBRUARY 27 2020......SUNRISE   6:35 AM EST   SUNSET   5:48 PM EST
FEBRUARY 28 2020......SUNRISE   6:33 AM EST   SUNSET   5:49 PM EST


-  INDICATES NEGATIVE NUMBERS.
R  INDICATES RECORD WAS SET OR TIED.
MM INDICATES DATA IS MISSING.
T  INDICATES TRACE AMOUNT.




$$
