000
CDAK48 PAFC 060041
CLIADQ

CLIMATE REPORT
NATIONAL WEATHER SERVICE ANCHORAGE, AK
441 PM AKDT WED MAY 05 2021

...................................

...THE KODIAK CLIMATE SUMMARY FOR MAY 5 2021...
VALID TODAY AS OF 0400 PM LOCAL TIME.

CLIMATE NORMAL PERIOD: 1991 TO 2020
CLIMATE RECORD PERIOD: 1913 TO 2021


WEATHER ITEM   OBSERVED TIME   RECORD YEAR NORMAL DEPARTURE LAST
                VALUE   (LST)  VALUE       VALUE  FROM      YEAR
                                                  NORMAL
...................................................................
TEMPERATURE (F)
 TODAY
  MAXIMUM         46   2:56 PM  69    2004  50     -4       47
  MINIMUM         37   7:20 AM  26    1920  38     -1       44
  AVERAGE         42                        44     -2       46

PRECIPITATION (IN)
  TODAY            0.05          2.10 2005   0.18  -0.13     0.16
  MONTH TO DATE    1.35                      0.93   0.42     0.63
  SINCE MAR 1      9.36                     11.89  -2.53     4.54
  SINCE JAN 1     26.85                     26.55   0.30    11.20

DEGREE DAYS
 HEATING
  TODAY           23                        21      2       19
  MONTH TO DATE  121                       107     14       86
  SINCE MAR 1   1892                      1869     23     1800
  SINCE JUL 1   7193                      7418   -225     6932

 COOLING
  TODAY            0                         0      0        0
  MONTH TO DATE    0                         0      0        0
  SINCE MAR 1      0                         0      0        0
  SINCE JAN 1      0                         0      0        0
...................................................................


WIND (MPH)
  RESULTANT WIND SPEED  11   RESULTANT WIND DIRECTION  NE (30)
  HIGHEST WIND SPEED    23   HIGHEST WIND DIRECTION    NE (50)
  HIGHEST GUST SPEED    27   HIGHEST GUST DIRECTION    NE (50)
  AVERAGE WIND SPEED    11.1


SKY COVER
  AVERAGE SKY COVER 1.0


WEATHER CONDITIONS
THE FOLLOWING WEATHER WAS RECORDED TODAY.
  LIGHT RAIN
  FOG


RELATIVE HUMIDITY (PERCENT)
 HIGHEST    83
 LOWEST     65
 AVERAGE    74

..........................................................


THE KODIAK CLIMATE NORMALS FOR TOMORROW
                         NORMAL    RECORD    YEAR
 MAXIMUM TEMPERATURE (F)   50        61      1918
 MINIMUM TEMPERATURE (F)   38        23      1972


SUNRISE AND SUNSET
MAY  5 2021...........SUNRISE   6:08 AM AKDT  SUNSET  10:07 PM AKDT
MAY  6 2021...........SUNRISE   6:06 AM AKDT  SUNSET  10:09 PM AKDT


-  INDICATES NEGATIVE NUMBERS.
R  INDICATES RECORD WAS SET OR TIED.
MM INDICATES DATA IS MISSING.
T  INDICATES TRACE AMOUNT.




$$
