000
CXAK58 PADQ 051944
CLMADQ

ANCCLMADQ 000
TTAA00 AFC 011227

CLIMATE REPORT
NATIONAL WEATHER SERVICE ANCHORAGE, AK
425 AM AKDT SAT MAY 01 2021

...................................

...THE KODIAK CLIMATE SUMMARY FOR THE MONTH OF APRIL 2021...

CLIMATE NORMAL PERIOD: 1981 TO 2010
CLIMATE RECORD PERIOD: 1913 TO 2021

WEATHER         OBSERVED          NORMAL  DEPART   LAST YEAR`S
                VALUE   DATE(S)   VALUE   FROM     VALUE
                                          NORMAL
..............................................................
TEMPERATURE (F)
RECORD
 HIGH             70   MM
 LOW              18   04/08/2021
                       04/08/2021
HIGHEST           53                 MM      MM       58
LOWEST            18R                MM      MM       23
AVG. MAXIMUM    43.9               42.9     1.0     46.5
AVG. MINIMUM    34.1               32.3     1.8     35.1
MEAN            39.0               37.6     1.4     40.8
DAYS MAX >= 90     0                0.0     0.0        0
DAYS MAX <= 32     1                0.6     0.4        0
DAYS MIN <= 32    10               12.4    -2.4        9
DAYS MIN <= 0      0                0.0     0.0        0

PRECIPITATION (INCHES)
RECORD
 MAXIMUM          MM   MM
 MINIMUM          MM   MM
TOTALS          6.10               5.81    0.29     3.72
DAILY AVG.      0.20               0.19    0.01     0.13
DAYS >= .01       20               17.5     2.5       14
DAYS >= .10       12               11.6     0.4        8
DAYS >= .50        4                4.4    -0.4        3
DAYS >= 1.00       2                1.0     1.0        0
GREATEST
 24 HR. TOTAL   2.11   04/21 TO 04/22               0.76
 STORM TOTAL    1.49                                  MM
 (MM/DD(HH))


DEGREE DAYS
HEATING TOTAL    769                822     -53      719
 SINCE 7/1      7072               7691    -619     6846
COOLING TOTAL      0                  0       0        0
 SINCE 1/1         0                  0       0        0

FREEZE DATES
RECORD
 EARLIEST     MM
 LATEST       MM
EARLIEST                        10/01
LATEST                          04/29
..............................................................

WIND (MPH)
AVERAGE WIND SPEED              11.2
RESULTANT WIND SPEED/DIRECTION   4/360
HIGHEST WIND SPEED/DIRECTION    49/280    DATE  04/08
HIGHEST GUST SPEED/DIRECTION    64/290    DATE  04/08

SKY COVER
POSSIBLE SUNSHINE (PERCENT)   MM
AVERAGE SKY COVER           0.67
NUMBER OF DAYS FAIR            7
NUMBER OF DAYS PC              6
NUMBER OF DAYS CLOUDY         17

AVERAGE RH (PERCENT)     72

WEATHER CONDITIONS. NUMBER OF DAYS WITH
THUNDERSTORM              0     MIXED PRECIP               0
HEAVY RAIN                0     RAIN                       6
LIGHT RAIN               20     FREEZING RAIN              0
LT FREEZING RAIN          0     HAIL                       0
HEAVY SNOW                0     SNOW                       0
LIGHT SNOW                7     SLEET                      0
FOG                      18     FOG W/VIS <= 1/4 MILE      1
HAZE                      5

-  INDICATES NEGATIVE NUMBERS.
R  INDICATES RECORD WAS SET OR TIED.
MM INDICATES DATA IS MISSING.
T  INDICATES TRACE AMOUNT.

$$
