000
CDUS42 KFFC 190817
CLIAHN


CLIMATE REPORT
NATIONAL WEATHER SERVICE PEACHTREE CITY GA
417 AM EDT THU SEP 19 2019


...................................

...THE ATHENS CLIMATE SUMMARY FOR SEPTEMBER 18 2019...

CLIMATE NORMAL PERIOD 1981 TO 2010
CLIMATE RECORD PERIOD 1898 TO 2019


WEATHER ITEM   OBSERVED TIME   RECORD YEAR NORMAL DEPARTURE LAST
                VALUE   (LST)  VALUE       VALUE  FROM      YEAR
                                                  NORMAL
..................................................................
TEMPERATURE (F)
 YESTERDAY
  MAXIMUM         82    305 PM 105    1931  83     -1       92
  MINIMUM         67    920 PM  47    1903  62      5       67
  AVERAGE         75                        73      2       80

PRECIPITATION (IN)
  YESTERDAY        0.00          4.12 1894   0.14  -0.14     0.00
  MONTH TO DATE    1.40                      2.19  -0.79     0.80
  SINCE SEP 1      1.40                      2.19  -0.79     0.80
  SINCE JAN 1     34.62                     33.48   1.14    45.81

DEGREE DAYS
 HEATING
  YESTERDAY        0                         0      0        0
  MONTH TO DATE    0                         0      0        0
  SINCE SEP 1      0                         0      0        0
  SINCE JUL 1      0                         0      0        0

 COOLING
  YESTERDAY       10                         8      2       15
  MONTH TO DATE  291                       187    104      291
  SINCE SEP 1    291                       187    104      291
  SINCE JAN 1   2090                      1742    348     1953
..................................................................


WIND (MPH)
  RESULTANT WIND SPEED   8   RESULTANT WIND DIRECTION   E (70)
  HIGHEST WIND SPEED    15   HIGHEST WIND DIRECTION    NE (40)
  HIGHEST GUST SPEED    22   HIGHEST GUST DIRECTION     E (80)
  AVERAGE WIND SPEED     8.1


SKY COVER
  POSSIBLE SUNSHINE  MM
  AVERAGE SKY COVER 0.5


WEATHER CONDITIONS
 THE FOLLOWING WEATHER WAS RECORDED YESTERDAY.
  NO SIGNIFICANT WEATHER WAS OBSERVED.


RELATIVE HUMIDITY (PERCENT)
 HIGHEST    87          1200 AM
 LOWEST     58           400 PM
 AVERAGE    73

..........................................................


THE ATHENS CLIMATE NORMALS FOR TODAY
                         NORMAL    RECORD    YEAR
 MAXIMUM TEMPERATURE (F)   83       103      1925
 MINIMUM TEMPERATURE (F)   62        46      1981


SUNRISE AND SUNSET
SEPTEMBER 19 2019.....SUNRISE   719 AM EDT   SUNSET   734 PM EDT
SEPTEMBER 20 2019.....SUNRISE   720 AM EDT   SUNSET   733 PM EDT


-  INDICATES NEGATIVE NUMBERS.
R  INDICATES RECORD WAS SET OR TIED.
MM INDICATES DATA IS MISSING.
T  INDICATES TRACE AMOUNT.




$$
