000
CDUS42 KFFC 050821
CLIAHN

CLIMATE REPORT
NATIONAL WEATHER SERVICE PEACHTREE CITY GA
421 AM EDT WED AUG 05 2020

...................................

...THE ATHENS CLIMATE SUMMARY FOR AUGUST 4 2020...

CLIMATE NORMAL PERIOD: 1981 TO 2010
CLIMATE RECORD PERIOD: 1898 TO 2020


WEATHER ITEM   OBSERVED TIME   RECORD YEAR NORMAL DEPARTURE LAST
                VALUE   (LST)  VALUE       VALUE  FROM      YEAR
                                                  NORMAL
...................................................................
TEMPERATURE (F)
 YESTERDAY
  MAXIMUM         93   4:14 PM 101    1931  91      2       86
  MINIMUM         66   6:06 AM  59    1985  70     -4       67
  AVERAGE         80                        80      0       77

PRECIPITATION (IN)
  YESTERDAY        0.00          4.97 2016   0.13  -0.13     3.73
  MONTH TO DATE    1.52                      0.51   1.01     4.09
  SINCE JUN 1      6.08                      9.16  -3.08    12.49
  SINCE JAN 1     38.31                     28.27  10.04    28.53

DEGREE DAYS
 COOLING
  YESTERDAY       15                        15      0       12
  MONTH TO DATE   72                        62     10       61
  SINCE JUN 1   1030                       924    106      962
  SINCE JAN 1   1309                      1164    145     1378
...................................................................


WIND (MPH)
  RESULTANT WIND SPEED   1   RESULTANT WIND DIRECTION  NE (50)
  HIGHEST WIND SPEED    12   HIGHEST WIND DIRECTION     N (360)
  HIGHEST GUST SPEED    17   HIGHEST GUST DIRECTION     N (340)
  AVERAGE WIND SPEED     2.3


SKY COVER
  POSSIBLE SUNSHINE  MM
  AVERAGE SKY COVER 0.4


WEATHER CONDITIONS
THE FOLLOWING WEATHER WAS RECORDED YESTERDAY.
  FOG
  FOG W/VISIBILITY <= 1/4 MILE


RELATIVE HUMIDITY (PERCENT)
 HIGHEST    93           8:00 AM
 LOWEST     38           3:00 PM
 AVERAGE    66

..........................................................


THE ATHENS CLIMATE NORMALS FOR TODAY
                         NORMAL    RECORD    YEAR
 MAXIMUM TEMPERATURE (F)   91       101      1930
                                             1931
 MINIMUM TEMPERATURE (F)   70        60      1912
                                             1976


SUNRISE AND SUNSET
AUGUST  5 2020........SUNRISE   6:48 AM EDT   SUNSET   8:30 PM EDT
AUGUST  6 2020........SUNRISE   6:49 AM EDT   SUNSET   8:29 PM EDT


-  INDICATES NEGATIVE NUMBERS.
R  INDICATES RECORD WAS SET OR TIED.
MM INDICATES DATA IS MISSING.
T  INDICATES TRACE AMOUNT.




$$
