000
CXUS52 KFFC 040110
CLMAHN


CLIMATE REPORT
NATIONAL WEATHER SERVICE PEACHTREE CITY GA
810 PM EST MON FEB 3 2020

...................................

...THE ATHENS CLIMATE SUMMARY FOR THE MONTH OF JANUARY 2020...

CLIMATE NORMAL PERIOD 1981 TO 2010
CLIMATE RECORD PERIOD 1898 TO 2020

WEATHER         OBSERVED          NORMAL  DEPART  LAST YEAR`S
                 VALUE   DATE(S)  VALUE   FROM    VALUE  DATE(S)
                                          NORMAL
................................................................
TEMPERATURE (F)
RECORD
 HIGH              80   MM
 LOW               -4   MM
HIGHEST            74   01/15        80      -6       70  01/06
LOWEST             21   01/22        -4      25       23  01/30
AVG. MAXIMUM     57.8              53.9     3.9     55.2
AVG. MINIMUM     39.9              33.1     6.8     34.9
MEAN             48.8              43.5     5.3     45.1
DAYS MAX >= 90      0               0.0     0.0        0
DAYS MAX <= 32      0               0.5    -0.5        0
DAYS MIN <= 32      5              14.7    -9.7       15
DAYS MIN <= 0       0               0.0     0.0        0

PRECIPITATION (INCHES)
RECORD
 MAXIMUM        12.83   1936
 MINIMUM         0.64   1981
TOTALS           7.49              4.05    3.44     5.34
DAILY AVG.       0.24              0.13    0.11     0.17
GREATEST
 24 HR. TOTAL    1.52   01/13 TO 01/13           01/04 TO 01/04
                                                          01/31 TO 01/31EATHER         OBSERVED          NORMAL  DEPART  LAST YEAR`S
                                                          01/31 TO 01/31EATHER         OBSERVED          NORMAL  DEPART  LAST YEAR`S

SNOWFALL (INCHES)
RECORDS
 TOTAL              T   2008
                        2005
                        2001
 24 HR TOTAL        T   MM
                        01/19/2008 TO 01/19/2008
TOTALS            0.0               1.4    -1.4      0.0
SINCE 7/1         0.0               1.5    -1.5      0.0
SNOWDEPTH AVG.      0                MM      MM        0
DAYS >= TRACE       0               0.8    -0.8        0
DAYS >= 1.0         0               0.4    -0.4        0
GREATEST
 24 HR TOTAL      0.0   01/30 TO 01/30           01/31 TO 01/31
                                                          01/31 TO 01/31EATHER         OBSERVED          NORMAL  DEPART  LAST YEAR`S
                                                          01/31 TO 01/31EATHER         OBSERVED          NORMAL  DEPART  LAST YEAR`S

DEGREE_DAYS
HEATING TOTAL     494               667    -173      611
 SINCE 7/1       1379              1757    -378     1729
.................................................................

WIND (MPH)
AVERAGE WIND SPEED              6.1
HIGHEST WIND SPEED/DIRECTION    24/190    DATE  01/11
HIGHEST GUST SPEED/DIRECTION    37/300    DATE  01/04

SKY COVER
POSSIBLE SUNSHINE (PERCENT)   MM
AVERAGE SKY COVER           0.40
NUMBER OF DAYS FAIR           16
NUMBER OF DAYS PC              6
NUMBER OF DAYS CLOUDY          9

AVERAGE RH (PERCENT)     65

WEATHER CONDITIONS. NUMBER OF DAYS WITH
  0
  9
  0
  0
  0
  0
  5
HAZE                      1

-  INDICATES NEGATIVE NUMBERS.
R  INDICATES RECORD WAS SET OR TIED.
MM INDICATES DATA IS MISSING.
T  INDICATES TRACE AMOUNT.

$$
