000
CXUS51 KALY 040059
CLMALB


CLIMATE REPORT
NATIONAL WEATHER SERVICE ALBANY NY
754 PM EST MON DEC 3 2018

...................................

...THE ALBANY NY CLIMATE SUMMARY FOR THE MONTH OF NOVEMBER 2018...

CLIMATE NORMAL PERIOD 1981 TO 2010
CLIMATE RECORD PERIOD 1874 TO 2018

WEATHER         OBSERVED          NORMAL  DEPART  LAST YEAR`S
                 VALUE   DATE(S)  VALUE   FROM    VALUE  DATE(S)
                                          NORMAL
................................................................
TEMPERATURE (F)
RECORD
 HIGH              82   11/02/1950
 LOW              -11   11/26/1938
HIGHEST            64   11/02        49      15       68  11/02
LOWEST              4   11/23        31     -27       18  11/30
                                                          11/28
                                                          11/11
AVG. MAXIMUM     43.2              47.9    -4.7     48.1
AVG. MINIMUM     30.8              31.5    -0.7     30.2
MEAN             37.0              39.7    -2.7     39.2
DAYS MAX >= 90      0               0.0     0.0        0
DAYS MAX <= 32      3               1.2     1.8        0
DAYS MIN <= 32     16              17.0    -1.0       16
DAYS MIN <= 0       0               0.0     0.0        0

PRECIPITATION (INCHES)
RECORD
 MAXIMUM         8.07   1972
 MINIMUM         0.40   1908
TOTALS           5.59              3.29    2.30     0.90
DAILY AVG.       0.19              0.11    0.08     0.03
DAYS >= .01        20              11.7     8.3       10
DAYS >= .10        15               6.8     8.2        4
DAYS >= .50         3               2.4     0.6        0
DAYS >= 1.00        0               0.7    -0.7        0
GREATEST
 24 HR. TOTAL    0.86   11/02 TO 11/02

SNOWFALL (INCHES)
RECORDS
 TOTAL           24.6   1972
 24 HR TOTAL     21.9   11/24/1971 TO 11/25/1971
 SNOW DEPTH        18   11/26/1971
TOTALS           10.4               2.8     7.6        T
SINCE 7/1        10.4               3.1     7.3        T
SNOWDEPTH AVG.      1
DAYS >= TRACE      13               2.5    10.5        5
DAYS >= 1.0         4               0.9     3.1        0
GREATEST
 SNOW DEPTH         4   11/16                          0  MM
 24 HR TOTAL      3.2   11/15 TO 11/15

DEGREE_DAYS
HEATING TOTAL     834               759      75      766
 SINCE 7/1       1376              1404     -28     1114
COOLING TOTAL       0                 0       0        0
 SINCE 1/1       1058               598     460      714

FREEZE DATES
RECORD
 EARLIEST     09/24/1963
 LATEST       05/27/1969
EARLIEST                        10/10
LATEST                          04/28
.................................................................

WIND (MPH)
AVERAGE WIND SPEED              7.0
HIGHEST WIND SPEED/DIRECTION    36/280    DATE  11/03
HIGHEST GUST SPEED/DIRECTION    51/260    DATE  11/21

SKY COVER
AVERAGE SKY COVER           0.80

AVERAGE RH (PERCENT)     70

WEATHER CONDITIONS. NUMBER OF DAYS WITH
  0
  6
  0
  2
  8
  2
  2
HAZE                      1

-  INDICATES NEGATIVE NUMBERS.
R  INDICATES RECORD WAS SET OR TIED.
MM INDICATES DATA IS MISSING.
T  INDICATES TRACE AMOUNT.

$$
