000
CXUS51 KALY 011711 CCA
CLSALB

CXUS51 KALY 011707 CLSALB

CLIMATE REPORT - CORRECTED
NATIONAL WEATHER SERVICE ALBANY NY
100 PM EDT SAT SEP 1 2018

...................................

...THE ALBANY NY CLIMATE SUMMARY FOR THE SEASON, FROM
6/1/2018 TO 8/31/2018...

CLIMATE NORMAL PERIOD 1981 TO 2010
CLIMATE RECORD PERIOD 1874 TO 2018

WEATHER         OBSERVED          NORMAL  DEPART  LAST YEAR`S
                 VALUE   DATE(S)  VALUE   FROM    VALUE  DATE(S)
                                          NORMAL
................................................................
TEMPERATURE (F)
RECORD
 HIGH             104   07/04/1911
 LOW               34   08/29/1982
HIGHEST            97   07/02                         95  06/12
                        07/01
                        06/18
LOWEST             48   06/26                         44  06/02
                        06/06
                        06/05
AVG. MAXIMUM     83.3              80.2     3.1     79.6
AVG. MINIMUM     63.0              59.3     3.7     59.7
MEAN             73.2              69.7     3.5     69.6
DAYS MAX >= 90     16               6.4     9.6        3
DAYS MAX <= 32      0               0.0     0.0        0
DAYS MIN <= 32      0               0.0     0.0        0
DAYS MIN <= 0       0               0.0     0.0        0

PRECIPITATION (INCHES)
RECORD
 MAXIMUM        27.21   1871
 MINIMUM         4.29   1929
TOTALS          11.92             11.37    0.55    12.89
DAILY AVG.       0.13              0.12    0.01     0.14
DAYS >= .01        37              33.7     3.3       35
DAYS >= .10        25              21.3     3.7       23
DAYS >= .50         9               7.6     1.4       11
DAYS >= 1.00        1               2.5    -1.5        4
GREATEST
 24 HR. TOTAL    1.13   MM

DEGREE_DAYS
HEATING TOTAL      27                75     -48
 SINCE 7/1          0                23     -23
COOLING TOTAL     807               512     295
 SINCE 1/1        877               543     334

FREEZE DATES
RECORD
 EARLIEST     09/24/1963
 LATEST       05/27/1969
EARLIEST                        10/10
LATEST                          04/28
.................................................................

WIND (MPH)
AVERAGE WIND SPEED              6.0
HIGHEST WIND SPEED/DIRECTION    39/310    DATE  07/27
HIGHEST GUST SPEED/DIRECTION    48/310    DATE  07/27


WEATHER CONDITIONS. NUMBER OF DAYS WITH
THUNDERSTORM             18     MIXED PRECIP               0
HEAVY RAIN               12     RAIN                      13
LIGHT RAIN               46     FREEZING RAIN              0
LT FREEZING RAIN          0     HAIL                       0
HEAVY SNOW                0     SNOW                       0
LIGHT SNOW                0     SLEET                      0
FOG                      45     FOG W/VIS <= 1/4 MILE      1
HAZE                      8

-  INDICATES NEGATIVE NUMBERS.
R  INDICATES RECORD WAS SET OR TIED.
MM INDICATES DATA IS MISSING.
T  INDICATES TRACE AMOUNT.

$$
