000
CXUS52 KJAX 032108
CLMAMG

CLIMATE REPORT
NATIONAL WEATHER SERVICE JACKSONVILLE FL
508 PM EDT MON AUG 03 2020

...................................

...THE ALMA CLIMATE SUMMARY FOR THE MONTH OF JULY 2020...

CLIMATE NORMAL PERIOD: 1981 TO 2010
CLIMATE RECORD PERIOD: 1938 TO 2020

WEATHER         OBSERVED          NORMAL  DEPART   LAST YEAR`S
                VALUE   DATE(S)   VALUE   FROM     VALUE DATE(S)
                                          NORMAL
................................................................
TEMPERATURE (F)
RECORD
 HIGH            104   07/20/2000
 LOW              56   07/16/1967
HIGHEST           97   07/11         98      -1      101  07/03
                       07/14
LOWEST            69   07/05         66       3       66  07/30
                       07/12
                                                          07/29
                                                          07/26
AVG. MAXIMUM    93.0               92.4     0.6     94.1
AVG. MINIMUM    72.6               71.7     0.9     72.0
MEAN            82.8               82.0     0.8     83.0
DAYS MAX >= 90    25               26.0    -1.0       26
DAYS MIN <= 32     0                0.0     0.0        0

PRECIPITATION (INCHES)
RECORD
 MAXIMUM       12.17   1971
 MINIMUM        0.41   2014
TOTALS          3.56               5.33   -1.77     7.55
DAILY AVG.      0.11               0.17   -0.06     0.24
DAYS >= .01       10               12.0    -2.0       15
DAYS >= .10        7                8.0    -1.0       11
DAYS >= .50        2                3.0    -1.0        4
DAYS >= 1.00       2                2.0     0.0        4
GREATEST
 24 HR. TOTAL   1.48   07/06 TO 07/07

SNOWFALL (INCHES)
RECORDS
 TOTAL            MM   MM
TOTALS           0.0                0.0     0.0      0.0

DEGREE DAYS
HEATING TOTAL      0                  0       0        0
 SINCE 7/1         0                  0       0        0
COOLING TOTAL    559                529      30      568
 SINCE 1/1      1492               1402      90     1724
................................................................

WIND (MPH)
AVERAGE WIND SPEED              4.2
HIGHEST WIND SPEED/DIRECTION    35/190    DATE  07/22
HIGHEST GUST SPEED/DIRECTION    45/200    DATE  07/22

SKY COVER
AVERAGE SKY COVER           0.21

AVERAGE RH (PERCENT)     71

WEATHER CONDITIONS. NUMBER OF DAYS WITH
THUNDERSTORM             16     MIXED PRECIP               0
HEAVY RAIN                8     RAIN                      11
LIGHT RAIN               12     FREEZING RAIN              0
LT FREEZING RAIN          0     HAIL                       0
HEAVY SNOW                0     SNOW                       0
LIGHT SNOW                0     SLEET                      0
FOG                      25     FOG W/VIS <= 1/4 MILE      0
HAZE                      0

-  INDICATES NEGATIVE NUMBERS.
R  INDICATES RECORD WAS SET OR TIED.
MM INDICATES DATA IS MISSING.
T  INDICATES TRACE AMOUNT.

$$
