000
CXUS52 KJAX 011834
CLMAMG

CLIMATE REPORT
NATIONAL WEATHER SERVICE JACKSONVILLE FL
234 PM EDT WED JUL 01 2020

...................................

...THE ALMA CLIMATE SUMMARY FOR THE MONTH OF JUNE 2020...

CLIMATE NORMAL PERIOD: 1981 TO 2010
CLIMATE RECORD PERIOD: 1938 TO 2020

WEATHER         OBSERVED          NORMAL  DEPART   LAST YEAR`S
                VALUE   DATE(S)   VALUE   FROM     VALUE DATE(S)
                                          NORMAL
................................................................
TEMPERATURE (F)
RECORD
 HIGH            104   06/05/1985
 LOW              47   06/02/1984
HIGHEST           96   06/29         97      -1      101  06/04
                       06/30
LOWEST            56   06/17         61      -5       61  06/15
                                                          06/14
AVG. MAXIMUM    88.9               90.3    -1.4     92.6
AVG. MINIMUM    68.7               69.2    -0.5     69.5
MEAN            78.8               79.7    -0.9     81.1
DAYS MAX >= 90    14               19.0    -5.0       25
DAYS MIN <= 32     0                0.0     0.0        0

PRECIPITATION (INCHES)
RECORD
 MAXIMUM       11.43   1973
 MINIMUM        1.27   1977
TOTALS          2.65               5.42   -2.77     3.87
DAILY AVG.      0.09               0.18   -0.09     0.13
DAYS >= .01        9               12.0    -3.0       11
DAYS >= .10        5                9.0    -4.0        7
DAYS >= .50        3                4.0    -1.0        3
DAYS >= 1.00       0                1.0    -1.0        1
GREATEST
 24 HR. TOTAL   0.85   06/11 TO 06/12

SNOWFALL (INCHES)
RECORDS
 TOTAL            MM   MM
TOTALS           0.0                0.0     0.0      0.0

DEGREE DAYS
HEATING TOTAL      0                  0       0        0
 SINCE 7/1      1383               1659    -276     1359
COOLING TOTAL    419                443     -24      490
 SINCE 1/1       933                873      60     1156
................................................................

WIND (MPH)
AVERAGE WIND SPEED              4.2
HIGHEST WIND SPEED/DIRECTION    26/230    DATE  06/08
HIGHEST GUST SPEED/DIRECTION    39/240    DATE  06/08

SKY COVER
AVERAGE SKY COVER           0.30

AVERAGE RH (PERCENT)     70

WEATHER CONDITIONS. NUMBER OF DAYS WITH
THUNDERSTORM              6     MIXED PRECIP               0
HEAVY RAIN                5     RAIN                       9
LIGHT RAIN               13     FREEZING RAIN              0
LT FREEZING RAIN          0     HAIL                       0
HEAVY SNOW                0     SNOW                       0
LIGHT SNOW                0     SLEET                      0
FOG                      22     FOG W/VIS <= 1/4 MILE      1
HAZE                      4

-  INDICATES NEGATIVE NUMBERS.
R  INDICATES RECORD WAS SET OR TIED.
MM INDICATES DATA IS MISSING.
T  INDICATES TRACE AMOUNT.

$$
