000
CDAK48 PAFC 110043
CLIANC

CLIMATE REPORT
NATIONAL WEATHER SERVICE ANCHORAGE, AK
441 PM AKDT MON MAY 10 2021

...................................

...THE ANCHORAGE AK CLIMATE SUMMARY FOR MAY 10 2021...
VALID TODAY AS OF 0400 PM LOCAL TIME.

CLIMATE NORMAL PERIOD: 1991 TO 2020
CLIMATE RECORD PERIOD: 1952 TO 2021


WEATHER ITEM   OBSERVED TIME   RECORD YEAR NORMAL DEPARTURE LAST
                VALUE   (LST)  VALUE       VALUE  FROM      YEAR
                                                  NORMAL
...................................................................
TEMPERATURE (F)
 TODAY
  MAXIMUM         53   1:02 PM  66    2014  55     -2       63
  MINIMUM         45   5:11 AM  17    1964  38      7       42
  AVERAGE         49                        47      2       53

PRECIPITATION (IN)
  TODAY            0.00          0.32 1986   0.02  -0.02     0.00
  MONTH TO DATE    0.06                      0.17  -0.11     0.01
  SINCE MAR 1      1.23                      1.29  -0.06     2.40
  SINCE JAN 1      2.80                      2.90  -0.10     4.71

SNOWFALL (IN)
  TODAY            0.0           0.1  1986   0.0    0.0      0.0
  MONTH TO DATE    0.0                       0.2   -0.2      0.0
  SINCE MAR 1     15.4                      15.2    0.2     22.0
  SINCE JUL 1     69.7                      77.8   -8.1     88.6
  SNOW DEPTH       0

DEGREE DAYS
 HEATING
  TODAY           16                        18     -2       12
  MONTH TO DATE  200                       197      3      161
  SINCE MAR 1   2509                      2237    272     2344
  SINCE JUL 1   9426                      9380     46     8823

 COOLING
  TODAY            0                         0      0        0
  MONTH TO DATE    0                         0      0        0
  SINCE MAR 1      0                         0      0        0
  SINCE JAN 1      0                         0      0        0
...................................................................


WIND (MPH)
  RESULTANT WIND SPEED  11   RESULTANT WIND DIRECTION   S (160)
  HIGHEST WIND SPEED    21   HIGHEST WIND DIRECTION    SE (150)
  HIGHEST GUST SPEED    35   HIGHEST GUST DIRECTION     S (160)
  AVERAGE WIND SPEED    13.0


SKY COVER
  AVERAGE SKY COVER 0.8


WEATHER CONDITIONS
THE FOLLOWING WEATHER WAS RECORDED TODAY.
  NO SIGNIFICANT WEATHER WAS OBSERVED.


RELATIVE HUMIDITY (PERCENT)
 HIGHEST    70           2:00 AM
 LOWEST     44          12:00 PM
 AVERAGE    57

..........................................................


THE ANCHORAGE AK CLIMATE NORMALS FOR TOMORROW
                         NORMAL    RECORD    YEAR
 MAXIMUM TEMPERATURE (F)   55        72      1996
 MINIMUM TEMPERATURE (F)   39        28      1964


SUNRISE AND SUNSET
MAY 10 2021...........SUNRISE   5:25 AM AKDT  SUNSET  10:30 PM AKDT
MAY 11 2021...........SUNRISE   5:22 AM AKDT  SUNSET  10:32 PM AKDT

CIVIL TWILIGHT
MAY 10 2021...........  START   4:21 AM AKDT     END  11:36 PM AKDT
MAY 11 2021...........  START   4:17 AM AKDT     END  11:40 PM AKDT


-  INDICATES NEGATIVE NUMBERS.
R  INDICATES RECORD WAS SET OR TIED.
MM INDICATES DATA IS MISSING.
T  INDICATES TRACE AMOUNT.

------------------------------------------------------
AMOUNT OF DAYLIGHT TODAY  (HOUR:MIN)........17:05
GAIN/LOSS SINCE YESTERDAY (HOUR:MIN:SEC)....+0:05:17

$$
