000
CXUS54 KLZK 011330
CF6ARG
PRELIMINARY LOCAL CLIMATOLOGICAL DATA (WS FORM: F-6)
STATION: WALNUT RIDGE AIRPORT
MONTH: JANUARY
YEAR: 2024
LATITUDE: 36 7 N
LONGITUDE: 90 55 W
TEMPERATURE IN F: :PCPN: SNOW: WIND :SUNSHINE: SKY :PK WND
================================================================================
1 2 3 4 5 6A 6B 7 8 9 10 11 12 13 14 15 16 17 18
12Z AVG MX 2MIN
DY MAX MIN AVG DEP HDD CDD WTR SNW DPTH SPD SPD DIR MIN PSBL S-S WX SPD DR
================================================================================
1 38 29 34 M 31 0 0.00 M M 6.6 10 350 M M 10 M M
2 40 24 32 M 33 0 0.00 M M 3.9 9 230 M M 2 M M
3 48 28 38 M 27 0 0.00 0.0 0 4.5 10 10 M M 0 18 M M
4 37 27 32 M 33 0 0.00 M M 7.6 14 40 M M 6 18 M M
5 36 27 32 M 33 0 0.21 M M 8.5 15 100 M M 6 18 M M
6 44 36 40 M 25 0 0.01 M M 7.2 10 250 M M 10 1 M M
7 51 32 42 M 23 0 0.00 M M 7.6 13 250 M M 3 M M
8 43 34 39 M 26 0 0.95 0.0 0 10.8 20 80 M M 6 13 21 90
9 44 35 40 M 25 0 0.08 0.0 0 16.6 28 260 M M 10 40 270
10 45 27 36 M 29 0 0.00 0.0 0 11.2 22 270 M M 2 27 270
11 57 28 43 M 22 0 0.79 M M 7.1 15 140 M M 4 13 41 200
12 58 26 42 M 23 0 1.69 0.0 0 17.0 30 160 M M 9 13 62 230
13 35 20 28 M 37 0 0.00 M M 11.2 22 320 M M 2 26 300
14 20 8 14 M 51 0 T M M 12.8 22 320 M M 5 1 27 320
15 13 4 9 M 56 0 0.02 M M 8.8 15 10 M M 8 1 M M
16 17 -2 8 M 57 0 0.00 M M 9.5 17 320 M M 0 M M
17 28 -2 13 M 52 0 T M M 10.6 17 200 M M 0 M M
18 37 16 27 M 38 0 0.00 M M 4.7 9 190 M M 6 12 M M
19 29 16 23 M 42 0 T M M 13.4 26 330 M M 1 12 36 330
20 20 7 14 M 51 0 0.00 M M 8.0 15 340 M M 0 M M
21 33 8 21 M 44 0 0.00 M M 4.8 8 150 M M 2 M M
22 39 30 35 M 30 0 0.62 M M 6.2 13 160 M M 10 1 M M
23 47 35 41 M 24 0 T M M 6.4 12 80 M M 10 12 M M
24 53 42 48 M 17 0 0.00 M M 2.9 17 220 M M 10 12 29 220
25 53 44 49 M 16 0 0.00 M M 4.6 12 250 M M 9 12 25 280
26 50 46 48 M 17 0 0.00 M M 6.0 10 90 M M 10 M M
27 46 41 44 M 21 0 0.00 M M 14.9 22 30 M M 10 1 24 20
28 49 35 42 M 23 0 0.00 0.0 0 10.3 22 320 M M 6 M M
29 46 28 37 M 28 0 0.00 0.0 0 4.1 7 190 M M 3 12 M M
30 64 35 50 M 15 0 0.00 0.0 0 9.3 18 320 M M 1 1 22 320
31 49 30 40 M 25 0 0.00 M M 5.1 8 10 M M 0 1 M M
================================================================================
SM 1269 794 974 0 4.37 0.0 262.1 M 161
================================================================================
AV 40.9 25.6 8.5 FASTST M M 5 MAX(MPH)
MISC ----> 30 160 62 230
================================================================================
NOTES:
# LAST OF SEVERAL OCCURRENCES
COLUMN 17 PEAK WIND IN M.P.H.
PRELIMINARY LOCAL CLIMATOLOGICAL DATA (WS FORM: F-6) , PAGE 2
STATION: WALNUT RIDGE AIRPORT
MONTH: JANUARY
YEAR: 2024
LATITUDE: 36 7 N
LONGITUDE: 90 55 W
[TEMPERATURE DATA] [PRECIPITATION DATA] SYMBOLS USED IN COLUMN 16
AVERAGE MONTHLY: 33.3 TOTAL FOR MONTH: 4.37 1 = FOG OR MIST
DPTR FM NORMAL: 0.0 DPTR FM NORMAL: M 2 = FOG REDUCING VISIBILITY
HIGHEST: 64 ON 30 GRTST 24HR 1.69 ON 12-12 TO 1/4 MILE OR LESS
LOWEST: -2 ON 17,16 3 = THUNDER
SNOW, ICE PELLETS, HAIL 4 = ICE PELLETS
TOTAL MONTH: 0.0 INCH 5 = HAIL
GRTST 24HR 0.0 6 = FREEZING RAIN OR DRIZZLE
GRTST DEPTH: 0 7 = DUSTSTORM OR SANDSTORM:
VSBY 1/2 MILE OR LESS
8 = SMOKE OR HAZE
[NO. OF DAYS WITH] [WEATHER - DAYS WITH] 9 = BLOWING SNOW
X = TORNADO
MAX 32 OR BELOW: 6 0.01 INCH OR MORE: 8
MAX 90 OR ABOVE: 0 0.10 INCH OR MORE: 5
MIN 32 OR BELOW: 21 0.50 INCH OR MORE: 4
MIN 0 OR BELOW: 2 1.00 INCH OR MORE: 1
[HDD (BASE 65) ]
TOTAL THIS MO. 974 CLEAR (SCALE 0-3) 12
DPTR FM NORMAL M PTCLDY (SCALE 4-7) 9
TOTAL FM JUL 1 2152 CLOUDY (SCALE 8-10) 10
DPTR FM NORMAL M
[CDD (BASE 65) ]
TOTAL THIS MO. 0
DPTR FM NORMAL M [PRESSURE DATA]
TOTAL FM JAN 1 0 HIGHEST SLP M ON M
DPTR FM NORMAL M LOWEST SLP M ON M
[REMARKS]
#FINAL-01-24#