000
CDUS42 KFFC 220917
CLIATL


CLIMATE REPORT
NATIONAL WEATHER SERVICE PEACHTREE CITY GA
417 AM EST SAT FEB 22 2020


...................................

...THE ATLANTA CLIMATE SUMMARY FOR FEBRUARY 21 2020...

CLIMATE NORMAL PERIOD 1981 TO 2010
CLIMATE RECORD PERIOD 1878 TO 2020


WEATHER ITEM   OBSERVED TIME   RECORD YEAR NORMAL DEPARTURE LAST
                VALUE   (LST)  VALUE       VALUE  FROM      YEAR
                                                  NORMAL
..................................................................
TEMPERATURE (F)
 YESTERDAY
  MAXIMUM         48    528 PM  77    2018  58    -10       65
  MINIMUM         34    852 AM  10    1896  39     -5       43
  AVERAGE         41                        48     -7       54

PRECIPITATION (IN)
  YESTERDAY        0.01          1.90 1932   0.17  -0.16     0.21
  MONTH TO DATE    9.45                      3.52   5.93     3.50
  SINCE DEC 1     22.60                     11.62  10.98    21.56
  SINCE JAN 1     17.46                      7.72   9.74     9.73

SNOWFALL (IN)
  YESTERDAY        0.0           T    2015   0.0    0.0      0.0
  MONTH TO DATE    T                         0.3   -0.3      0.0
  SINCE DEC 1      T                         2.0   -2.0      0.0
  SINCE JUL 1      T                         2.0   -2.0      0.0
  SNOW DEPTH       0

DEGREE DAYS
 HEATING
  YESTERDAY       24                        17      7       11
  MONTH TO DATE  289                       391   -102      257
  SINCE DEC 1   1194                      1677   -483     1343
  SINCE JUL 1   1614                      2145   -531     1866

 COOLING
  YESTERDAY        0                         0      0        0
  MONTH TO DATE    0                         0      0        6
  SINCE DEC 1      2                         1      1        6
  SINCE JAN 1      0                         0      0        6
..................................................................


WIND (MPH)
  RESULTANT WIND SPEED   8   RESULTANT WIND DIRECTION   N (340)
  HIGHEST WIND SPEED    15   HIGHEST WIND DIRECTION     N (340)
  HIGHEST GUST SPEED    18   HIGHEST GUST DIRECTION    NW (320)
  AVERAGE WIND SPEED     8.5


SKY COVER
  AVERAGE SKY COVER 0.5


WEATHER CONDITIONS
 THE FOLLOWING WEATHER WAS RECORDED YESTERDAY.
  LIGHT RAIN
  FOG


RELATIVE HUMIDITY (PERCENT)
 HIGHEST    85           100 AM
 LOWEST     42           500 PM
 AVERAGE    64

..........................................................


THE ATLANTA CLIMATE NORMALS FOR TODAY
                         NORMAL    RECORD    YEAR
 MAXIMUM TEMPERATURE (F)   58        79      2018
 MINIMUM TEMPERATURE (F)   39         8      1963


SUNRISE AND SUNSET
FEBRUARY 22 2020......SUNRISE   715 AM EST   SUNSET   628 PM EST
FEBRUARY 23 2020......SUNRISE   714 AM EST   SUNSET   629 PM EST


-  INDICATES NEGATIVE NUMBERS.
R  INDICATES RECORD WAS SET OR TIED.
MM INDICATES DATA IS MISSING.
T  INDICATES TRACE AMOUNT.




$$
