000
CDUS42 KFFC 180817
CLIATL


CLIMATE REPORT
NATIONAL WEATHER SERVICE PEACHTREE CITY GA
416 AM EDT WED SEP 18 2019


...................................

...THE ATLANTA CLIMATE SUMMARY FOR SEPTEMBER 17 2019...

CLIMATE NORMAL PERIOD 1981 TO 2010
CLIMATE RECORD PERIOD 1878 TO 2019


WEATHER ITEM   OBSERVED TIME   RECORD YEAR NORMAL DEPARTURE LAST
                VALUE   (LST)  VALUE       VALUE  FROM      YEAR
                                                  NORMAL
..................................................................
TEMPERATURE (F)
 YESTERDAY
  MAXIMUM         98R   201 PM  97    1927  82     16       92
  MINIMUM         74    636 AM  52    1961  65      9       69
  AVERAGE         86                        73     13       81

PRECIPITATION (IN)
  YESTERDAY        0.21          2.74 1971   0.15   0.06     0.00
  MONTH TO DATE    0.21                      2.51  -2.30     1.09
  SINCE SEP 1      0.21                      2.51  -2.30     1.09
  SINCE JAN 1     31.78                     36.34  -4.56    45.79

DEGREE DAYS
 HEATING
  YESTERDAY        0                         0      0        0
  MONTH TO DATE    0                         0      0        0
  SINCE SEP 1      0                         0      0        0
  SINCE JUL 1      0                         0      0        0

 COOLING
  YESTERDAY       21                         9     12       16
  MONTH TO DATE  333                       182    151      284
  SINCE SEP 1    333                       182    151      284
  SINCE JAN 1   2281                      1721    560     2058
..................................................................


WIND (MPH)
  RESULTANT WIND SPEED   5   RESULTANT WIND DIRECTION  NW (320)
  HIGHEST WIND SPEED    25   HIGHEST WIND DIRECTION    NE (60)
  HIGHEST GUST SPEED    30   HIGHEST GUST DIRECTION     N (20)
  AVERAGE WIND SPEED     6.4


SKY COVER
  AVERAGE SKY COVER 0.3


WEATHER CONDITIONS
 THE FOLLOWING WEATHER WAS RECORDED YESTERDAY.
  THUNDERSTORM
  HEAVY RAIN
  RAIN
  LIGHT RAIN


RELATIVE HUMIDITY (PERCENT)
 HIGHEST    68           600 AM
 LOWEST     30           400 PM
 AVERAGE    49

..........................................................


THE ATLANTA CLIMATE NORMALS FOR TODAY
                         NORMAL    RECORD    YEAR
 MAXIMUM TEMPERATURE (F)   82        97      1931
                                             1896
 MINIMUM TEMPERATURE (F)   64        45      1903


SUNRISE AND SUNSET
SEPTEMBER 18 2019.....SUNRISE   723 AM EDT   SUNSET   740 PM EDT
SEPTEMBER 19 2019.....SUNRISE   724 AM EDT   SUNSET   739 PM EDT


-  INDICATES NEGATIVE NUMBERS.
R  INDICATES RECORD WAS SET OR TIED.
MM INDICATES DATA IS MISSING.
T  INDICATES TRACE AMOUNT.




$$
